000
CXUS56 KPQR 021107
CF6HIO
PRELIMINARY LOCAL CLIMATOLOGICAL DATA (WS FORM: F-6)
STATION: HILLSBORO OR
MONTH: JUNE
YEAR: 2021
LATITUDE: 45 32 N
LONGITUDE: 122 57 W
TEMPERATURE IN F: :PCPN: SNOW: WIND :SUNSHINE: SKY :PK WND
================================================================================
1 2 3 4 5 6A 6B 7 8 9 10 11 12 13 14 15 16 17 18
12Z AVG MX 2MIN
DY MAX MIN AVG DEP HDD CDD WTR SNW DPTH SPD SPD DIR MIN PSBL S-S WX SPD DR
================================================================================
1 96 55 76 17 0 11 0.00 M M 2.7 9 40 M M 0 12 40
2 89 58 74 15 0 9 0.00 M M 4.5 17 330 M M 0 22 330
3 84 53 69 10 0 4 0.00 M M 5.9 18 340 M M 2 23 340
4 77 46 62 3 3 0 0.00 M M 5.4 16 330 M M 1 20 320
5 67 42 55 -4 10 0 T M M 7.8 22 310 M M 7 27 310
6 64 40 52 -8 13 0 0.04 M M 7.5 20 240 M M 7 1 28 230
7 65 44 55 -5 10 0 0.00 M M 5.0 15 260 M M 7 18 250
8 65 45 55 -5 10 0 0.06 M M 4.1 18 310 M M 8 23 310
9 67 41 54 -6 11 0 0.00 M M 4.8 16 310 M M 4 19 310
10 67 40 54 -6 11 0 T M M 4.1 15 260 M M 7 20 220
11 64 51 58 -2 7 0 0.20 M M 4.4 12 160 M M 9 1 14 160
12 76 50 63 3 2 0 0.29 M M 3.7 14 260 M M 8 12 20 260
13 67 60 64 4 1 0 0.78 M M 4.4 12 140 M M 10 1 15 150
14 72 52 62 2 3 0 0.05 M M 4.0 13 270 M M 8 1 17 280
15 70 48 59 -2 6 0 0.07 M M 5.8 20 260 M M 4 1 24 250
16 79 42 61 0 4 0 0.00 M M 4.4 12 310 M M 0 1 15 30
17 84 48 66 5 0 1 0.00 M M 5.7 16 310 M M 0 21 320
18 79 47 63 2 2 0 0.00 M M 9.0 20 330 M M 0 25 330
19 83 48 66 5 0 1 0.00 M M 5.1 15 320 M M 0 19 320
20 91 55 73 11 0 8 0.00 M M 5.1 13 20 M M 0 17 10
21 95 59 77 15 0 12 0.00 M M 4.6 15 330 M M 0 8 20 330
22 85 58 72 10 0 7 0.00 M M 4.6 12 340 M M 0 128 15 330
23 83 53 68 6 0 3 0.00 M M 5.1 13 310 M M 0 17 40
24 89 52 71 9 0 6 0.00 M M 4.6 15 330 M M 0 18 310
25 94 57 76 13 0 11 0.00 M M 3.4 12 70 M M 0 18 40
26 106 62 84 21 0 19 0.00 M M 4.5 13 290 M M 0 16 50
27 109 70 90 27 0 25 0.00 M M 5.5 15 70 M M 0 22 70
28 114 70 92 29 0 27 0.00 M M 7.6 20 310 M M 0 25 300
29 94 60 77 13 0 12 0.00 M M 4.5 15 300 M M 0 18 290
30 74 61 68 4 0 3 0.00 M M 4.4 13 300 M M 8 15 310
================================================================================
SM 2449 1567 93 159 1.49 M 152.2 M 90
================================================================================
AV 81.6 52.2 5.1 FASTST M M 3 MAX(MPH)
MISC ----> 22 310 28 230
================================================================================
NOTES:
# LAST OF SEVERAL OCCURRENCES
COLUMN 17 PEAK WIND IN M.P.H.
PRELIMINARY LOCAL CLIMATOLOGICAL DATA (WS FORM: F-6) , PAGE 2
STATION: HILLSBORO OR
MONTH: JUNE
YEAR: 2021
LATITUDE: 45 32 N
LONGITUDE: 122 57 W
[TEMPERATURE DATA] [PRECIPITATION DATA] SYMBOLS USED IN COLUMN 16
AVERAGE MONTHLY: 66.9 TOTAL FOR MONTH: 1.49 1 = FOG OR MIST
DPTR FM NORMAL: 5.9 DPTR FM NORMAL: 0.18 2 = FOG REDUCING VISIBILITY
HIGHEST: 114 ON 28 GRTST 24HR 1.07 ON 12-13 TO 1/4 MILE OR LESS
LOWEST: 40 ON 10, 6 3 = THUNDER
SNOW, ICE PELLETS, HAIL 4 = ICE PELLETS
TOTAL MONTH: M 5 = HAIL
GRTST 24HR M ON M 6 = FREEZING RAIN OR DRIZZLE
GRTST DEPTH: M ON M 7 = DUSTSTORM OR SANDSTORM:
VSBY 1/2 MILE OR LESS
8 = SMOKE OR HAZE
[NO. OF DAYS WITH] [WEATHER - DAYS WITH] 9 = BLOWING SNOW
X = TORNADO
MAX 32 OR BELOW: 0 0.01 INCH OR MORE: 7
MAX 90 OR ABOVE: 8 0.10 INCH OR MORE: 3
MIN 32 OR BELOW: 0 0.50 INCH OR MORE: 1
MIN 0 OR BELOW: 0 1.00 INCH OR MORE: 0
[HDD (BASE 65) ]
TOTAL THIS MO. 93 CLEAR (SCALE 0-3) 18
DPTR FM NORMAL -54 PTCLDY (SCALE 4-7) 9
TOTAL FM JUL 1 4536 CLOUDY (SCALE 8-10) 3
DPTR FM NORMAL -294
[CDD (BASE 65) ]
TOTAL THIS MO. 159
DPTR FM NORMAL 131 [PRESSURE DATA]
TOTAL FM JAN 1 166 HIGHEST SLP 30.36 ON 16
DPTR FM NORMAL 128 LOWEST SLP 29.52 ON 28
[REMARKS]
#FINAL-06-21#