000
CXUS56 KHNX 011201
CF6HJO
PRELIMINARY LOCAL CLIMATOLOGICAL DATA (WS FORM: F-6)
STATION: HANFORD CA AIRPORT
MONTH: MARCH
YEAR: 2021
LATITUDE: 36 19 N
LONGITUDE: 119 38 W
TEMPERATURE IN F: :PCPN: SNOW: WIND :SUNSHINE: SKY :PK WND
================================================================================
1 2 3 4 5 6A 6B 7 8 9 10 11 12 13 14 15 16 17 18
12Z AVG MX 2MIN
DY MAX MIN AVG DEP HDD CDD WTR SNW DPTH SPD SPD DIR MIN PSBL S-S WX SPD DR
================================================================================
1 75 35 55 2 10 0 0.00 0.0 0 3.8 10 170 M M 0 1 14 190
2 75 34 55 1 10 0 0.00 0.0 0 3.5 10 300 M M 0 1 13 310
3 63 38 51 -3 14 0 0.00 0.0 0 2.9 9 300 M M 0 18 12 300
4 71 36 54 0 11 0 0.00 0.0 0 2.6 7 150 M M 0 18 11 150
5 75 38 57 3 8 0 0.00 0.0 0 2.8 12 320 M M 0 18 16 230
6 67 42 55 1 10 0 0.00 0.0 0 8.2 20 330 M M 0 25 320
7 65 41 53 -1 12 0 0.00 0.0 0 5.7 13 330 M M 0 17 320
8 66 38 52 -2 13 0 0.00 0.0 0 6.0 14 320 M M 0 17 320
9 63 37 50 -5 15 0 0.00 0.0 0 4.7 12 220 M M 2 8 17 230
10 54 42 48 -7 17 0 0.37 0.0 0 6.5 16 180 M M 9 13 22 170
11 56 43 50 -5 15 0 0.01 0.0 0 4.0 13 310 M M 8 15 300
12 61 40 51 -4 14 0 0.00 0.0 0 2.4 9 160 M M 5 1 11 330
13 67 37 52 -3 13 0 0.00 0.0 0 5.6 13 320 M M 0 1 15 320
14 63 41 52 -3 13 0 T 0.0 0 5.2 15 320 M M 1 18 330
15 54 37 46 -9 19 0 0.43 0.0 0 6.6 26 330 M M 8 13 32 330
16 57 34 46 -10 19 0 0.00 0.0 0 3.3 9 290 M M 3 1 12 300
17 66 35 51 -5 14 0 0.00 0.0 0 2.3 7 40 M M 0 1 8 210
18 73 49 61 5 4 0 0.00 0.0 0 3.7 8 170 M M 6 18 12 140
19 70 52 61 5 4 0 0.24 0.0 0 4.7 23 320 M M 8 1 29 310
20 62 45 54 -2 11 0 0.03 0.0 0 10.3 17 320 M M 3 1 23 330
21 65 37 51 -5 14 0 0.00 0.0 0 5.0 16 320 M M 0 1 23 330
22 70 37 54 -2 11 0 0.00 0.0 0 5.1 16 310 M M 1 1 20 320
23 65 43 54 -2 11 0 0.00 0.0 0 7.9 20 320 M M 2 24 320
24 69 38 54 -2 11 0 0.00 0.0 0 3.8 9 290 M M 0 8 13 150
25 68 40 54 -2 11 0 0.00 0.0 0 6.0 15 300 M M 1 1 19 320
26 70 41 56 -1 9 0 0.00 0.0 0 3.6 10 280 M M 1 15 270
27 76 40 58 1 7 0 0.00 0.0 0 2.3 10 350 M M 0 18 16 330
28 83 42 63 6 2 0 0.00 0.0 0 2.6 8 320 M M 0 1 11 290
29 82 44 63 6 2 0 0.00 0.0 0 7.3 18 330 M M 0 1 25 320
30 77 42 60 3 5 0 0.00 0.0 0 5.8 16 310 M M 0 20 310
31 85 42 64 7 1 0 0.00 0.0 0 1.7 8 330 M M 0 18 12 220
================================================================================
SM 2113 1240 330 0 1.08 0.0 145.9 M 58
================================================================================
AV 68.2 40.0 4.7 FASTST M M 2 MAX(MPH)
MISC ----> 26 330 32 330
================================================================================
NOTES:
# LAST OF SEVERAL OCCURRENCES
COLUMN 17 PEAK WIND IN M.P.H.
PRELIMINARY LOCAL CLIMATOLOGICAL DATA (WS FORM: F-6) , PAGE 2
STATION: HANFORD CA AIRPORT
MONTH: MARCH
YEAR: 2021
LATITUDE: 36 19 N
LONGITUDE: 119 38 W
[TEMPERATURE DATA] [PRECIPITATION DATA] SYMBOLS USED IN COLUMN 16
AVERAGE MONTHLY: 54.1 TOTAL FOR MONTH: 1.08 1 = FOG OR MIST
DPTR FM NORMAL: -1.3 DPTR FM NORMAL: -0.55 2 = FOG REDUCING VISIBILITY
HIGHEST: 85 ON 31 GRTST 24HR 0.43 ON 15-15 TO 1/4 MILE OR LESS
LOWEST: 34 ON 16, 2 3 = THUNDER
SNOW, ICE PELLETS, HAIL 4 = ICE PELLETS
TOTAL MONTH: 0.0 INCH 5 = HAIL
GRTST 24HR 0.0 6 = FREEZING RAIN OR DRIZZLE
GRTST DEPTH: 0 7 = DUSTSTORM OR SANDSTORM:
VSBY 1/2 MILE OR LESS
8 = SMOKE OR HAZE
[NO. OF DAYS WITH] [WEATHER - DAYS WITH] 9 = BLOWING SNOW
X = TORNADO
MAX 32 OR BELOW: 0 0.01 INCH OR MORE: 5
MAX 90 OR ABOVE: 0 0.10 INCH OR MORE: 3
MIN 32 OR BELOW: 0 0.50 INCH OR MORE: 0
MIN 0 OR BELOW: 0 1.00 INCH OR MORE: 0
[HDD (BASE 65) ]
TOTAL THIS MO. 330 CLEAR (SCALE 0-3) 25
DPTR FM NORMAL 30 PTCLDY (SCALE 4-7) 3
TOTAL FM JUL 1 2133 CLOUDY (SCALE 8-10) 3
DPTR FM NORMAL -320
[CDD (BASE 65) ]
TOTAL THIS MO. 0
DPTR FM NORMAL -4 [PRESSURE DATA]
TOTAL FM JAN 1 0 HIGHEST SLP 30.33 ON 20
DPTR FM NORMAL -4 LOWEST SLP 29.73 ON 3
[REMARKS]
#FINAL-03-21#