000
CXUS54 KJAN 030408
CF6HKS
PRELIMINARY LOCAL CLIMATOLOGICAL DATA (WS FORM: F-6)
STATION: JACKSON HAWKINS
MONTH: JANUARY
YEAR: 2024
LATITUDE: 32 20 N
LONGITUDE: 90 14 W
TEMPERATURE IN F: :PCPN: SNOW: WIND :SUNSHINE: SKY :PK WND
================================================================================
1 2 3 4 5 6A 6B 7 8 9 10 11 12 13 14 15 16 17 18
12Z AVG MX 2MIN
DY MAX MIN AVG DEP HDD CDD WTR SNW DPTH SPD SPD DIR MIN PSBL S-S WX SPD DR
================================================================================
1 52 34 43 -5 22 0 0.00 0.0 0 5.5 14 10 M M 1 8 20 20
2 52 26 39 -9 26 0 0.00 0.0 0 2.4 10 110 M M 0 14 90
3 56 33 45 -3 20 0 0.00 0.0 0 2.7 13 20 M M 4 8 19 30
4 55 28 42 -5 23 0 0.00 0.0 0 3.7 14 70 M M 0 8 21 80
5 53 32 43 -4 22 0 0.79 0.0 0 7.0 15 120 M M 5 1 22 100
6 47 40 44 -3 21 0 T 0.0 0 7.9 17 280 M M 10 1 24 320
7 57 34 46 -1 19 0 0.00 0.0 0 3.5 10 250 M M 1 12 14 260
8 56 36 46 -1 19 0 1.91 0.0 0 15.3 29 130 M M 7 13 45 130
9 54 35 45 -2 20 0 0.14 0.0 0 13.5 31 270 M M 7 1 44 260
10 56 30 43 -4 22 0 0.00 0.0 0 6.7 15 170 M M 0 21 170
11 70 39 55 8 10 0 0.00 0.0 0 10.9 21 150 M M 4 29 150
12 68 33 51 4 14 0 0.18 0.0 0 16.9 33 270 M M 5 1 46 260
13 53 27 40 -7 25 0 0.00 0.0 0 3.3 9 210 M M 0 13 240
14 46 27 37 -10 28 0 0.00 0.0 0 5.4 10 340 M M 7 16 330
15 31 16 24 -23 41 0 0.02 M 0 8.1 14 340 M M 5 16 23 340
16 23 13 18 -29 47 0 T M M 10.0 16 320 M M 2 1 27 340
17 38 10 24 -23 41 0 0.00 0.0 M 4.1 9 160 M M 0 14 160
18 54 26 40 -7 25 0 0.01 0.0 0 8.8 21 170 M M 9 1 28 170
19 44 25 35 -12 30 0 0.00 0.0 0 9.0 17 360 M M 3 1 31 20
20 35 21 28 -19 37 0 0.00 0.0 0 7.5 14 20 M M 0 21 50
21 45 19 32 -15 33 0 0.00 0.0 0 5.5 12 100 M M 0 8 17 80
22 61 32 47 0 18 0 0.00 0.0 0 11.0 17 130 M M 7 26 110
23 64 51 58 10 7 0 0.22 0.0 0 12.0 18 130 M M 10 1 26 140
24 64 60 62 14 3 0 2.62 0.0 0 6.3 24 300 M M 10 13 32 290
25 64 55 60 12 5 0 0.62 0.0 0 4.0 26 290 M M 10 123 36 300
26 64 51 58 10 7 0 0.16 0.0 0 3.9 15 70 M M 10 12 21 60
27 65 47 56 8 9 0 1.05 0.0 0 10.8 24 280 M M 10 1 33 100
28 47 35 41 -7 24 0 T 0.0 0 7.0 16 310 M M 7 1 23 320
29 59 29 44 -4 21 0 0.00 0.0 0 2.3 12 320 M M 1 1 18 320
30 72 35 54 6 11 0 0.00 0.0 0 4.6 15 270 M M 0 1 20 250
31 62 39 51 3 14 0 0.00 0.0 0 M 12 290 M M 0 16 10
================================================================================
SM 1667 1018 664 0 7.72 0.0 219.6 M 135
================================================================================
AV 53.8 32.8 7.3 FASTST M M 4 MAX(MPH)
MISC ----> 33 270 46 260
================================================================================
NOTES:
# LAST OF SEVERAL OCCURRENCES
COLUMN 17 PEAK WIND IN M.P.H.
PRELIMINARY LOCAL CLIMATOLOGICAL DATA (WS FORM: F-6) , PAGE 2
STATION: JACKSON HAWKINS
MONTH: JANUARY
YEAR: 2024
LATITUDE: 32 20 N
LONGITUDE: 90 14 W
[TEMPERATURE DATA] [PRECIPITATION DATA] SYMBOLS USED IN COLUMN 16
AVERAGE MONTHLY: 43.3 TOTAL FOR MONTH: 7.72 1 = FOG OR MIST
DPTR FM NORMAL: -4.1 DPTR FM NORMAL: 2.63 2 = FOG REDUCING VISIBILITY
HIGHEST: 72 ON 30 GRTST 24HR 2.62 ON 24-24 TO 1/4 MILE OR LESS
LOWEST: 10 ON 17 3 = THUNDER
SNOW, ICE PELLETS, HAIL 4 = ICE PELLETS
TOTAL MONTH: 0.0 INCH 5 = HAIL
GRTST 24HR 0.0 6 = FREEZING RAIN OR DRIZZLE
GRTST DEPTH: 0 7 = DUSTSTORM OR SANDSTORM:
VSBY 1/2 MILE OR LESS
8 = SMOKE OR HAZE
[NO. OF DAYS WITH] [WEATHER - DAYS WITH] 9 = BLOWING SNOW
X = TORNADO
MAX 32 OR BELOW: 2 0.01 INCH OR MORE: 11
MAX 90 OR ABOVE: 0 0.10 INCH OR MORE: 9
MIN 32 OR BELOW: 15 0.50 INCH OR MORE: 5
MIN 0 OR BELOW: 0 1.00 INCH OR MORE: 3
[HDD (BASE 65) ]
TOTAL THIS MO. 664 CLEAR (SCALE 0-3) 13
DPTR FM NORMAL 114 PTCLDY (SCALE 4-7) 11
TOTAL FM JUL 1 1421 CLOUDY (SCALE 8-10) 7
DPTR FM NORMAL 9
[CDD (BASE 65) ]
TOTAL THIS MO. 0
DPTR FM NORMAL -6 [PRESSURE DATA]
TOTAL FM JAN 1 0 HIGHEST SLP 30.59 ON 21
DPTR FM NORMAL -6 LOWEST SLP 29.43 ON 12
[REMARKS]
#FINAL-01-24#