000
CXUS53 KGLD 030103
CLMHLC
CLIMATE REPORT
NATIONAL WEATHER SERVICE
703 PM MDT WED AUG 02 2023
...................................
...THE HILL CITY KS CLIMATE SUMMARY FOR THE MONTH OF JULY 2023...
CLIMATE NORMAL PERIOD: 1991 TO 2020
CLIMATE RECORD PERIOD: 1896 TO 2023
WEATHER OBSERVED NORMAL DEPART LAST YEAR`S
VALUE DATE(S) VALUE FROM VALUE DATE(S)
NORMAL
................................................................
TEMPERATURE (F)
RECORD
HIGH 117 07/24/1936
LOW 44 07/14/1990
07/08/1952
HIGHEST 107 07/30 105 2 111 07/10
LOWEST 55 07/09 54 1 56 07/30
AVG. MAXIMUM 91.7 93.3 -1.6 95.7
AVG. MINIMUM 65.7 66.1 -0.4 68.0
MEAN 78.7 79.7 -1.0 81.8
DAYS MAX >= 90 20 22.1 -2.1 22
DAYS MAX <= 32 0 0.0 0.0 0
DAYS MIN <= 32 0 0.0 0.0 0
DAYS MIN <= 0 0 0.0 0.0 0
PRECIPITATION (INCHES)
RECORD
MAXIMUM 12.17 1993
MINIMUM 0.02 2003
TOTALS 1.42 3.61 -2.19 2.01
DAILY AVG. 0.05 0.12 -0.07 0.06
DAYS >= .01 11 9.1 1.9 13
DAYS >= .10 6 5.4 0.6 3
DAYS >= .50 0 2.1 -2.1 1
DAYS >= 1.00 0 0.9 -0.9 1
GREATEST
24 HR. TOTAL 2.08 06/30 TO 06/30 1.01
STORM TOTAL 0.41
(MM/DD(HH))
................................................................
- INDICATES NEGATIVE NUMBERS.
R INDICATES RECORD WAS SET OR TIED.
MM INDICATES DATA IS MISSING.
T INDICATES TRACE AMOUNT.
$$