000
CXUS54 KLZK 011330
CF6HOT
PRELIMINARY LOCAL CLIMATOLOGICAL DATA (WS FORM: F-6)
STATION: HOT SPRINGS MEMORIAL FIELD
MONTH: NOVEMBER
YEAR: 2022
LATITUDE: 34 28 N
LONGITUDE: 93 6 W
TEMPERATURE IN F: :PCPN: SNOW: WIND :SUNSHINE: SKY :PK WND
================================================================================
1 2 3 4 5 6A 6B 7 8 9 10 11 12 13 14 15 16 17 18
12Z AVG MX 2MIN
DY MAX MIN AVG DEP HDD CDD WTR SNW DPTH SPD SPD DIR MIN PSBL S-S WX SPD DR
================================================================================
1 75 47 61 3 4 0 0.00 M M 2.3 10 180 M M 0 1 14 180
2 76 47 62 5 3 0 0.00 M M 2.8 9 120 M M 0 128 12 120
3 77 53 65 8 0 0 0.00 M M 6.4 14 170 M M 6 19 160
4 76 63 70 14 0 5 1.04 M M 9.2 33 220 M M 7 13 47 230
5 63 45 54 -2 11 0 0.00 M M 4.8 13 260 M M 2 19 240
6 76 44 60 4 5 0 0.00 M M 3.6 12 140 M M 2 1 15 150
7 69 60 65 10 0 0 0.03 M M 7.8 17 70 M M 10 1 24 60
8 80 59 70 15 0 5 0.00 M M 4.6 9 70 M M 5 11 80
9 82 58 70 15 0 5 0.00 M M 3.3 10 190 M M 1 1 13 190
10 77 51 64 10 1 0 0.00 M M 4.4 13 140 M M 0 17 140
11 59 40 50 -4 15 0 0.15 M M 5.6 13 330 M M 8 18 20 320
12 49 34 42 -12 23 0 0.01 M M 5.4 13 320 M M 3 1 19 300
13 48 27 38 -15 27 0 0.00 M M 3.2 12 70 M M 0 15 50
14 47 30 39 -14 26 0 0.35 M M 5.2 16 90 M M 6 14 22 80
15 48 37 43 -10 22 0 0.00 M M 4.0 13 330 M M 9 19 320
16 54 30 42 -10 23 0 0.00 M M 4.4 14 310 M M 0 1 23 300
17 52 25 39 -13 26 0 0.00 M M 1.8 10 270 M M 0 16 270
18 47 30 39 -13 26 0 0.00 M M 3.1 9 310 M M 5 17 300
19 47 29 38 -13 27 0 0.00 M M 2.8 10 270 M M 5 15 250
20 46 27 37 -14 28 0 0.00 M M 2.4 8 230 M M 0 8 11 90
21 55 25 40 -11 25 0 0.00 M M 1.6 7 200 M M 5 10 190
22 63 32 48 -2 17 0 0.00 M M 1.7 8 190 M M 0 11 200
23 63 32 48 -2 17 0 0.05 M M 2.4 10 190 M M 5 18 15 180
24 55 49 52 2 13 0 0.82 M M 4.9 12 100 M M 10 1 16 90
25 58 50 54 5 11 0 T M M 5.0 15 60 M M 10 1 19 70
26 55 50 53 4 12 0 0.54 M M 9.8 22 230 M M 10 1 31 230
27 60 42 51 2 14 0 0.00 M M 7.4 21 240 M M 6 1 29 240
28 62 37 50 1 15 0 0.00 M M 3.3 9 140 M M 2 12 13 170
29 66 46 56 8 9 0 0.01 M M 4.3 17 320 M M 7 123 30 330
30 53 30 42 -6 23 0 0.00 M M 4.9 17 320 M M 0 29 320
================================================================================
SM 1838 1229 423 15 3.00 M 132.4 M 124
================================================================================
AV 61.3 41.0 4.4 FASTST M M 4 MAX(MPH)
MISC ----> 33 220 47 230
================================================================================
NOTES:
# LAST OF SEVERAL OCCURRENCES
COLUMN 17 PEAK WIND IN M.P.H.
PRELIMINARY LOCAL CLIMATOLOGICAL DATA (WS FORM: F-6) , PAGE 2
STATION: HOT SPRINGS MEMORIAL FIELD
MONTH: NOVEMBER
YEAR: 2022
LATITUDE: 34 28 N
LONGITUDE: 93 6 W
[TEMPERATURE DATA] [PRECIPITATION DATA] SYMBOLS USED IN COLUMN 16
AVERAGE MONTHLY: 51.1 TOTAL FOR MONTH: 3.00 1 = FOG OR MIST
DPTR FM NORMAL: -1.4 DPTR FM NORMAL: -1.49 2 = FOG REDUCING VISIBILITY
HIGHEST: 82 ON 9 GRTST 24HR 1.04 ON 4- 4 TO 1/4 MILE OR LESS
LOWEST: 25 ON 17,21 3 = THUNDER
SNOW, ICE PELLETS, HAIL 4 = ICE PELLETS
TOTAL MONTH: M 5 = HAIL
GRTST 24HR M ON M 6 = FREEZING RAIN OR DRIZZLE
GRTST DEPTH: M ON M 7 = DUSTSTORM OR SANDSTORM:
VSBY 1/2 MILE OR LESS
8 = SMOKE OR HAZE
[NO. OF DAYS WITH] [WEATHER - DAYS WITH] 9 = BLOWING SNOW
X = TORNADO
MAX 32 OR BELOW: 0 0.01 INCH OR MORE: 9
MAX 90 OR ABOVE: 0 0.10 INCH OR MORE: 5
MIN 32 OR BELOW: 11 0.50 INCH OR MORE: 3
MIN 0 OR BELOW: 0 1.00 INCH OR MORE: 1
[HDD (BASE 65) ]
TOTAL THIS MO. 423 CLEAR (SCALE 0-3) 14
DPTR FM NORMAL 39 PTCLDY (SCALE 4-7) 11
TOTAL FM JUL 1 526 CLOUDY (SCALE 8-10) 5
DPTR FM NORMAL 13
[CDD (BASE 65) ]
TOTAL THIS MO. 15
DPTR FM NORMAL 5 [PRESSURE DATA]
TOTAL FM JAN 1 2477 HIGHEST SLP 30.54 ON 20
DPTR FM NORMAL 271 LOWEST SLP 29.58 ON 26
[REMARKS]
#FINAL-11-22#