000
CXUS54 KLZK 011130
CF6HOT
PRELIMINARY LOCAL CLIMATOLOGICAL DATA (WS FORM: F-6)
STATION: HOT SPRINGS MEMORIAL FIELD
MONTH: MARCH
YEAR: 2021
LATITUDE: 34 28 N
LONGITUDE: 93 6 W
TEMPERATURE IN F: :PCPN: SNOW: WIND :SUNSHINE: SKY :PK WND
================================================================================
1 2 3 4 5 6A 6B 7 8 9 10 11 12 13 14 15 16 17 18
12Z AVG MX 2MIN
DY MAX MIN AVG DEP HDD CDD WTR SNW DPTH SPD SPD DIR MIN PSBL S-S WX SPD DR
================================================================================
1 53 36 45 -5 20 0 0.00 M M 5.2 16 350 M M 4 24 340
2 56 32 44 -6 21 0 0.00 M M 2.9 10 70 M M 3 14 90
3 68 32 50 0 15 0 0.00 M M 2.8 8 160 M M 0 13 190
4 72 34 53 2 12 0 0.00 M M 3.5 12 170 M M 0 16 180
5 55 43 49 -2 16 0 T M M 10.2 23 70 M M 7 29 70
6 62 37 50 -1 15 0 0.00 M M 5.1 14 70 M M 1 18 90
7 66 31 49 -3 16 0 0.00 M M 3.0 12 160 M M 0 21 180
8 70 34 52 0 13 0 0.00 M M 4.0 13 230 M M 0 18 190
9 74 49 62 10 3 0 0.00 M M 7.3 17 210 M M 4 24 200
10 71 61 66 14 0 1 0.00 M M 8.4 20 190 M M 7 18 28 180
11 74 67 71 18 0 6 0.00 0.0 M 7.7 18 190 M M 9 27 190
12 78 66 72 19 0 7 0.00 M M 5.2 10 210 M M 9 17 210
13 73 56 65 12 0 0 T 0.0 0 8.9 14 100 M M 9 18 19 90
14 71 52 62 8 3 0 0.23 0.0 M 8.3 22 240 M M 10 18 30 230
15 77 44 61 7 4 0 0.00 0.0 M 5.4 25 230 M M 3 12 33 230
16 77 43 60 6 5 0 0.00 0.0 M 4.5 12 90 M M 1 17 120
17 71 54 63 9 2 0 0.59 0.0 0 8.5 26 260 M M 6 13 38 250
18 54 43 49 -6 16 0 0.00 0.0 0 11.5 18 310 M M 10 34 300
19 64 45 55 0 10 0 T 0.0 0 7.1 18 50 M M 5 27 60
20 63 37 50 -5 15 0 0.00 0.0 0 4.7 12 120 M M 1 18 60
21 70 39 55 -1 10 0 0.00 0.0 0 4.0 13 140 M M 0 20 160
22 69 45 57 1 8 0 0.11 M M 8.3 16 140 M M 3 25 120
23 71 50 61 5 4 0 0.87 M M 7.2 20 250 M M 5 13 27 240
24 79 41 60 3 5 0 0.15 M M 4.3 16 100 M M 1 13 21 100
25 68 49 59 2 6 0 0.54 0.0 0 6.1 23 260 M M 7 138 33 260
26 76 41 59 2 6 0 0.00 0.0 0 4.6 13 150 M M 2 12 19 140
27 83 57 70 12 0 5 0.01 0.0 0 5.4 16 330 M M 7 138 26 340
28 69 44 57 -1 8 0 0.00 0.0 0 6.7 18 340 M M 1 26 350
29 71 35 53 -5 12 0 0.00 M M 5.7 13 170 M M 0 21 190
30 62 46 54 -4 11 0 0.10 M M 3.2 12 180 M M 8 138 18 180
31 63 40 52 -7 13 0 T M M 7.5 18 50 M M 5 1 30 80
================================================================================
SM 2130 1383 269 19 2.60 0.0 187.2 M 128
================================================================================
AV 68.7 44.6 6.0 FASTST M M 4 MAX(MPH)
MISC ----> 26 260 38 250
================================================================================
NOTES:
# LAST OF SEVERAL OCCURRENCES
COLUMN 17 PEAK WIND IN M.P.H.
PRELIMINARY LOCAL CLIMATOLOGICAL DATA (WS FORM: F-6) , PAGE 2
STATION: HOT SPRINGS MEMORIAL FIELD
MONTH: MARCH
YEAR: 2021
LATITUDE: 34 28 N
LONGITUDE: 93 6 W
[TEMPERATURE DATA] [PRECIPITATION DATA] SYMBOLS USED IN COLUMN 16
AVERAGE MONTHLY: 56.7 TOTAL FOR MONTH: 2.60 1 = FOG OR MIST
DPTR FM NORMAL: 2.5 DPTR FM NORMAL: -2.46 2 = FOG REDUCING VISIBILITY
HIGHEST: 83 ON 27 GRTST 24HR 0.98 ON 22-23 TO 1/4 MILE OR LESS
LOWEST: 31 ON 7 3 = THUNDER
SNOW, ICE PELLETS, HAIL 4 = ICE PELLETS
TOTAL MONTH: 0.0 INCH 5 = HAIL
GRTST 24HR 0.0 6 = FREEZING RAIN OR DRIZZLE
GRTST DEPTH: 0 7 = DUSTSTORM OR SANDSTORM:
VSBY 1/2 MILE OR LESS
8 = SMOKE OR HAZE
[NO. OF DAYS WITH] [WEATHER - DAYS WITH] 9 = BLOWING SNOW
X = TORNADO
MAX 32 OR BELOW: 0 0.01 INCH OR MORE: 8
MAX 90 OR ABOVE: 0 0.10 INCH OR MORE: 7
MIN 32 OR BELOW: 3 0.50 INCH OR MORE: 3
MIN 0 OR BELOW: 0 1.00 INCH OR MORE: 0
[HDD (BASE 65) ]
TOTAL THIS MO. 269 CLEAR (SCALE 0-3) 14
DPTR FM NORMAL -82 PTCLDY (SCALE 4-7) 12
TOTAL FM JUL 1 2769 CLOUDY (SCALE 8-10) 5
DPTR FM NORMAL -11
[CDD (BASE 65) ]
TOTAL THIS MO. 19
DPTR FM NORMAL 3 [PRESSURE DATA]
TOTAL FM JAN 1 19 HIGHEST SLP 30.50 ON 8
DPTR FM NORMAL 1 LOWEST SLP 29.52 ON 17
[REMARKS]
#FINAL-03-21#