000
CXUS55 KSEW 011030
CF6HQM
PRELIMINARY LOCAL CLIMATOLOGICAL DATA (WS FORM: F-6)
STATION: HOQUIAM WA AIRPORT
MONTH: DECEMBER
YEAR: 2020
LATITUDE: 46 58 N
LONGITUDE: 123 56 W
TEMPERATURE IN F: :PCPN: SNOW: WIND :SUNSHINE: SKY :PK WND
================================================================================
1 2 3 4 5 6A 6B 7 8 9 10 11 12 13 14 15 16 17 18
12Z AVG MX 2MIN
DY MAX MIN AVG DEP HDD CDD WTR SNW DPTH SPD SPD DIR MIN PSBL S-S WX SPD DR
================================================================================
1 48 31 40 -3 25 0 0.00 M M 8.9 20 70 M M 2 12 24 70
2 55 40 48 5 17 0 0.00 M M 12.7 21 100 M M 0 27 100
3 47 36 42 0 23 0 0.00 M M 6.3 14 110 M M 5 14 110
4 55 40 48 6 17 0 0.00 M M 10.8 18 70 M M 3 1 23 80
5 59 39 49 7 16 0 0.03 M M 9.8 17 100 M M 3 22 150
6 53 44 49 7 16 0 0.09 M M 6.5 17 210 M M 6 1 20 210
7 55 44 50 8 15 0 0.11 M M 9.6 24 200 M M 9 1 29 190
8 52 48 50 8 15 0 0.65 M M 7.5 21 190 M M 10 1 28 190
9 51 34 43 1 22 0 0.03 M M 5.5 15 290 M M 5 12 19 280
10 45 37 41 -1 24 0 0.57 M M 7.8 15 240 M M 7 1 19 290
11 43 34 39 -3 26 0 1.14 M M 6.2 13 70 M M 8 1 17 70
12 45 33 39 -2 26 0 0.09 M M 12.8 22 80 M M 2 12 31 80
13 50 39 45 4 20 0 0.42 M M 11.7 21 80 M M 10 1 26 60
14 49 39 44 3 21 0 0.04 M M 6.0 14 100 M M 8 1 19 290
15 51 43 47 6 18 0 0.17 M M 13.4 24 190 M M 10 18 31 200
16 51 44 48 7 17 0 0.65 M M 14.5 33 250 M M 10 18 39 250
17 49 44 47 6 18 0 0.32 M M 14.0 38 230 M M 8 18 43 240
18 51 45 48 7 17 0 0.54 M M 17.8 35 180 M M 10 18 43 190
19 53 44 49 8 16 0 1.20 M M 13.2 36 200 M M 9 18 48 200
20 52 46 49 8 16 0 0.19 M M 5.5 20 230 M M 9 1 22 230
21 54 42 48 7 17 0 1.32 M M 22.9 44 200 M M 10 1 56 200
22 48 34 41 0 24 0 0.00 M M 7.7 22 290 M M 6 18 30 320
23 44 32 38 -3 27 0 0.00 M M 11.7 21 90 M M 4 1 27 90
24 47 31 39 -2 26 0 0.00 M M 12.6 17 100 M M 0 20 100
25 49 38 44 3 21 0 0.47 M M 14.9 29 190 M M 9 18 38 190
26 50 44 47 6 18 0 0.28 M M 13.5 31 210 M M 9 18 41 220
27 47 37 42 1 23 0 0.30 M M 10.3 16 70 M M 7 1 22 80
28 44 35 40 -1 25 0 0.00 M M 8.6 16 100 M M 3 12 18 100
29 41 36 39 -2 26 0 0.49 M M 9.6 16 100 M M 6 1 21 110
30 50 41 46 4 19 0 0.91 M M 15.4 31 230 M M 10 1 38 230
31 50 46 48 6 17 0 0.41 M M 11.8 31 240 M M 10 18 39 240
================================================================================
SM 1538 1220 628 0 10.42 M 339.5 M 208
================================================================================
AV 49.6 39.4 11.0 FASTST M M 7 MAX(MPH)
MISC ----> 44 200 56 200
================================================================================
NOTES:
# LAST OF SEVERAL OCCURRENCES
COLUMN 17 PEAK WIND IN M.P.H.
PRELIMINARY LOCAL CLIMATOLOGICAL DATA (WS FORM: F-6) , PAGE 2
STATION: HOQUIAM WA AIRPORT
MONTH: DECEMBER
YEAR: 2020
LATITUDE: 46 58 N
LONGITUDE: 123 56 W
[TEMPERATURE DATA] [PRECIPITATION DATA] SYMBOLS USED IN COLUMN 16
AVERAGE MONTHLY: 44.5 TOTAL FOR MONTH: 10.42 1 = FOG OR MIST
DPTR FM NORMAL: 2.9 DPTR FM NORMAL: 0.46 2 = FOG REDUCING VISIBILITY
HIGHEST: 59 ON 5 GRTST 24HR 1.70 ON 10-11 TO 1/4 MILE OR LESS
LOWEST: 31 ON 24, 1 3 = THUNDER
SNOW, ICE PELLETS, HAIL 4 = ICE PELLETS
TOTAL MONTH: M 5 = HAIL
GRTST 24HR M ON M 6 = FREEZING RAIN OR DRIZZLE
GRTST DEPTH: M ON M 7 = DUSTSTORM OR SANDSTORM:
VSBY 1/2 MILE OR LESS
8 = SMOKE OR HAZE
[NO. OF DAYS WITH] [WEATHER - DAYS WITH] 9 = BLOWING SNOW
X = TORNADO
MAX 32 OR BELOW: 0 0.01 INCH OR MORE: 23
MAX 90 OR ABOVE: 0 0.10 INCH OR MORE: 18
MIN 32 OR BELOW: 3 0.50 INCH OR MORE: 8
MIN 0 OR BELOW: 0 1.00 INCH OR MORE: 3
[HDD (BASE 65) ]
TOTAL THIS MO. 628 CLEAR (SCALE 0-3) 7
DPTR FM NORMAL -99 PTCLDY (SCALE 4-7) 10
TOTAL FM JUL 1 1933 CLOUDY (SCALE 8-10) 14
DPTR FM NORMAL -272
[CDD (BASE 65) ]
TOTAL THIS MO. 0
DPTR FM NORMAL 0 [PRESSURE DATA]
TOTAL FM JAN 1 56 HIGHEST SLP 30.61 ON 1
DPTR FM NORMAL 33 LOWEST SLP 29.48 ON 16
[REMARKS]
#FINAL-12-20#