000
CXUS55 KSEW 010930
CF6HQM
PRELIMINARY LOCAL CLIMATOLOGICAL DATA (WS FORM: F-6)
STATION: HOQUIAM WA AIRPORT
MONTH: SEPTEMBER
YEAR: 2020
LATITUDE: 46 58 N
LONGITUDE: 123 56 W
TEMPERATURE IN F: :PCPN: SNOW: WIND :SUNSHINE: SKY :PK WND
================================================================================
1 2 3 4 5 6A 6B 7 8 9 10 11 12 13 14 15 16 17 18
12Z AVG MX 2MIN
DY MAX MIN AVG DEP HDD CDD WTR SNW DPTH SPD SPD DIR MIN PSBL S-S WX SPD DR
================================================================================
1 71 51 61 1 4 0 0.00 0.0 0 5.3 14 260 M M 1 1 16 260
2 72 55 64 4 1 0 0.00 0.0 0 6.7 18 280 M M 4 12 23 280
3 85 53 69 9 0 4 0.00 0.0 0 4.0 14 60 M M 0 20 80
4 65 51 58 -2 7 0 0.00 0.0 0 6.8 16 290 M M 9 1 19 290
5 69 54 62 2 3 0 0.00 0.0 0 4.7 14 270 M M 4 16 270
6 71 51 61 1 4 0 0.00 0.0 0 5.3 16 260 M M 0 17 260
7 85 54 70 10 0 5 0.00 0.0 0 9.2 24 70 M M 5 12 34 60
8 83 63 73 13 0 8 0.00 0.0 0 15.2 30 70 M M 2 8 39 60
9 93 57 75 15 0 10 0.00 0.0 0 10.5 21 70 M M 0 26 80
10 78 55 67 7 0 2 0.00 0.0 0 9.0 14 280 M M 4 18 16 280
11 60 55 58 -2 7 0 0.00 0.0 0 4.6 9 260 M M 10 18 14 220
12 63 53 58 -2 7 0 0.00 0.0 0 4.1 9 100 M M 10 18 11 110
13 63 53 58 -1 7 0 0.00 0.0 0 5.7 13 250 M M 10 128 14 250
14 68 56 62 3 3 0 0.18 0.0 0 5.3 15 110 M M 10 18 17 110
15 71 60 66 7 0 1 0.31 0.0 0 5.8 12 220 M M 9 128 14 100
16 70 61 66 7 0 1 0.04 0.0 0 4.0 12 210 M M 5 18 15 270
17 66 59 63 4 2 0 0.00 0.0 0 3.9 12 320 M M 7 18 14 260
18 60 58 59 0 6 0 0.07 0.0 0 6.0 10 210 M M 10 123 13 260
19 64 58 61 3 4 0 0.54 0.0 0 5.7 17 240 M M 10 18 20 240
20 68 54 61 3 4 0 0.00 0.0 0 2.5 12 260 M M 6 1 13 270
21 65 54 60 2 5 0 0.02 0.0 0 6.0 14 230 M M 8 1 15 230
22 66 54 60 2 5 0 0.00 0.0 0 5.1 16 250 M M 5 1 20 240
23 63 57 60 2 5 0 1.32 0.0 0 21.1 33 190 M M 9 18 44 190
24 65 59 62 5 3 0 0.02 0.0 0 15.8 23 210 M M 10 18 28 210
25 62 52 57 0 8 0 0.85 0.0 0 13.7 40 190 M M 9 18 48 190
26 63 50 57 0 8 0 0.43 0.0 0 5.7 23 290 M M 7 1 29 280
27 70 50 60 3 5 0 0.00 0.0 0 6.0 14 110 M M 4 12 16 100
28 79 50 65 8 0 0 0.00 0.0 0 9.4 18 70 M M 0 26 70
29 78 56 67 11 0 2 0.00 0.0 0 11.8 23 100 M M 0 26 100
30 62 53 58 2 7 0 0.00 0.0 0 5.9 14 240 M M 6 18 18 250
================================================================================
SM 2098 1646 105 33 3.78 0.0 224.8 M 174
================================================================================
AV 69.9 54.9 7.5 FASTST M M 6 MAX(MPH)
MISC ----> # 40 190 # 48 190
================================================================================
NOTES:
# LAST OF SEVERAL OCCURRENCES
COLUMN 17 PEAK WIND IN M.P.H.
PRELIMINARY LOCAL CLIMATOLOGICAL DATA (WS FORM: F-6) , PAGE 2
STATION: HOQUIAM WA AIRPORT
MONTH: SEPTEMBER
YEAR: 2020
LATITUDE: 46 58 N
LONGITUDE: 123 56 W
[TEMPERATURE DATA] [PRECIPITATION DATA] SYMBOLS USED IN COLUMN 16
AVERAGE MONTHLY: 62.4 TOTAL FOR MONTH: 3.78 1 = FOG OR MIST
DPTR FM NORMAL: 3.7 DPTR FM NORMAL: 1.50 2 = FOG REDUCING VISIBILITY
HIGHEST: 93 ON 9 GRTST 24HR 1.32 ON 23-23 TO 1/4 MILE OR LESS
LOWEST: 50 ON 28,27 3 = THUNDER
SNOW, ICE PELLETS, HAIL 4 = ICE PELLETS
TOTAL MONTH: 0.0 INCH 5 = HAIL
GRTST 24HR 0.0 6 = FREEZING RAIN OR DRIZZLE
GRTST DEPTH: 0 7 = DUSTSTORM OR SANDSTORM:
VSBY 1/2 MILE OR LESS
8 = SMOKE OR HAZE
[NO. OF DAYS WITH] [WEATHER - DAYS WITH] 9 = BLOWING SNOW
X = TORNADO
MAX 32 OR BELOW: 0 0.01 INCH OR MORE: 10
MAX 90 OR ABOVE: 1 0.10 INCH OR MORE: 6
MIN 32 OR BELOW: 0 0.50 INCH OR MORE: 3
MIN 0 OR BELOW: 0 1.00 INCH OR MORE: 1
[HDD (BASE 65) ]
TOTAL THIS MO. 105 CLEAR (SCALE 0-3) 7
DPTR FM NORMAL -91 PTCLDY (SCALE 4-7) 11
TOTAL FM JUL 1 368 CLOUDY (SCALE 8-10) 12
DPTR FM NORMAL -135
[CDD (BASE 65) ]
TOTAL THIS MO. 33
DPTR FM NORMAL 26 [PRESSURE DATA]
TOTAL FM JAN 1 56 HIGHEST SLP M ON M
DPTR FM NORMAL 33 LOWEST SLP 29.56 ON 25
[REMARKS]
#FINAL-09-20#