000
CXUS54 KBRO 010800
CF6HRL
PRELIMINARY LOCAL CLIMATOLOGICAL DATA (WS FORM: F-6)
STATION: HARLINGEN
MONTH: MAY
YEAR: 2023
LATITUDE: 26 13 N
LONGITUDE: 97 40 W
TEMPERATURE IN F: :PCPN: SNOW: WIND :SUNSHINE: SKY :PK WND
================================================================================
1 2 3 4 5 6A 6B 7 8 9 10 11 12 13 14 15 16 17 18
12Z AVG MX 2MIN
DY MAX MIN AVG DEP HDD CDD WTR SNW DPTH SPD SPD DIR MIN PSBL S-S WX SPD DR
================================================================================
1 88 64 76 -2 0 11 0.00 0.0 M 13.4 26 190 M M 0 36 190
2 84 69 77 -2 0 12 0.00 0.0 M 10.4 20 120 M M 5 25 110
3 86 72 79 0 0 14 0.00 0.0 M 8.7 17 80 M M 7 1 23 70
4 87 75 81 2 0 16 0.00 0.0 M 6.9 12 90 M M 8 1 12 140
5 90 76 83 4 0 18 0.00 0.0 0 11.4 20 140 M M 4 1 27 130
6 90 76 83 4 0 18 0.00 0.0 0 13.3 24 160 M M 5 18 32 140
7 94 77 86 6 0 21 0.00 0.0 M 13.4 26 180 M M 5 1 34 150
8 92 77 85 5 0 20 0.06 0.0 M 12.4 24 150 M M 6 13 32 150
9 89 69 79 -1 0 14 0.31 0.0 0 12.2 36 80 M M 5 13 46 90
10 92 75 84 4 0 19 0.01 0.0 0 14.2 22 120 M M 6 1 29 120
11 93 77 85 5 0 20 0.00 0.0 M 13.1 22 150 M M 8 1 29 150
12 92 79 86 6 0 21 0.00 0.0 0 15.5 26 140 M M 9 18 33 140
13 82 69 76 -5 0 11 2.80 0.0 0 9.2 26 30 M M 4 13 35 30
14 87 65 76 -5 0 11 0.00 0.0 0 6.1 17 80 M M 3 12 21 80
15 83 70 77 -4 0 12 0.04 0.0 0 7.2 17 140 M M 2 3 21 140
16 89 68 79 -2 0 14 1.85 0.0 0 4.9 23 180 M M 3 123 30 190
17 89 70 80 -1 0 15 1.08 0.0 0 4.2 28 100 M M 3 13 45 90
18 89 68 79 -3 0 14 0.00 0.0 0 7.2 17 110 M M 3 12 23 90
19 92 72 82 0 0 17 0.00 0.0 0 9.2 18 140 M M 2 1 25 140
20 87 73 80 -2 0 15 0.10 0.0 0 5.4 20 360 M M 1 1 25 350
21 88 72 80 -2 0 15 T 0.0 0 6.9 17 50 M M 4 22 20
22 91 69 80 -2 0 15 0.00 0.0 0 5.6 16 110 M M 3 1 21 90
23 93 70 82 0 0 17 0.00 0.0 0 7.5 17 140 M M 1 12 24 80
24 90 69 80 -3 0 15 0.00 0.0 0 8.1 20 80 M M 1 25 90
25 91 69 80 -3 0 15 0.00 0.0 0 6.5 17 90 M M 1 1 24 90
26 90 71 81 -2 0 16 0.00 0.0 0 6.3 16 80 M M 3 1 23 80
27 89 71 80 -3 0 15 0.03 0.0 0 8.5 20 120 M M 4 1 25 110
28 86 69 78 -5 0 13 0.09 0.0 0 7.6 20 130 M M 3 26 110
29 90 71 81 -3 0 16 0.02 0.0 0 7.9 18 80 M M 3 24 70
30 89 69 79 -5 0 14 0.03 0.0 0 6.7 16 340 M M 2 13 25 340
31 92 67 80 -4 0 15 0.00 0.0 0 7.7 17 100 M M 2 1 21 70
================================================================================
SM 2764 2208 0 479 6.42 0.0 277.6 M 116
================================================================================
AV 89.2 71.2 9.0 FASTST M M 4 MAX(MPH)
MISC ----> 36 80 46 90
================================================================================
NOTES:
# LAST OF SEVERAL OCCURRENCES
COLUMN 17 PEAK WIND IN M.P.H.
PRELIMINARY LOCAL CLIMATOLOGICAL DATA (WS FORM: F-6) , PAGE 2
STATION: HARLINGEN
MONTH: MAY
YEAR: 2023
LATITUDE: 26 13 N
LONGITUDE: 97 40 W
[TEMPERATURE DATA] [PRECIPITATION DATA] SYMBOLS USED IN COLUMN 16
AVERAGE MONTHLY: 80.2 TOTAL FOR MONTH: 6.42 1 = FOG OR MIST
DPTR FM NORMAL: -1.0 DPTR FM NORMAL: 3.92 2 = FOG REDUCING VISIBILITY
HIGHEST: 94 ON 7 GRTST 24HR 2.93 ON 16-17 TO 1/4 MILE OR LESS
LOWEST: 64 ON 1 3 = THUNDER
SNOW, ICE PELLETS, HAIL 4 = ICE PELLETS
TOTAL MONTH: 0.0 INCH 5 = HAIL
GRTST 24HR 0.0 6 = FREEZING RAIN OR DRIZZLE
GRTST DEPTH: 0 7 = DUSTSTORM OR SANDSTORM:
VSBY 1/2 MILE OR LESS
8 = SMOKE OR HAZE
[NO. OF DAYS WITH] [WEATHER - DAYS WITH] 9 = BLOWING SNOW
X = TORNADO
MAX 32 OR BELOW: 0 0.01 INCH OR MORE: 12
MAX 90 OR ABOVE: 15 0.10 INCH OR MORE: 5
MIN 32 OR BELOW: 0 0.50 INCH OR MORE: 3
MIN 0 OR BELOW: 0 1.00 INCH OR MORE: 3
[HDD (BASE 65) ]
TOTAL THIS MO. 0 CLEAR (SCALE 0-3) 16
DPTR FM NORMAL 0 PTCLDY (SCALE 4-7) 14
TOTAL FM JUL 1 534 CLOUDY (SCALE 8-10) 1
DPTR FM NORMAL -37
[CDD (BASE 65) ]
TOTAL THIS MO. 479
DPTR FM NORMAL -23 [PRESSURE DATA]
TOTAL FM JAN 1 1397 HIGHEST SLP M ON M
DPTR FM NORMAL 202 LOWEST SLP 29.67 ON 9
[REMARKS]
#FINAL-05-23#