000
CXUS54 KLZK 221230
CF6HRO
PRELIMINARY LOCAL CLIMATOLOGICAL DATA (WS FORM: F-6)
STATION: HARRISON
MONTH: APRIL
YEAR: 2024
LATITUDE: 36 15 N
LONGITUDE: 93 9 W
TEMPERATURE IN F: :PCPN: SNOW: WIND :SUNSHINE: SKY :PK WND
================================================================================
1 2 3 4 5 6A 6B 7 8 9 10 11 12 13 14 15 16 17 18
12Z AVG MX 2MIN
DY MAX MIN AVG DEP HDD CDD WTR SNW DPTH SPD SPD DIR MIN PSBL S-S WX SPD DR
================================================================================
1 76 65 71 17 0 6 0.00 0.0 0 8.6 24 150 M M 5 32 150
2 71 41 56 1 9 0 0.21 0.0 0 9.7 21 330 M M 8 13 36 330
3 51 40 46 -9 19 0 T 0.0 0 11.9 23 310 M M 3 37 300
4 61 39 50 -5 15 0 0.00 0.0 0 8.8 21 320 M M 0 31 300
5 69 34 52 -4 13 0 0.00 0.0 0 5.5 10 130 M M 0 14 120
6 73 45 59 3 6 0 0.00 0.0 0 16.0 23 140 M M 0 31 130
7 75 52 64 8 1 0 T 0.0 0 9.7 24 250 M M 3 37 250
8 80 43 62 6 3 0 0.00 0.0 0 7.5 22 170 M M 0 29 170
9 71 59 65 8 0 0 0.00 0.0 0 5.8 13 120 M M 8 18 130
10 59 48 54 -3 11 0 1.30 0.0 0 8.5 22 330 M M 10 13 41 340
11 63 48 56 -1 9 0 0.02 0.0 0 12.0 24 300 M M 3 40 320
12 71 46 59 1 6 0 0.00 0.0 0 7.4 17 280 M M 0 28 330
13 84 47 66 8 0 1 0.00 0.0 0 7.5 21 240 M M 0 33 240
14 87 62 75 17 0 10 0.00 0.0 0 7.4 17 160 M M 0 24 220
15 84 59 72 14 0 7 T 0.0 0 9.0 23 170 M M 1 1 30 170
16 76 65 71 13 0 6 0.01 0.0 0 12.0 21 180 M M 5 138 31 170
17 85 60 73 14 0 8 0.00 0.0 0 5.0 14 240 M M 0 23 250
18 82 53 68 9 0 3 T 0.0 0 8.6 20 300 M M 6 32 310
19 66 49 58 -1 7 0 0.00 0.0 0 8.7 15 10 M M 7 22 10
20 62 45 54 -6 11 0 0.00 0.0 0 8.9 16 30 M M 3 22 350
21 60 38 49 -11 16 0 0.00 0.0 0 6.9 18 330 M M 2 31 270
================================================================================
SM 1506 1038 126 41 1.54 0.0 185.4 M 64
================================================================================
AV 71.7 49.4 8.8 FASTST M M 3 MAX(MPH)
MISC ----> # 24 150 41 340
================================================================================
NOTES:
# LAST OF SEVERAL OCCURRENCES
COLUMN 17 PEAK WIND IN M.P.H.
PRELIMINARY LOCAL CLIMATOLOGICAL DATA (WS FORM: F-6) , PAGE 2
STATION: HARRISON
MONTH: APRIL
YEAR: 2024
LATITUDE: 36 15 N
LONGITUDE: 93 9 W
[TEMPERATURE DATA] [PRECIPITATION DATA] SYMBOLS USED IN COLUMN 16
AVERAGE MONTHLY: 60.6 TOTAL FOR MONTH: 1.54 1 = FOG OR MIST
DPTR FM NORMAL: 3.4 DPTR FM NORMAL: -1.72 2 = FOG REDUCING VISIBILITY
HIGHEST: 87 ON 14 GRTST 24HR 1.30 ON 10-10 TO 1/4 MILE OR LESS
LOWEST: 34 ON 5 3 = THUNDER
SNOW, ICE PELLETS, HAIL 4 = ICE PELLETS
TOTAL MONTH: 0.0 INCH 5 = HAIL
GRTST 24HR 0.0 6 = FREEZING RAIN OR DRIZZLE
GRTST DEPTH: 0 7 = DUSTSTORM OR SANDSTORM:
VSBY 1/2 MILE OR LESS
8 = SMOKE OR HAZE
[NO. OF DAYS WITH] [WEATHER - DAYS WITH] 9 = BLOWING SNOW
X = TORNADO
MAX 32 OR BELOW: 0 0.01 INCH OR MORE: 4
MAX 90 OR ABOVE: 0 0.10 INCH OR MORE: 2
MIN 32 OR BELOW: 0 0.50 INCH OR MORE: 1
MIN 0 OR BELOW: 0 1.00 INCH OR MORE: 1
[HDD (BASE 65) ]
TOTAL THIS MO. 126 CLEAR (SCALE 0-3) 13
DPTR FM NORMAL -58 PTCLDY (SCALE 4-7) 7
TOTAL FM JUL 1 3184 CLOUDY (SCALE 8-10) 1
DPTR FM NORMAL -573
[CDD (BASE 65) ]
TOTAL THIS MO. 41
DPTR FM NORMAL 20 [PRESSURE DATA]
TOTAL FM JAN 1 56 HIGHEST SLP M ON M
DPTR FM NORMAL 26 LOWEST SLP 29.49 ON 1
[REMARKS]