000
CXUS51 KRLX 011157
CF6HTS
PRELIMINARY LOCAL CLIMATOLOGICAL DATA (WS FORM: F-6)
STATION: HUNTINGTON WV
MONTH: SEPTEMBER
YEAR: 2021
LATITUDE: 38 22 N
LONGITUDE: 82 33 W
TEMPERATURE IN F: :PCPN: SNOW: WIND :SUNSHINE: SKY :PK WND
================================================================================
1 2 3 4 5 6A 6B 7 8 9 10 11 12 13 14 15 16 17 18
12Z AVG MX 2MIN
DY MAX MIN AVG DEP HDD CDD WTR SNW DPTH SPD SPD DIR MIN PSBL S-S WX SPD DR
================================================================================
1 78 64 71 -2 0 6 0.26 0.0 0 6.9 16 360 M M 8 1 23 330
2 77 59 68 -5 0 3 0.00 0.0 0 5.3 14 90 M M 0 19 70
3 79 55 67 -6 0 2 0.00 0.0 0 2.9 9 50 M M 0 12 12 50
4 82 60 71 -1 0 6 0.00 0.0 0 3.6 14 240 M M 1 16 220
5 72 66 69 -3 0 4 0.74 0.0 0 4.7 10 240 M M 9 1 15 230
6 81 62 72 0 0 7 0.00 0.0 0 3.7 10 230 M M 4 12 13 230
7 83 58 71 -1 0 6 0.00 0.0 0 3.2 10 190 M M 0 8 14 230
8 79 63 71 0 0 6 0.24 0.0 0 6.2 14 230 M M 5 123 21 230
9 77 57 67 -4 0 2 0.00 0.0 0 4.4 15 330 M M 6 18 20 360
10 76 53 65 -6 0 0 0.00 0.0 0 1.3 7 350 M M 2 1 10 80
11 80 52 66 -4 0 1 0.00 0.0 0 5.7 15 180 M M 1 12 20 180
12 84 64 74 4 0 9 0.00 0.0 0 7.4 15 190 M M 0 19 210
13 84 67 76 6 0 11 0.00 0.0 0 4.1 13 250 M M 1 16 240
14 87 65 76 7 0 11 0.00 0.0 0 3.5 12 190 M M 1 1 14 190
15 72 64 68 -1 0 3 0.59 0.0 0 3.8 9 190 M M 8 12 M M
16 79 62 71 2 0 6 0.00 0.0 0 1.9 8 40 M M 7 128 14 10
17 87 62 75 7 0 10 0.00 0.0 0 1.5 9 220 M M 4 12 12 230
18 88 65 77 9 0 12 0.06 0.0 0 1.5 10 20 M M 3 128 14 20
19 86 65 76 8 0 11 0.00 0.0 0 3.2 10 90 M M 3 12 17 140
20 84 69 77 10 0 12 T 0.0 0 4.9 16 170 M M 1 20 160
21 73 67 70 3 0 5 0.51 0.0 0 4.4 12 130 M M 9 1 14 140
22 72 54 63 -3 2 0 0.35 0.0 0 6.7 17 250 M M 10 1 25 260
23 68 51 60 -6 5 0 0.02 0.0 0 7.1 17 260 M M 5 1 26 250
24 72 45 59 -7 6 0 0.00 0.0 0 3.3 10 270 M M 0 14 290
25 67 49 58 -7 7 0 0.02 0.0 0 4.6 13 230 M M 3 1 18 230
26 73 46 60 -5 5 0 0.00 0.0 0 4.2 13 220 M M 2 12 16 260
27 81 52 67 2 0 2 0.00 0.0 0 6.7 13 230 M M 0 20 240
28 81 64 73 9 0 8 T 0.0 0 5.9 14 250 M M 1 1 20 220
29 80 58 69 5 0 4 0.00 0.0 0 2.7 8 340 M M 3 12 10 340
30 77 51 64 1 1 0 0.00 0.0 0 1.3 8 70 M M 2 12 13 70
================================================================================
SM 2359 1769 26 147 2.79 0.0 126.6 M 99
================================================================================
AV 78.6 59.0 4.2 FASTST M M 3 MAX(MPH)
MISC ----> # 17 250 26 250
================================================================================
NOTES:
# LAST OF SEVERAL OCCURRENCES
COLUMN 17 PEAK WIND IN M.P.H.
PRELIMINARY LOCAL CLIMATOLOGICAL DATA (WS FORM: F-6) , PAGE 2
STATION: HUNTINGTON WV
MONTH: SEPTEMBER
YEAR: 2021
LATITUDE: 38 22 N
LONGITUDE: 82 33 W
[TEMPERATURE DATA] [PRECIPITATION DATA] SYMBOLS USED IN COLUMN 16
AVERAGE MONTHLY: 68.8 TOTAL FOR MONTH: 2.79 1 = FOG OR MIST
DPTR FM NORMAL: 0.1 DPTR FM NORMAL: -0.37 2 = FOG REDUCING VISIBILITY
HIGHEST: 88 ON 18 GRTST 24HR 0.77 ON 31- 1 TO 1/4 MILE OR LESS
LOWEST: 45 ON 24 3 = THUNDER
SNOW, ICE PELLETS, HAIL 4 = ICE PELLETS
TOTAL MONTH: 0.0 INCH 5 = HAIL
GRTST 24HR 0.0 6 = FREEZING RAIN OR DRIZZLE
GRTST DEPTH: 0 7 = DUSTSTORM OR SANDSTORM:
VSBY 1/2 MILE OR LESS
8 = SMOKE OR HAZE
[NO. OF DAYS WITH] [WEATHER - DAYS WITH] 9 = BLOWING SNOW
X = TORNADO
MAX 32 OR BELOW: 0 0.01 INCH OR MORE: 9
MAX 90 OR ABOVE: 0 0.10 INCH OR MORE: 6
MIN 32 OR BELOW: 0 0.50 INCH OR MORE: 3
MIN 0 OR BELOW: 0 1.00 INCH OR MORE: 0
[HDD (BASE 65) ]
TOTAL THIS MO. 26 CLEAR (SCALE 0-3) 18
DPTR FM NORMAL -17 PTCLDY (SCALE 4-7) 9
TOTAL FM JUL 1 26 CLOUDY (SCALE 8-10) 3
DPTR FM NORMAL -16
[CDD (BASE 65) ]
TOTAL THIS MO. 147
DPTR FM NORMAL -5 [PRESSURE DATA]
TOTAL FM JAN 1 1210 HIGHEST SLP 30.22 ON 12
DPTR FM NORMAL 4 LOWEST SLP 29.56 ON 1
[REMARKS]
#FINAL-09-21#