000
CXUS51 KRLX 011139 CCA
CF6HTS
PRELIMINARY LOCAL CLIMATOLOGICAL DATA (WS FORM: F-6)
STATION: HUNTINGTON WV
MONTH: MARCH
YEAR: 2021
LATITUDE: 38 22 N
LONGITUDE: 82 33 W
TEMPERATURE IN F: :PCPN: SNOW: WIND :SUNSHINE: SKY :PK WND
================================================================================
1 2 3 4 5 6A 6B 7 8 9 10 11 12 13 14 15 16 17 18
12Z AVG MX 2MIN
DY MAX MIN AVG DEP HDD CDD WTR SNW DPTH SPD SPD DIR MIN PSBL S-S WX SPD DR
================================================================================
1 59 34 47 6 18 0 0.47 0.0 0 9.3 18 300 M M 5 1 26 310
2 47 26 37 -4 28 0 0.00 0.0 0 4.3 14 340 M M 0 18 350
3 58 25 42 0 23 0 0.00 0.0 0 5.0 14 220 M M 0 19 250
4 55 30 43 1 22 0 0.00 0.0 0 9.4 23 10 M M 0 30 360
5 45 23 34 -8 31 0 0.00 0.0 0 5.9 15 330 M M 0 22 320
6 48 28 38 -4 27 0 0.00 0.0 0 6.0 15 350 M M 0 21 330
7 49 23 36 -7 29 0 0.00 0.0 0 4.7 13 10 M M 1 18 330
8 62 21 42 -1 23 0 0.00 0.0 0 4.1 14 210 M M 0 17 220
9 68 36 52 8 13 0 0.00 0.0 0 4.2 13 230 M M 0 8 19 180
10 74 36 55 11 10 0 T 0.0 0 6.9 18 200 M M 0 26 210
11 69 58 64 20 1 0 0.02 0.0 0 8.7 21 240 M M 6 39 200
12 63 49 56 12 9 0 0.27 0.0 0 4.7 13 220 M M 6 1 18 220
13 55 40 48 3 17 0 0.00 0.0 0 3.8 10 360 M M 0 13 30
14 55 30 43 -2 22 0 0.00 0.0 0 3.2 18 40 M M 0 25 30
15 44 34 39 -7 26 0 0.13 0.0 0 7.7 18 50 M M 6 30 50
16 74 41 58 12 7 0 0.01 0.0 0 6.3 16 240 M M 3 21 240
17 71 43 57 11 8 0 T 0.0 0 4.1 13 170 M M 3 12 21 170
18 71 46 59 12 6 0 0.37 0.0 0 8.5 23 250 M M 8 13 34 250
19 53 37 45 -2 20 0 0.04 0.0 0 12.2 18 20 M M 3 33 360
20 61 32 47 0 18 0 0.00 0.0 0 4.8 14 60 M M 0 17 30
21 69 30 50 2 15 0 0.00 0.0 0 4.8 12 80 M M 0 17 60
22 71 38 55 7 10 0 0.00 0.0 0 4.7 12 30 M M 0 15 30
23 72 47 60 12 5 0 0.00 0.0 0 7.7 17 110 M M 1 23 110
24 78 58 68 19 0 3 T 0.0 0 7.1 18 220 M M 6 26 200
25 67 50 59 10 6 0 0.34 0.0 0 5.7 24 310 M M 4 138 31 180
26 68 53 61 12 4 0 0.01 0.0 0 8.6 23 240 M M 6 36 240
27 67 42 55 5 10 0 0.00 0.0 0 4.8 20 330 M M 1 13 23 330
28 61 41 51 1 14 0 0.49 0.0 0 12.5 24 310 M M 9 13 39 280
29 59 33 46 -4 19 0 0.00 0.0 0 4.4 9 200 M M 0 M M
30 77 34 56 5 9 0 0.00 0.0 0 7.3 18 190 M M 0 25 210
31 68 43 56 5 9 0 0.88 0.0 0 7.7 16 320 M M 9 1 22 320
================================================================================
SM 1938 1161 459 3 3.03 0.0 199.1 M 77
================================================================================
AV 62.5 37.5 6.4 FASTST M M 2 MAX(MPH)
MISC ----> # 24 310 # 39 200
================================================================================
NOTES:
# LAST OF SEVERAL OCCURRENCES
COLUMN 17 PEAK WIND IN M.P.H.
PRELIMINARY LOCAL CLIMATOLOGICAL DATA (WS FORM: F-6) , PAGE 2
STATION: HUNTINGTON WV
MONTH: MARCH
YEAR: 2021
LATITUDE: 38 22 N
LONGITUDE: 82 33 W
[TEMPERATURE DATA] [PRECIPITATION DATA] SYMBOLS USED IN COLUMN 16
AVERAGE MONTHLY: 50.0 TOTAL FOR MONTH: 3.03 1 = FOG OR MIST
DPTR FM NORMAL: 4.1 DPTR FM NORMAL: -0.87 2 = FOG REDUCING VISIBILITY
HIGHEST: 78 ON 24 GRTST 24HR 0.88 ON 31-31 TO 1/4 MILE OR LESS
LOWEST: 21 ON 8 3 = THUNDER
SNOW, ICE PELLETS, HAIL 4 = ICE PELLETS
TOTAL MONTH: 0.0 INCH 5 = HAIL
GRTST 24HR 0.0 6 = FREEZING RAIN OR DRIZZLE
GRTST DEPTH: 0 7 = DUSTSTORM OR SANDSTORM:
VSBY 1/2 MILE OR LESS
8 = SMOKE OR HAZE
[NO. OF DAYS WITH] [WEATHER - DAYS WITH] 9 = BLOWING SNOW
X = TORNADO
MAX 32 OR BELOW: 0 0.01 INCH OR MORE: 11
MAX 90 OR ABOVE: 0 0.10 INCH OR MORE: 7
MIN 32 OR BELOW: 10 0.50 INCH OR MORE: 1
MIN 0 OR BELOW: 0 1.00 INCH OR MORE: 0
[HDD (BASE 65) ]
TOTAL THIS MO. 459 CLEAR (SCALE 0-3) 20
DPTR FM NORMAL -137 PTCLDY (SCALE 4-7) 9
TOTAL FM JUL 1 3847 CLOUDY (SCALE 8-10) 2
DPTR FM NORMAL -251
[CDD (BASE 65) ]
TOTAL THIS MO. 3
DPTR FM NORMAL -2 [PRESSURE DATA]
TOTAL FM JAN 1 3 HIGHEST SLP 30.56 ON 8
DPTR FM NORMAL -2 LOWEST SLP 29.50 ON 18
[REMARKS]
#FINAL-03-21#