000
CXUS51 KRLX 021735
CLAHTS
CLIMATE REPORT
NATIONAL WEATHER SERVICE CHARLESTON WV
1235 PM EST MON JAN 02 2023
...................................
...THE HUNTINGTON WV CLIMATE SUMMARY FOR THE YEAR OF 2022...
CLIMATE NORMAL PERIOD: 1991 TO 2020
CLIMATE RECORD PERIOD: 1897 TO 2023
WEATHER OBSERVED NORMAL DEPART LAST YEAR`S
VALUE DATE(S) VALUE FROM VALUE
NORMAL
..............................................................
TEMPERATURE (F)
RECORD
HIGH 108 07/28/1930
LOW -24 02/09/1899
HIGHEST 95 06/22 94
LOWEST -2 12/23 10
AVG. MAXIMUM 66.8 66.6 0.2 66.7
AVG. MINIMUM 46.1 46.3 -0.2 47.3
MEAN 56.4 56.5 -0.1 57.0
DAYS MAX >= 90 24 25.0 -1.0 16
DAYS MAX <= 32 13 15.5 -2.5 14
DAYS MAX >= 80 117 110
DAYS MAX >= 100 0 0
DAYS MIN <= 32 89 90.1 -1.1 88
DAYS MIN <= 0 2 0.7 1.3 0
PRECIPITATION (INCHES)
RECORD
MAXIMUM 62.44 2011
MINIMUM 21.73 1930
TOTALS 45.82 45.10 0.72 45.67
DAILY AVG. 0.13 0.12 0.01 0.14
DAYS >= .01 130 142.1 -12.1 141
DAYS >= .10 80 85.9 -5.9 91
DAYS >= .50 31 30.2 0.8 32
DAYS >= 1.00 13 10.2 2.8 12
GREATEST
24 HR. TOTAL 2.24 2.57
SNOWFALL (INCHES)
RECORDS
TOTAL 60.9 1936
24 HR TOTAL 21.1 03/13/1993 TO 03/13/1993
TOTALS 19.8 19.8 0.0 2.6
SINCE 7/1 1.7 3.4 -1.7 T
DAYS >= TRACE 26 14.8 11.2 18
DAYS >= 1.0 6 5.6 0.4 2
DAYS >= 3.0 3 0
GREATEST
SNOW DEPTH 7 01/17 2
24 HR TOTAL 6.0 MM
DEGREE DAYS
HEATING TOTAL 4281 4321 -40 4054
SINCE 7/1 1686 1681 5 1308
COOLING TOTAL 1277 1234 43 1287
SINCE 1/1 1277 1234 43 1287
..............................................................
WIND (MPH)
AVERAGE WIND SPEED 5.4
HIGHEST WIND SPEED/DIRECTION 35/240 DATE 11/27
HIGHEST GUST SPEED/DIRECTION 54/240 DATE 11/27
SKY COVER
AVERAGE SKY COVER 0.41
NUMBER OF DAYS FAIR 171
NUMBER OF DAYS PC 121
NUMBER OF DAYS CLOUDY 73
AVERAGE RH (PERCENT) 66
WEATHER CONDITIONS. NUMBER OF DAYS WITH
THUNDERSTORM 46 MIXED PRECIP 0
HEAVY RAIN 55 RAIN 70
LIGHT RAIN 145 FREEZING RAIN 2
LT FREEZING RAIN 3 HAIL 0
HEAVY SNOW 2 SNOW 7
LIGHT SNOW 30 SLEET 0
FOG 188 FOG W/VIS <= 1/4 MILE 50
HAZE 41
- INDICATES NEGATIVE NUMBERS.
R INDICATES RECORD WAS SET OR TIED.
MM INDICATES DATA IS MISSING.
T INDICATES TRACE AMOUNT.
$$