000
CXUS51 KCAR 010600
CF6HUL
PRELIMINARY LOCAL CLIMATOLOGICAL DATA (WS FORM: F-6)
STATION: HOULTON ME
MONTH: MAY
YEAR: 2021
LATITUDE: 46 7 N
LONGITUDE: 67 48 W
TEMPERATURE IN F: :PCPN: SNOW: WIND :SUNSHINE: SKY :PK WND
================================================================================
1 2 3 4 5 6A 6B 7 8 9 10 11 12 13 14 15 16 17 18
12Z AVG MX 2MIN
DY MAX MIN AVG DEP HDD CDD WTR SNW DPTH SPD SPD DIR MIN PSBL S-S WX SPD DR
================================================================================
1 56 30 43 -3 22 0 0.00 M M 9.0 25 340 M M 5 34 340
2 59 35 47 1 18 0 0.00 M M 9.3 20 270 M M 5 35 250
3 61 27 44 -3 21 0 0.00 M M 6.6 17 320 M M 0 24 320
4 60 28 44 -3 21 0 0.00 M M 1.5 8 20 M M 5 12 360
5 52 40 46 -2 19 0 0.65 M M 6.5 13 90 M M 10 1 18 110
6 51 38 45 -3 20 0 0.09 M M 7.1 18 340 M M 9 1 24 350
7 56 29 43 -5 22 0 0.00 M M 3.5 12 10 M M 6 15 20
8 50 27 39 -10 26 0 0.00 M M 9.2 23 10 M M 5 29 360
9 61 38 50 1 15 0 0.00 M M 8.4 24 290 M M 9 31 290
10 67 29 48 -2 17 0 T M M 2.5 15 290 M M 4 20 320
11 59 37 48 -2 17 0 0.42 M M 5.0 18 140 M M 8 1 27 140
12 54 34 44 -6 21 0 0.10 M M 7.4 22 10 M M 8 1 29 10
13 65 30 48 -2 17 0 T M M 6.1 18 360 M M 2 26 270
14 67 31 49 -2 16 0 0.00 M M 6.6 20 360 M M 0 25 340
15 74 29 52 1 13 0 0.01 M M 3.5 21 230 M M 3 29 230
16 72 39 56 4 9 0 0.24 M M 3.7 21 280 M M 4 123 29 270
17 73 37 55 3 10 0 0.00 M M 1.3 12 280 M M 4 123 16 270
18 75 40 58 6 7 0 T M M 6.9 17 330 M M 3 3 24 340
19 71 35 53 1 12 0 0.00 M M 6.5 21 10 M M 0 8 28 20
20 77 42 60 7 5 0 0.00 M M 6.5 13 220 M M 0 20 200
21 84 54 69 16 0 4 0.14 M M 7.5 23 10 M M 6 138 33 360
22 74 56 65 12 0 0 0.02 M M 8.7 14 220 M M 6 20 200
23 65 35 50 -4 15 0 0.90 M M 9.0 29 360 M M 5 1 37 10
24 66 31 49 -5 16 0 0.00 M M 4.4 15 230 M M 0 18 19 230
25 77 45 61 7 4 0 T M M 11.5 24 240 M M 3 34 230
26 89 59 74 20 0 9 0.18 M M 9.8 29 250 M M 4 138 43 250
27 67 35 51 -4 14 0 T M M 10.1 21 340 M M 3 8 31 340
28 58 31 45 -10 20 0 0.00 M M 6.9 20 270 M M 0 8 27 280
29 60 36 48 -7 17 0 0.00 M M 3.7 14 360 M M 0 19 350
30 61 32 47 -9 18 0 0.06 M M 4.6 13 90 M M 5 20 60
31 55 46 51 -5 14 0 0.98 M M 6.1 15 30 M M 10 1 17 30
================================================================================
SM 2016 1135 446 13 3.79 M 199.4 M 132
================================================================================
AV 65.0 36.6 6.4 FASTST M M 4 MAX(MPH)
MISC ----> # 29 360 43 250
================================================================================
NOTES:
# LAST OF SEVERAL OCCURRENCES
COLUMN 17 PEAK WIND IN M.P.H.
PRELIMINARY LOCAL CLIMATOLOGICAL DATA (WS FORM: F-6) , PAGE 2
STATION: HOULTON ME
MONTH: MAY
YEAR: 2021
LATITUDE: 46 7 N
LONGITUDE: 67 48 W
[TEMPERATURE DATA] [PRECIPITATION DATA] SYMBOLS USED IN COLUMN 16
AVERAGE MONTHLY: 50.8 TOTAL FOR MONTH: 3.79 1 = FOG OR MIST
DPTR FM NORMAL: -0.4 DPTR FM NORMAL: 0.33 2 = FOG REDUCING VISIBILITY
HIGHEST: 89 ON 26 GRTST 24HR 1.00 ON 30-31 TO 1/4 MILE OR LESS
LOWEST: 27 ON 8, 3 3 = THUNDER
SNOW, ICE PELLETS, HAIL 4 = ICE PELLETS
TOTAL MONTH: M 5 = HAIL
GRTST 24HR M ON M 6 = FREEZING RAIN OR DRIZZLE
GRTST DEPTH: M ON M 7 = DUSTSTORM OR SANDSTORM:
VSBY 1/2 MILE OR LESS
8 = SMOKE OR HAZE
[NO. OF DAYS WITH] [WEATHER - DAYS WITH] 9 = BLOWING SNOW
X = TORNADO
MAX 32 OR BELOW: 0 0.01 INCH OR MORE: 12
MAX 90 OR ABOVE: 0 0.10 INCH OR MORE: 8
MIN 32 OR BELOW: 12 0.50 INCH OR MORE: 3
MIN 0 OR BELOW: 0 1.00 INCH OR MORE: 0
[HDD (BASE 65) ]
TOTAL THIS MO. 446 CLEAR (SCALE 0-3) 10
DPTR FM NORMAL 14 PTCLDY (SCALE 4-7) 16
TOTAL FM JUL 1 7949 CLOUDY (SCALE 8-10) 5
DPTR FM NORMAL -909
[CDD (BASE 65) ]
TOTAL THIS MO. 13
DPTR FM NORMAL 8 [PRESSURE DATA]
TOTAL FM JAN 1 13 HIGHEST SLP M ON M
DPTR FM NORMAL 8 LOWEST SLP 29.25 ON 1
[REMARKS]
#FINAL-05-21#