000
CXUS56 KTFX 011110
CF6HVR
PRELIMINARY LOCAL CLIMATOLOGICAL DATA (WS FORM: F-6)
STATION: HAVRE MT
MONTH: OCTOBER
YEAR: 2023
LATITUDE: 48 32 N
LONGITUDE: 109 46 W
TEMPERATURE IN F: :PCPN: SNOW: WIND :SUNSHINE: SKY :PK WND
================================================================================
1 2 3 4 5 6A 6B 7 8 9 10 11 12 13 14 15 16 17 18
12Z AVG MX 2MIN
DY MAX MIN AVG DEP HDD CDD WTR SNW DPTH SPD SPD DIR MIN PSBL S-S WX SPD DR
================================================================================
1 51 47 49 -3 16 0 0.13 0.0 0 7.5 18 30 M M 10 138 24 50
2 65 43 54 3 11 0 T 0.0 0 7.3 21 220 M M 4 1 27 230
3 64 46 55 4 10 0 T 0.0 0 9.7 23 350 M M 7 33 360
4 60 46 53 3 12 0 0.00 0.0 0 13.6 28 220 M M 7 35 220
5 53 32 43 -7 22 0 0.00 0.0 0 8.8 21 330 M M 8 29 320
6 60 23 42 -7 23 0 0.00 0.0 0 3.9 13 230 M M 0 17 260
7 73 35 54 5 11 0 0.00 0.0 0 6.9 17 230 M M 0 22 250
8 78 33 56 8 9 0 0.00 0.0 0 1.6 7 70 M M 0 7 60
9 76 34 55 7 10 0 0.00 0.0 0 5.7 16 90 M M 0 19 90
10 71 36 54 7 11 0 0.01 0.0 0 6.3 31 190 M M 2 3 47 140
11 58 48 53 6 12 0 0.46 0.0 0 7.5 17 230 M M 8 1 23 230
12 50 44 47 1 18 0 0.00 0.0 0 10.4 17 80 M M 10 1 22 90
13 55 38 47 1 18 0 0.00 0.0 0 9.9 17 100 M M 6 24 150
14 60 33 47 2 18 0 0.00 0.0 0 5.0 13 70 M M 0 16 80
15 67 31 49 4 16 0 0.00 0.0 0 4.0 14 230 M M 1 18 190
16 68 36 52 8 13 0 0.00 0.0 0 4.5 10 70 M M 0 14 100
17 64 45 55 11 10 0 T 0.0 0 17.2 44 310 M M 6 58 310
18 75 35 55 12 10 0 0.00 0.0 0 14.7 32 260 M M 0 40 250
19 83 47 65 23 0 0 0.00 0.0 0 13.0 25 260 M M 1 34 260
20 65 40 53 11 12 0 0.00 0.0 0 8.0 21 50 M M 2 28 40
21 66 37 52 11 13 0 0.00 0.0 0 4.6 14 60 M M 2 18 60
22 55 35 45 4 20 0 0.04 0.0 0 5.6 14 60 M M 5 18 60
23 41 37 39 -1 26 0 0.06 0.0 0 12.7 23 100 M M 10 1 33 90
24 38 18 28 -12 37 0 0.23 1.4 0 10.6 20 60 M M 10 18 25 60
25 20 6 13 -26 52 0 0.26 2.2 2 6.9 17 60 M M 10 1 22 60
26 17 7 12 -27 53 0 0.10 1.3 3 6.6 15 220 M M 10 18 19 230
27 19 1 10 -28 55 0 0.01 0.8 5 11.7 17 220 M M 7 18 22 220
28 29 1 15 -23 50 0 T T 5 16.6 28 230 M M 4 35 220
29 32 17 25 -13 40 0 0.00 0.0 4 11.6 21 230 M M 3 26 230
30 34 17 26 -11 39 0 0.00 0.0 3 9.4 25 230 M M 2 34 220
31 42 17 30 -7 35 0 0.00 0.0 2 6.7 20 230 M M 4 26 230
================================================================================
SM 1689 965 682 0 1.30 5.7 268.5 M 139
================================================================================
AV 54.5 31.1 8.7 FASTST M M 4 MAX(MPH)
MISC ----> 44 310 58 310
================================================================================
NOTES:
# LAST OF SEVERAL OCCURRENCES
COLUMN 17 PEAK WIND IN M.P.H.
PRELIMINARY LOCAL CLIMATOLOGICAL DATA (WS FORM: F-6) , PAGE 2
STATION: HAVRE MT
MONTH: OCTOBER
YEAR: 2023
LATITUDE: 48 32 N
LONGITUDE: 109 46 W
[TEMPERATURE DATA] [PRECIPITATION DATA] SYMBOLS USED IN COLUMN 16
AVERAGE MONTHLY: 42.8 TOTAL FOR MONTH: 1.30 1 = FOG OR MIST
DPTR FM NORMAL: -1.3 DPTR FM NORMAL: 0.55 2 = FOG REDUCING VISIBILITY
HIGHEST: 83 ON 19 GRTST 24HR 0.46 ON 10-11 TO 1/4 MILE OR LESS
LOWEST: 1 ON 28,27 3 = THUNDER
SNOW, ICE PELLETS, HAIL 4 = ICE PELLETS
TOTAL MONTH: 5.7 INCHES 5 = HAIL
GRTST 24HR 2.2 ON 25-25 6 = FREEZING RAIN OR DRIZZLE
GRTST DEPTH: 5 ON 28,27 7 = DUSTSTORM OR SANDSTORM:
VSBY 1/2 MILE OR LESS
8 = SMOKE OR HAZE
[NO. OF DAYS WITH] [WEATHER - DAYS WITH] 9 = BLOWING SNOW
X = TORNADO
MAX 32 OR BELOW: 5 0.01 INCH OR MORE: 9
MAX 90 OR ABOVE: 0 0.10 INCH OR MORE: 5
MIN 32 OR BELOW: 11 0.50 INCH OR MORE: 0
MIN 0 OR BELOW: 0 1.00 INCH OR MORE: 0
[HDD (BASE 65) ]
TOTAL THIS MO. 682 CLEAR (SCALE 0-3) 13
DPTR FM NORMAL 33 PTCLDY (SCALE 4-7) 12
TOTAL FM JUL 1 827 CLOUDY (SCALE 8-10) 6
DPTR FM NORMAL -137
[CDD (BASE 65) ]
TOTAL THIS MO. 0
DPTR FM NORMAL -1 [PRESSURE DATA]
TOTAL FM JAN 1 513 HIGHEST SLP 30.61 ON 6
DPTR FM NORMAL 109 LOWEST SLP 29.36 ON 10
[REMARKS]
#FINAL-10-23#