000
CXUS52 KMFL 011130
CF6HWO
PRELIMINARY LOCAL CLIMATOLOGICAL DATA (WS FORM: F-6)
STATION: NORTH PERRY ARPT
MONTH: FEBRUARY
YEAR: 2024
LATITUDE: 26 0 N
LONGITUDE: 80 14 W
TEMPERATURE IN F: :PCPN: SNOW: WIND :SUNSHINE: SKY :PK WND
================================================================================
1 2 3 4 5 6A 6B 7 8 9 10 11 12 13 14 15 16 17 18
12Z AVG MX 2MIN
DY MAX MIN AVG DEP HDD CDD WTR SNW DPTH SPD SPD DIR MIN PSBL S-S WX SPD DR
================================================================================
1 75 53 64 -5 1 0 0.00 0.0 0 6.9 15 330 M M 1 19 330
2 79 59 69 0 0 4 0.00 M M 4.6 14 110 M M 3 17 110
3 80 56 68 -1 0 3 0.00 M M 4.9 15 160 M M 2 21 190
4 76 64 70 1 0 5 0.24 0.0 0 8.5 22 120 M M 2 13 32 130
5 67 59 63 -6 2 0 0.11 M M 5.4 20 330 M M 4 1 27 340
6 72 56 64 -5 1 0 0.00 M M 18.0 28 320 M M 6 37 310
7 78 55 67 -2 0 2 0.00 0.0 0 11.9 21 10 M M 1 29 320
8 77 58 68 -2 0 3 T 0.0 0 7.3 18 100 M M 5 23 70
9 79 69 74 4 0 9 0.00 0.0 0 8.7 18 120 M M 6 24 130
10 79 70 75 5 0 10 0.00 0.0 0 9.2 17 120 M M 6 27 140
11 83 72 78 8 0 13 0.01 0.0 0 10.4 20 150 M M 4 25 140
12 87 72 80 10 0 15 0.00 0.0 0 11.0 24 220 M M 5 38 190
13 82 61 72 2 0 7 0.23 0.0 0 8.8 18 250 M M 4 29 250
14 79 56 68 -2 0 3 0.00 0.0 0 8.6 17 70 M M 1 24 80
15 79 60 70 0 0 5 0.00 0.0 0 7.1 17 120 M M 2 22 110
16 81 62 72 2 0 7 0.00 0.0 0 4.7 15 150 M M 2 22 130
17 84 65 75 5 0 10 T 0.0 0 5.8 16 250 M M 3 22 230
18 75 63 69 -2 0 4 1.63 0.0 0 7.6 32 330 M M 9 1 44 320
19 70 56 63 -8 2 0 0.05 M M 12.8 24 320 M M 7 32 320
20 72 50 61 -10 4 0 0.00 M M 8.4 17 330 M M 0 22 330
21 75 51 63 -8 2 0 0.00 M M 8.8 18 330 M M 1 24 330
22 76 53 65 -6 0 0 0.00 M M 5.8 15 70 M M 4 18 350
23 81 56 69 -2 0 4 0.00 M M 8.5 22 220 M M 1 31 220
24 77 58 68 -3 0 3 0.14 0.0 0 9.6 24 310 M M 4 1 33 330
25 79 52 66 -5 0 1 0.00 0.0 0 5.0 13 320 M M 0 17 320
26 78 54 66 -5 0 1 0.00 M M 4.9 10 110 M M 1 20 90
27 79 56 68 -3 0 3 0.00 M M 5.8 13 120 M M 1 22 120
28 82 66 74 2 0 9 0.00 M M 7.9 18 140 M M 2 23 160
29 83 66 75 3 0 10 0.00 M M 5.3 13 90 M M 4 23 120
================================================================================
SM 2264 1728 12 131 2.41 0.0 232.2 M 91
================================================================================
AV 78.1 59.6 8.0 FASTST M M 3 MAX(MPH)
MISC ----> 32 330 44 320
================================================================================
NOTES:
# LAST OF SEVERAL OCCURRENCES
COLUMN 17 PEAK WIND IN M.P.H.
PRELIMINARY LOCAL CLIMATOLOGICAL DATA (WS FORM: F-6) , PAGE 2
STATION: NORTH PERRY ARPT
MONTH: FEBRUARY
YEAR: 2024
LATITUDE: 26 0 N
LONGITUDE: 80 14 W
[TEMPERATURE DATA] [PRECIPITATION DATA] SYMBOLS USED IN COLUMN 16
AVERAGE MONTHLY: 68.8 TOTAL FOR MONTH: 2.41 1 = FOG OR MIST
DPTR FM NORMAL: -1.4 DPTR FM NORMAL: -0.42 2 = FOG REDUCING VISIBILITY
HIGHEST: 87 ON 12 GRTST 24HR 1.68 ON 18-19 TO 1/4 MILE OR LESS
LOWEST: 50 ON 20 3 = THUNDER
SNOW, ICE PELLETS, HAIL 4 = ICE PELLETS
TOTAL MONTH: 0.0 INCH 5 = HAIL
GRTST 24HR 0.0 6 = FREEZING RAIN OR DRIZZLE
GRTST DEPTH: 0 7 = DUSTSTORM OR SANDSTORM:
VSBY 1/2 MILE OR LESS
8 = SMOKE OR HAZE
[NO. OF DAYS WITH] [WEATHER - DAYS WITH] 9 = BLOWING SNOW
X = TORNADO
MAX 32 OR BELOW: 0 0.01 INCH OR MORE: 7
MAX 90 OR ABOVE: 0 0.10 INCH OR MORE: 5
MIN 32 OR BELOW: 0 0.50 INCH OR MORE: 1
MIN 0 OR BELOW: 0 1.00 INCH OR MORE: 1
[HDD (BASE 65) ]
TOTAL THIS MO. 12 CLEAR (SCALE 0-3) 16
DPTR FM NORMAL -13 PTCLDY (SCALE 4-7) 12
TOTAL FM JUL 1 50 CLOUDY (SCALE 8-10) 1
DPTR FM NORMAL -64
[CDD (BASE 65) ]
TOTAL THIS MO. 131
DPTR FM NORMAL -40 [PRESSURE DATA]
TOTAL FM JAN 1 309 HIGHEST SLP 30.27 ON 20
DPTR FM NORMAL -10 LOWEST SLP 29.50 ON 5
[REMARKS]
#FINAL-02-24#