000
CXUS52 KMFL 011000
CF6HWO
PRELIMINARY LOCAL CLIMATOLOGICAL DATA (WS FORM: F-6)
STATION: NORTH PERRY ARPT
MONTH: MARCH
YEAR: 2020
LATITUDE: 26 0 N
LONGITUDE: 80 14 W
TEMPERATURE IN F: :PCPN: SNOW: WIND :SUNSHINE: SKY :PK WND
================================================================================
1 2 3 4 5 6A 6B 7 8 9 10 11 12 13 14 15 16 17 18
12Z AVG MX 2MIN
DY MAX MIN AVG DEP HDD CDD WTR SNW DPTH SPD SPD DIR MIN PSBL S-S WX SPD DR
================================================================================
1 76 50 63 -8 2 0 0.00 0.0 0 9.2 20 110 M M 3 26 90
2 80 68 74 3 0 9 0.00 0.0 0 11.2 22 110 M M 5 28 140
3 83 65 74 3 0 9 0.00 0.0 0 8.2 20 140 M M 4 25 140
4 87 66 77 6 0 12 0.00 0.0 0 7.5 18 150 M M 1 1 23 150
5 93 75 84 13 0 19 0.00 0.0 0 8.7 18 240 M M 4 24 210
6 86 66 76 5 0 11 0.01 0.0 0 11.0 20 320 M M 5 28 320
7 76 58 67 -5 0 2 0.00 0.0 0 15.2 25 20 M M 5 30 20
8 76 68 72 0 0 7 T 0.0 0 18.4 30 70 M M 9 36 60
9 80 68 74 2 0 9 T 0.0 0 18.8 29 90 M M 8 39 100
10 82 70 76 4 0 11 0.01 0.0 0 12.6 25 100 M M 6 30 100
11 82 68 75 3 0 10 0.22 0.0 0 8.6 20 100 M M 8 8 26 90
12 84 66 75 3 0 10 T 0.0 0 6.8 16 70 M M 3 21 80
13 84 65 75 3 0 10 T 0.0 0 6.9 16 100 M M 2 22 100
14 85 72 79 7 0 14 0.17 0.0 0 9.2 16 80 M M 4 1 22 80
15 85 71 78 6 0 13 T 0.0 0 7.2 14 100 M M 2 20 120
16 84 68 76 4 0 11 0.00 0.0 0 7.8 17 60 M M 3 23 90
17 85 73 79 7 0 14 T 0.0 0 10.1 17 120 M M 3 22 90
18 84 72 78 6 0 13 0.00 0.0 0 9.2 16 90 M M 2 26 80
19 84 75 80 7 0 15 0.00 0.0 0 12.7 23 100 M M 4 28 90
20 85 75 80 7 0 15 0.00 0.0 0 11.7 21 100 M M 4 26 100
21 86 73 80 7 0 15 0.00 0.0 0 8.4 16 120 M M 2 21 130
22 85 69 77 4 0 12 0.00 0.0 0 7.6 17 100 M M 3 22 120
23 86 69 78 5 0 13 T 0.0 0 6.8 20 110 M M 3 23 110
24 87 71 79 6 0 14 0.00 0.0 0 5.9 16 150 M M 4 20 150
25 93 69 81 8 0 16 0.00 0.0 0 7.9 17 250 M M 2 23 250
26 90 71 81 8 0 16 0.00 0.0 0 6.7 15 100 M M 2 19 30
27 89 70 80 7 0 15 0.00 0.0 0 5.8 15 110 M M 2 20 100
28 85 67 76 3 0 11 0.00 0.0 0 8.0 18 110 M M 2 26 140
29 88 73 81 8 0 16 0.00 0.0 0 8.7 16 130 M M 2 22 130
30 90 72 81 8 0 16 0.00 0.0 0 5.1 16 130 M M 1 21 130
31 94 73 84 10 0 19 0.00 0.0 0 10.5 22 240 M M 3 27 240
================================================================================
SM 2634 2136 2 377 0.41 0.0 292.4 M 111
================================================================================
AV 85.0 68.9 9.4 FASTST M M 4 MAX(MPH)
MISC ----> # 30 70 # 39 100
================================================================================
NOTES:
# LAST OF SEVERAL OCCURRENCES
COLUMN 17 PEAK WIND IN M.P.H.
PRELIMINARY LOCAL CLIMATOLOGICAL DATA (WS FORM: F-6) , PAGE 2
STATION: NORTH PERRY ARPT
MONTH: MARCH
YEAR: 2020
LATITUDE: 26 0 N
LONGITUDE: 80 14 W
[TEMPERATURE DATA] [PRECIPITATION DATA] SYMBOLS USED IN COLUMN 16
AVERAGE MONTHLY: 76.9 TOTAL FOR MONTH: 0.41 1 = FOG OR MIST
DPTR FM NORMAL: 4.6 DPTR FM NORMAL: -3.05 2 = FOG REDUCING VISIBILITY
HIGHEST: 94 ON 31 GRTST 24HR 0.22 ON 11-11 TO 1/4 MILE OR LESS
LOWEST: 50 ON 1 3 = THUNDER
SNOW, ICE PELLETS, HAIL 4 = ICE PELLETS
TOTAL MONTH: 0.0 INCH 5 = HAIL
GRTST 24HR 0.0 6 = FREEZING RAIN OR DRIZZLE
GRTST DEPTH: 0 7 = DUSTSTORM OR SANDSTORM:
VSBY 1/2 MILE OR LESS
8 = SMOKE OR HAZE
[NO. OF DAYS WITH] [WEATHER - DAYS WITH] 9 = BLOWING SNOW
X = TORNADO
MAX 32 OR BELOW: 0 0.01 INCH OR MORE: 4
MAX 90 OR ABOVE: 5 0.10 INCH OR MORE: 2
MIN 32 OR BELOW: 0 0.50 INCH OR MORE: 0
MIN 0 OR BELOW: 0 1.00 INCH OR MORE: 0
[HDD (BASE 65) ]
TOTAL THIS MO. 2 CLEAR (SCALE 0-3) 17
DPTR FM NORMAL -8 PTCLDY (SCALE 4-7) 13
TOTAL FM JUL 1 58 CLOUDY (SCALE 8-10) 1
DPTR FM NORMAL -86
[CDD (BASE 65) ]
TOTAL THIS MO. 377
DPTR FM NORMAL 141 [PRESSURE DATA]
TOTAL FM JAN 1 823 HIGHEST SLP 30.44 ON 9
DPTR FM NORMAL 310 LOWEST SLP 29.81 ON 31
[REMARKS]
#FINAL-03-20#