000
CXUS53 KUNR 071513
CF6ICR
PRELIMINARY LOCAL CLIMATOLOGICAL DATA (WS FORM: F-6)
STATION: WINNER REGIONAL AIRPORT SD
MONTH: JUNE
YEAR: 2022
LATITUDE: 43 23 N
LONGITUDE: 99 50 W
TEMPERATURE IN F: :PCPN: SNOW: WIND :SUNSHINE: SKY :PK WND
================================================================================
1 2 3 4 5 6A 6B 7 8 9 10 11 12 13 14 15 16 17 18
12Z AVG MX 2MIN
DY MAX MIN AVG DEP HDD CDD WTR SNW DPTH SPD SPD DIR MIN PSBL S-S WX SPD DR
================================================================================
1 70 44 57 -8 8 0 0.00 M M 4.9 15 270 M M 0 21 270
2 77 47 62 -3 3 0 0.00 M M 6.6 16 330 M M 1 22 300
3 68 49 59 -7 6 0 1.46 M M 7.7 24 120 M M 7 13 35 130
4 74 53 64 -2 1 0 1.47 M M 8.6 25 140 M M 5 13 36 140
5 72 55 64 -2 1 0 0.20 M M 7.7 23 140 M M 7 13 32 150
6 68 59 64 -3 1 0 0.56 M M 7.9 16 80 M M 8 12 21 100
7 69 52 61 -6 4 0 0.04 M M 6.1 15 290 M M 7 1 20 280
8 73 48 61 -6 4 0 0.00 M M 8.2 16 290 M M 3 23 270
9 71 55 63 -5 2 0 0.10 M M 10.6 22 120 M M 5 13 29 130
10 78 58 68 0 0 3 T M M 6.0 20 180 M M 4 12 30 180
11 87 65 76 8 0 11 0.00 M M 9.5 22 200 M M 0 3 31 190
12 88 63 76 7 0 11 0.39 M M 11.9 33 180 M M 2 13 48 180
13 92 67 80 11 0 15 T M M 11.3 25 50 M M 3 36 40
14 81 64 73 4 0 8 0.00 M M 13.9 35 310 M M 2 1 50 310
15 80 58 69 -1 0 4 T M M 13.3 25 250 M M 2 37 280
16 84 56 70 0 0 5 0.00 M M 9.4 22 300 M M 0 30 280
17 86 58 72 2 0 7 0.00 M M 15.0 28 120 M M 0 38 110
18 98 73 86 15 0 21 0.00 M M 22.3 33 170 M M 0 48 170
19 98 80 89 18 0 24 0.00 M M 23.0 32 200 M M 0 45 200
20 89 63 76 5 0 11 0.00 M M 13.3 28 180 M M 0 43 170
21 82 56 69 -3 0 4 0.00 M M 8.1 18 320 M M 0 27 320
22 91 53 72 0 0 7 0.00 M M 10.1 24 180 M M 0 34 170
23 97 71 84 12 0 19 0.00 M M 15.4 23 180 M M 0 37 190
24 95 70 83 10 0 18 M M M 11.2 24 330 M M 0 3 44 330
25 M M M M M M M M M M M M M M M M M
26 79 48 64 -9 1 0 0.00 M M 9.1 21 320 M M 1 28 300
27 90 55 73 -1 0 8 0.02 M M 12.6 24 190 M M 1 32 190
28 90 59 75 1 0 10 0.00 M M 8.2 17 210 M M 0 26 210
29 109 68 89 15 0 24 T M M 17.8 49 210 M M 0 38 73 210
30 91 63 77 3 0 12 0.00 M M 9.1 21 360 M M 0 30 340
================================================================================
SM 2427 1710 31 222 4.24 M 318.8 M 58
================================================================================
AV 83.7 59.0 11.0 FASTST M M 2 MAX(MPH)
MISC ----> 49 210 73 210
================================================================================
NOTES:
# LAST OF SEVERAL OCCURRENCES
COLUMN 17 PEAK WIND IN M.P.H.
PRELIMINARY LOCAL CLIMATOLOGICAL DATA (WS FORM: F-6) , PAGE 2
STATION: WINNER REGIONAL AIRPORT SD
MONTH: JUNE
YEAR: 2022
LATITUDE: 43 23 N
LONGITUDE: 99 50 W
[TEMPERATURE DATA] [PRECIPITATION DATA] SYMBOLS USED IN COLUMN 16
AVERAGE MONTHLY: 71.3 TOTAL FOR MONTH: 4.24 1 = FOG OR MIST
DPTR FM NORMAL: 1.5 DPTR FM NORMAL: 0.52 2 = FOG REDUCING VISIBILITY
HIGHEST: 109 ON 29 GRTST 24HR 1.47 ON 4- 4 TO 1/4 MILE OR LESS
LOWEST: 44 ON 1 3 = THUNDER
SNOW, ICE PELLETS, HAIL 4 = ICE PELLETS
TOTAL MONTH: M 5 = HAIL
GRTST 24HR M ON M 6 = FREEZING RAIN OR DRIZZLE
GRTST DEPTH: M ON M 7 = DUSTSTORM OR SANDSTORM:
VSBY 1/2 MILE OR LESS
8 = SMOKE OR HAZE
[NO. OF DAYS WITH] [WEATHER - DAYS WITH] 9 = BLOWING SNOW
X = TORNADO
MAX 32 OR BELOW: 0 0.01 INCH OR MORE: 8
MAX 90 OR ABOVE: 10 0.10 INCH OR MORE: 6
MIN 32 OR BELOW: 0 0.50 INCH OR MORE: 3
MIN 0 OR BELOW: 0 1.00 INCH OR MORE: 2
[HDD (BASE 65) ]
TOTAL THIS MO. 31 CLEAR (SCALE 0-3) 21
DPTR FM NORMAL -8 PTCLDY (SCALE 4-7) 7
TOTAL FM JUL 1 6133 CLOUDY (SCALE 8-10) 2
DPTR FM NORMAL -286
[CDD (BASE 65) ]
TOTAL THIS MO. 222
DPTR FM NORMAL 38 [PRESSURE DATA]
TOTAL FM JAN 1 261 HIGHEST SLP 30.39 ON 26
DPTR FM NORMAL 31 LOWEST SLP 29.28 ON 13
[REMARKS]
#FINAL-06-22#