000
CXUS53 KUNR 011030
CF6IEN
PRELIMINARY LOCAL CLIMATOLOGICAL DATA (WS FORM: F-6)
STATION: PINE RIDGE SD
MONTH: OCTOBER
YEAR: 2020
LATITUDE: 43 1 N
LONGITUDE: 102 31 W
TEMPERATURE IN F: :PCPN: SNOW: WIND :SUNSHINE: SKY :PK WND
================================================================================
1 2 3 4 5 6A 6B 7 8 9 10 11 12 13 14 15 16 17 18
12Z AVG MX 2MIN
DY MAX MIN AVG DEP HDD CDD WTR SNW DPTH SPD SPD DIR MIN PSBL S-S WX SPD DR
================================================================================
1 61 30 46 -8 19 0 0.00 M M 5.6 17 360 M M 0 24 350
2 75 33 54 0 11 0 T M M 6.0 36 10 M M 1 8 49 10
3 68 31 50 -3 15 0 0.00 M M 5.7 18 360 M M 0 24 330
4 81 32 57 4 8 0 0.00 M M 5.8 15 190 M M 0 23 180
5 78 37 58 6 7 0 0.00 M M 6.4 24 350 M M 0 35 350
6 86 38 62 10 3 0 0.00 M M 6.3 23 280 M M 0 31 270
7 79 35 57 5 8 0 0.00 M M 7.2 16 120 M M 0 24 120
8 90 47 69 18 0 4 0.00 M M 6.8 18 200 M M 0 8 25 210
9 84 37 61 10 4 0 0.00 M M 5.6 16 10 M M 0 22 360
10 83 33 58 8 7 0 0.00 M M 16.3 31 180 M M 0 47 180
11 74 32 53 3 12 0 0.01 M M 11.8 31 270 M M 2 8 46 180
12 74 24 49 -1 16 0 0.00 M M 10.1 29 300 M M 2 37 290
13 70 37 54 5 11 0 0.00 M M 10.5 28 190 M M 2 39 200
14 63 40 52 3 13 0 0.02 M M 12.7 32 360 M M 5 51 350
15 50 24 37 -11 28 0 T M M 6.8 25 300 M M 5 36 300
16 59 23 41 -7 24 0 0.00 M M 6.6 18 240 M M 6 26 240
17 50 29 40 -8 25 0 0.16 M M 8.7 23 360 M M 9 18 33 10
18 35 27 31 -16 34 0 0.05 M M 6.6 15 130 M M 10 1 20 140
19 44 35 40 -7 25 0 0.03 M M 6.9 16 160 M M 9 27 160
20 56 35 46 0 19 0 0.00 M M 7.1 16 20 M M 7 1 28 160
21 58 30 44 -2 21 0 T M M 12.4 21 30 M M 7 16 29 70
22 31 25 28 -18 37 0 T M M 9.8 18 360 M M 10 16 27 10
23 30 21 26 -19 39 0 T M M 7.9 21 160 M M 8 18 32 170
24 32 19 26 -19 39 0 T M M 10.4 20 20 M M 9 1 28 30
25 19 8 14 -30 51 0 0.04 M M 8.8 22 20 M M 10 1 27 20
26 22 -7 8 -36 57 0 0.00 M M 6.8 18 240 M M 1 23 240
27 38 2 20 -23 45 0 0.00 M M 6.8 17 270 M M 0 22 270
28 50 30 40 -3 25 0 0.00 M M 5.2 14 240 M M 3 19 240
29 65 29 47 4 18 0 0.00 M M 4.9 16 260 M M 3 24 250
30 70 26 48 6 17 0 0.00 M M 10.5 23 190 M M 0 32 190
31 60 22 41 -1 24 0 0.00 M M 7.0 21 330 M M 2 30 330
================================================================================
SM 1835 864 662 4 0.31 M 250.0 M 111
================================================================================
AV 59.2 27.9 8.1 FASTST M M 4 MAX(MPH)
MISC ----> 36 10 51 350
================================================================================
NOTES:
# LAST OF SEVERAL OCCURRENCES
COLUMN 17 PEAK WIND IN M.P.H.
PRELIMINARY LOCAL CLIMATOLOGICAL DATA (WS FORM: F-6) , PAGE 2
STATION: PINE RIDGE SD
MONTH: OCTOBER
YEAR: 2020
LATITUDE: 43 1 N
LONGITUDE: 102 31 W
[TEMPERATURE DATA] [PRECIPITATION DATA] SYMBOLS USED IN COLUMN 16
AVERAGE MONTHLY: 43.5 TOTAL FOR MONTH: 0.31 1 = FOG OR MIST
DPTR FM NORMAL: -4.4 DPTR FM NORMAL: -0.89 2 = FOG REDUCING VISIBILITY
HIGHEST: 90 ON 8 GRTST 24HR 0.21 ON 17-18 TO 1/4 MILE OR LESS
LOWEST: -7 ON 26 3 = THUNDER
SNOW, ICE PELLETS, HAIL 4 = ICE PELLETS
TOTAL MONTH: M 5 = HAIL
GRTST 24HR M ON M 6 = FREEZING RAIN OR DRIZZLE
GRTST DEPTH: M ON M 7 = DUSTSTORM OR SANDSTORM:
VSBY 1/2 MILE OR LESS
8 = SMOKE OR HAZE
[NO. OF DAYS WITH] [WEATHER - DAYS WITH] 9 = BLOWING SNOW
X = TORNADO
MAX 32 OR BELOW: 5 0.01 INCH OR MORE: 6
MAX 90 OR ABOVE: 1 0.10 INCH OR MORE: 1
MIN 32 OR BELOW: 20 0.50 INCH OR MORE: 0
MIN 0 OR BELOW: 1 1.00 INCH OR MORE: 0
[HDD (BASE 65) ]
TOTAL THIS MO. 662 CLEAR (SCALE 0-3) 17
DPTR FM NORMAL 129 PTCLDY (SCALE 4-7) 8
TOTAL FM JUL 1 845 CLOUDY (SCALE 8-10) 6
DPTR FM NORMAL 91
[CDD (BASE 65) ]
TOTAL THIS MO. 4
DPTR FM NORMAL 1 [PRESSURE DATA]
TOTAL FM JAN 1 1039 HIGHEST SLP 30.63 ON 25
DPTR FM NORMAL 322 LOWEST SLP 29.42 ON 11
[REMARKS]
#FINAL-10-20#