766
CXUS55 KVEF 030308
CF6IGM
PRELIMINARY LOCAL CLIMATOLOGICAL DATA (WS FORM: F-6)
STATION: KINGMAN AZ
MONTH: MARCH
YEAR: 2020
LATITUDE: 35 16 N
LONGITUDE: 113 57 W
TEMPERATURE IN F: :PCPN: SNOW: WIND :SUNSHINE: SKY :PK WND
================================================================================
1 2 3 4 5 6A 6B 7 8 9 10 11 12 13 14 15 16 17 18
12Z AVG MX 2MIN
DY MAX MIN AVG DEP HDD CDD WTR SNW DPTH SPD SPD DIR MIN PSBL S-S WX SPD DR
================================================================================
1 63 38 51 2 14 0 T M M 15.4 33 220 M M 2 40 200
2 59 39 49 0 16 0 0.02 M M 15.1 38 350 M M 6 3 43 350
3 64 36 50 1 15 0 0.00 M M 11.2 22 350 M M 0 26 360
4 67 35 51 2 14 0 0.00 M M 5.9 14 220 M M 0 19 230
5 74 37 56 6 9 0 0.00 M M 5.0 15 240 M M 0 18 240
6 75 41 58 8 7 0 0.00 M M 10.6 22 220 M M 1 28 220
7 70 47 59 9 6 0 0.00 M M 14.7 30 210 M M 0 36 220
8 64 44 54 4 11 0 0.00 M M 13.2 26 240 M M 1 32 230
9 64 41 53 3 12 0 0.00 M M 10.7 21 230 M M 0 24 230
10 61 48 55 5 10 0 0.32 M M 10.1 25 140 M M 9 1 31 140
11 65 51 58 7 7 0 0.29 M M 7.2 20 240 M M 7 12 24 250
12 63 46 55 4 10 0 0.44 M M 8.7 33 220 M M 6 13 41 220
13 57 43 50 -1 15 0 0.02 M M 15.8 28 210 M M 6 1 35 210
14 61 45 53 2 12 0 0.00 M M 10.4 26 230 M M 5 34 230
15 64 40 52 1 13 0 0.00 M M 10.5 30 230 M M 0 37 230
16 65 38 52 0 13 0 0.00 M M 9.4 23 230 M M 1 28 240
17 59 41 50 -2 15 0 0.00 M M 14.3 28 210 M M 2 35 230
18 50 40 45 -7 20 0 0.59 M M 6.7 22 220 M M 9 1 26 220
19 54 36 45 -7 20 0 0.08 M M 13.0 23 220 M M 5 29 220
20 54 38 46 -6 19 0 T M M 6.7 17 110 M M 7 20 130
21 61 37 49 -3 16 0 0.00 M M 5.9 17 230 M M 3 23 230
22 63 37 50 -3 15 0 0.00 M M 5.8 17 230 M M 1 21 220
23 59 43 51 -2 14 0 0.20 M M 13.5 29 200 M M 5 1 35 200
24 64 39 52 -1 13 0 0.00 M M 12.8 26 230 M M 0 31 230
25 64 43 54 1 11 0 0.00 M M 12.7 28 230 M M 0 36 210
26 54 35 45 -8 20 0 0.02 M M 14.6 28 190 M M 2 34 250
27 51 32 42 -12 23 0 0.01 M M 8.0 20 290 M M 6 24 290
28 60 30 45 -9 20 0 0.00 M M 7.5 18 230 M M 0 22 250
29 63 37 50 -4 15 0 T M M 11.6 26 300 M M 3 35 300
30 67 32 50 -4 15 0 0.00 M M 3.9 12 340 M M 0 17 360
31 71 35 53 -1 12 0 0.00 M M 5.8 15 250 M M 0 19 250
================================================================================
SM 1930 1224 432 0 1.99 M 316.7 M 87
================================================================================
AV 62.3 39.5 10.2 FASTST M M 3 MAX(MPH)
MISC ----> 38 350 43 350
================================================================================
NOTES:
# LAST OF SEVERAL OCCURRENCES
COLUMN 17 PEAK WIND IN M.P.H.
PRELIMINARY LOCAL CLIMATOLOGICAL DATA (WS FORM: F-6) , PAGE 2
STATION: KINGMAN AZ
MONTH: MARCH
YEAR: 2020
LATITUDE: 35 16 N
LONGITUDE: 113 57 W
[TEMPERATURE DATA] [PRECIPITATION DATA] SYMBOLS USED IN COLUMN 16
AVERAGE MONTHLY: 50.9 TOTAL FOR MONTH: 1.99 1 = FOG OR MIST
DPTR FM NORMAL: -0.7 DPTR FM NORMAL: 1.23 2 = FOG REDUCING VISIBILITY
HIGHEST: 75 ON 6 GRTST 24HR 0.63 ON 18-19 TO 1/4 MILE OR LESS
LOWEST: 30 ON 28 3 = THUNDER
SNOW, ICE PELLETS, HAIL 4 = ICE PELLETS
TOTAL MONTH: M 5 = HAIL
GRTST 24HR M ON M 6 = FREEZING RAIN OR DRIZZLE
GRTST DEPTH: M ON M 7 = DUSTSTORM OR SANDSTORM:
VSBY 1/2 MILE OR LESS
8 = SMOKE OR HAZE
[NO. OF DAYS WITH] [WEATHER - DAYS WITH] 9 = BLOWING SNOW
X = TORNADO
MAX 32 OR BELOW: 0 0.01 INCH OR MORE: 10
MAX 90 OR ABOVE: 0 0.10 INCH OR MORE: 5
MIN 32 OR BELOW: 3 0.50 INCH OR MORE: 1
MIN 0 OR BELOW: 0 1.00 INCH OR MORE: 0
[HDD (BASE 65) ]
TOTAL THIS MO. 432 CLEAR (SCALE 0-3) 19
DPTR FM NORMAL 14 PTCLDY (SCALE 4-7) 10
TOTAL FM JUL 1 2766 CLOUDY (SCALE 8-10) 2
DPTR FM NORMAL -66
[CDD (BASE 65) ]
TOTAL THIS MO. 0
DPTR FM NORMAL -3 [PRESSURE DATA]
TOTAL FM JAN 1 0 HIGHEST SLP M ON M
DPTR FM NORMAL -3 LOWEST SLP 29.55 ON 18
[REMARKS]
#FINAL-03-20#