000
CXUS55 KVEF 010910
CF6IGM
PRELIMINARY LOCAL CLIMATOLOGICAL DATA (WS FORM: F-6)
STATION: KINGMAN AZ
MONTH: JULY
YEAR: 2023
LATITUDE: 35 16 N
LONGITUDE: 113 57 W
TEMPERATURE IN F: :PCPN: SNOW: WIND :SUNSHINE: SKY :PK WND
================================================================================
1 2 3 4 5 6A 6B 7 8 9 10 11 12 13 14 15 16 17 18
12Z AVG MX 2MIN
DY MAX MIN AVG DEP HDD CDD WTR SNW DPTH SPD SPD DIR MIN PSBL S-S WX SPD DR
================================================================================
1 105 65 85 2 0 20 0.00 M M 4.3 14 330 M M 0 23 360
2 111 71 91 8 0 26 0.00 M M 6.5 20 260 M M 0 29 270
3 107 71 89 6 0 24 0.00 M M 11.9 28 220 M M 0 35 220
4 101 69 85 2 0 20 0.00 M M 13.6 31 190 M M 0 8 57 250
5 99 59 79 -5 0 14 0.00 M M 11.3 22 260 M M 0 33 250
6 100 60 80 -4 0 15 0.00 M M 12.8 31 210 M M 0 40 200
7 98 63 81 -3 0 16 0.00 M M 13.1 29 230 M M 0 38 220
8 100 61 81 -3 0 16 0.00 M M 13.8 26 240 M M 0 33 220
9 100 69 85 1 0 20 0.00 M M 12.8 29 220 M M 0 38 240
10 100 69 85 1 0 20 0.00 M M 11.4 25 220 M M 0 35 240
11 101 77 89 5 0 24 0.00 M M 10.9 26 210 M M 0 31 210
12 103 76 90 6 0 25 0.00 M M 12.6 28 230 M M 0 40 240
13 104 74 89 5 0 24 0.00 M M 10.6 24 250 M M 0 33 240
14 107 69 88 3 0 23 0.00 M M 6.9 20 270 M M 0 33 260
15 114 69 92 7 0 27 0.00 M M 4.4 17 10 M M 0 25 350
16 107 72 90 5 0 25 0.00 M M 10.1 23 250 M M 0 32 250
17 107 80 94 9 0 29 0.00 M M 11.8 24 240 M M 0 33 240
18 106 79 93 8 0 28 0.00 M M 12.7 26 250 M M 0 37 260
19 107 76 92 7 0 27 0.00 M M 11.5 28 220 M M 0 37 190
20 108 76 92 7 0 27 0.00 M M 8.9 23 280 M M 0 31 260
21 111 75 93 8 0 28 0.00 M M 7.5 29 130 M M 0 36 130
22 109 81 95 10 0 30 0.00 M M 10.8 30 40 M M 0 38 39 130
23 103 82 93 8 0 28 0.00 M M 12.9 28 250 M M 0 38 240
24 104 77 91 6 0 26 0.00 M M 11.9 24 250 M M 0 3 33 260
25 105 75 90 5 0 25 0.00 M M 9.3 23 160 M M 0 38 30 160
26 108 80 94 9 0 29 0.00 M M 10.1 25 240 M M 0 37 240
27 106 78 92 7 0 27 0.00 M M 14.0 28 250 M M 0 37 250
28 106 76 91 6 0 26 0.00 M M 13.8 30 240 M M 0 3 38 230
29 106 78 92 7 0 27 0.00 M M 12.1 31 100 M M 1 38 42 100
30 97 76 87 2 0 22 0.01 M M 9.1 24 230 M M 1 3 30 220
31 95 67 81 -4 0 16 1.23 M M 11.2 26 140 M M 3 138 38 140
================================================================================
SM 3235 2250 0 734 1.24 M 334.6 M 5
================================================================================
AV104.4 72.6 10.8 FASTST M M 0 MAX(MPH)
MISC ----> # 31 190 57 250
================================================================================
NOTES:
# LAST OF SEVERAL OCCURRENCES
COLUMN 17 PEAK WIND IN M.P.H.
PRELIMINARY LOCAL CLIMATOLOGICAL DATA (WS FORM: F-6) , PAGE 2
STATION: KINGMAN AZ
MONTH: JULY
YEAR: 2023
LATITUDE: 35 16 N
LONGITUDE: 113 57 W
[TEMPERATURE DATA] [PRECIPITATION DATA] SYMBOLS USED IN COLUMN 16
AVERAGE MONTHLY: 88.5 TOTAL FOR MONTH: 1.24 1 = FOG OR MIST
DPTR FM NORMAL: 4.2 DPTR FM NORMAL: 0.38 2 = FOG REDUCING VISIBILITY
HIGHEST: 114 ON 15 GRTST 24HR 1.23 ON 31-31 TO 1/4 MILE OR LESS
LOWEST: 59 ON 5 3 = THUNDER
SNOW, ICE PELLETS, HAIL 4 = ICE PELLETS
TOTAL MONTH: M 5 = HAIL
GRTST 24HR M ON M 6 = FREEZING RAIN OR DRIZZLE
GRTST DEPTH: M ON M 7 = DUSTSTORM OR SANDSTORM:
VSBY 1/2 MILE OR LESS
8 = SMOKE OR HAZE
[NO. OF DAYS WITH] [WEATHER - DAYS WITH] 9 = BLOWING SNOW
X = TORNADO
MAX 32 OR BELOW: 0 0.01 INCH OR MORE: 2
MAX 90 OR ABOVE: 31 0.10 INCH OR MORE: 1
MIN 32 OR BELOW: 0 0.50 INCH OR MORE: 1
MIN 0 OR BELOW: 0 1.00 INCH OR MORE: 1
[HDD (BASE 65) ]
TOTAL THIS MO. 0 CLEAR (SCALE 0-3) 31
DPTR FM NORMAL 0 PTCLDY (SCALE 4-7) 0
TOTAL FM JUL 1 0 CLOUDY (SCALE 8-10) 0
DPTR FM NORMAL 0
[CDD (BASE 65) ]
TOTAL THIS MO. 734
DPTR FM NORMAL 134 [PRESSURE DATA]
TOTAL FM JAN 1 1208 HIGHEST SLP 30.01 ON 31
DPTR FM NORMAL -4 LOWEST SLP 29.58 ON 7
[REMARKS]
#FINAL-07-23#