000
CXUS53 KILX 011534
CLSILX
CLIMATE REPORT
NATIONAL WEATHER SERVICE LINCOLN IL
1034 AM CDT WED JUN 01 2022
...................................
...THE LINCOLN IL CLIMATE SUMMARY FOR THE SEASON, FROM
3/1/2022 TO 5/31/2022...
CLIMATE NORMAL PERIOD 1991 TO 2020
CLIMATE RECORD PERIOD 1905 TO 2022
WEATHER OBSERVED NORMAL DEPART LAST YEAR`S
VALUE DATE(S) VALUE FROM VALUE
NORMAL
..............................................................
TEMPERATURE (F)
RECORD
HIGH 102 05/31/1934
LOW -14 03/10/1934
HIGHEST 94 05/11 MM MM 86
LOWEST 8 03/12 MM MM 19
AVG. MAXIMUM 63.0 63.6 -0.6 64.2
AVG. MINIMUM 42.1 41.4 0.7 42.5
MEAN 52.6 52.5 0.1 53.4
DAYS MAX >= 90 3 1.0 2.0 0
DAYS MAX <= 32 2 1.9 0.1 0
DAYS MIN <= 32 20 25.3 -5.3 18
DAYS MIN <= 0 0 0.3 -0.3 0
PRECIPITATION (INCHES)
RECORD
MAXIMUM 19.75 1995
MINIMUM 4.03 2005
TOTALS 10.97 11.31 -0.34 10.85
DAILY AVG. 0.12 0.12
DAYS >= .01 40 34.8 5.2 33
DAYS >= .10 25 21.8 3.2 25
DAYS >= .50 8 7.0 1.0 6
DAYS >= 1.00 1 2.1 -1.1 2
GREATEST
24 HR. TOTAL 1.59 1.28
SNOWFALL (INCHES)
RECORDS
TOTAL 21.0 1934
24 HR TOTAL 10.8 03/24/2013 TO 03/24/2013
TOTALS 4.3 1.8 2.5 0.6
DAYS >= TRACE 10 2.1 7.9 MM
DAYS >= 1.0 2 0.9 1.1 MM
GREATEST
SNOW DEPTH 4 03/11 0
24 HR TOTAL MM 0.6
DEGREE DAYS
HEATING TOTAL 1278 1248 30 1145
SINCE 7/1 5408 5608 -200 MM
COOLING TOTAL 155 101 54 100
SINCE 1/1 155 101 54 MM
FREEZE DATES
RECORD
EARLIEST 09/11/1917
LATEST 05/29/1925
EARLIEST 11/02
LATEST 04/22
..............................................................
SKY COVER
POSSIBLE SUNSHINE (PERCENT) MM
WEATHER CONDITIONS. NUMBER OF DAYS WITH
THUNDERSTORM 12 MIXED PRECIP 1
HEAVY RAIN 7 RAIN 21
LIGHT RAIN 43 FREEZING RAIN 0
LT FREEZING RAIN 0 HAIL 3
HEAVY SNOW 0 SNOW 0
LIGHT SNOW 6 SLEET 1
FOG 15 FOG W/VIS <= 1/4 MILE 2
HAZE 0
- INDICATES NEGATIVE NUMBERS.
R INDICATES RECORD WAS SET OR TIED.
MM INDICATES DATA IS MISSING.
T INDICATES TRACE AMOUNT.
$$
ERWIN