000
CXUS53 KIND 010600
CF6IND
PRELIMINARY LOCAL CLIMATOLOGICAL DATA (WS FORM: F-6)
STATION: INDIANAPOLIS IN
MONTH: SEPTEMBER
YEAR: 2020
LATITUDE: 39 43 N
LONGITUDE: 86 17 W
TEMPERATURE IN F: :PCPN: SNOW: WIND :SUNSHINE: SKY :PK WND
================================================================================
1 2 3 4 5 6A 6B 7 8 9 10 11 12 13 14 15 16 17 18
12Z AVG MX 2MIN
DY MAX MIN AVG DEP HDD CDD WTR SNW DPTH SPD SPD DIR MIN PSBL S-S WX SPD DR
================================================================================
1 81 68 75 3 0 10 0.01 0.0 0 5.7 15 220 M M 7 18 20 180
2 80 70 75 3 0 10 0.01 0.0 0 8.3 16 280 M M 9 1 22 260
3 87 67 77 5 0 12 T 0.0 0 9.4 23 250 M M 8 18 30 240
4 78 57 68 -3 0 3 0.00 0.0 0 8.7 20 310 M M 5 27 290
5 83 52 68 -3 0 3 0.00 0.0 0 9.6 22 220 M M 1 30 230
6 80 61 71 0 0 6 T 0.0 0 9.6 22 180 M M 5 30 180
7 86 69 78 8 0 13 0.00 0.0 0 12.3 18 190 M M 6 25 190
8 90 66 78 8 0 13 0.00 0.0 0 8.7 17 210 M M 5 24 170
9 89 66 78 8 0 13 0.00 0.0 0 4.1 12 130 M M 2 1 17 170
10 76 67 72 3 0 7 0.00 0.0 0 9.5 15 60 M M 8 12 20 60
11 77 64 71 2 0 6 0.00 0.0 0 10.6 17 110 M M 10 18 21 100
12 86 65 76 7 0 11 0.00 0.0 0 8.7 16 190 M M 9 1 21 210
13 81 65 73 5 0 8 0.02 0.0 0 7.6 14 20 M M 6 1 23 360
14 79 57 68 0 0 3 0.00 0.0 0 9.9 16 40 M M 0 21 10
15 78 55 67 0 0 2 0.00 0.0 0 6.0 12 80 M M 4 16 70
16 81 51 66 -1 0 1 0.00 0.0 0 4.0 10 200 M M 6 13 200
17 80 55 68 2 0 3 0.00 0.0 0 7.3 20 40 M M 5 30 20
18 68 50 59 -7 6 0 0.00 0.0 0 11.8 22 30 M M 1 33 50
19 70 45 58 -8 7 0 0.00 0.0 0 8.0 15 90 M M 1 21 60
20 74 46 60 -5 5 0 0.00 0.0 0 9.0 18 110 M M 1 26 70
21 77 49 63 -2 2 0 0.00 0.0 0 8.0 13 150 M M 2 17 130
22 77 50 64 0 1 0 0.00 0.0 0 4.1 13 220 M M 4 15 210
23 75 52 64 0 1 0 0.00 0.0 0 6.0 15 200 M M 7 18 200
24 78 56 67 4 0 2 0.00 0.0 0 4.5 13 190 M M 4 17 210
25 78 55 67 4 0 2 0.00 0.0 0 5.3 10 220 M M 1 15 170
26 75 59 67 5 0 2 0.00 0.0 0 12.0 21 200 M M 5 1 27 200
27 79 58 69 7 0 4 0.00 0.0 0 10.5 20 220 M M 4 25 230
28 68 50 59 -3 6 0 0.08 0.0 0 10.0 22 280 M M 8 1 27 280
29 66 44 55 -6 10 0 T 0.0 0 8.3 21 280 M M 4 26 270
30 73 46 60 -1 5 0 T 0.0 0 13.8 28 260 M M 5 38 330
================================================================================
SM 2350 1715 43 134 0.12 0.0 251.3 M 143
================================================================================
AV 78.3 57.2 8.4 FASTST M M 5 MAX(MPH)
MISC ----> 28 260 38 330
================================================================================
NOTES:
# LAST OF SEVERAL OCCURRENCES
COLUMN 17 PEAK WIND IN M.P.H.
PRELIMINARY LOCAL CLIMATOLOGICAL DATA (WS FORM: F-6) , PAGE 2
STATION: INDIANAPOLIS IN
MONTH: SEPTEMBER
YEAR: 2020
LATITUDE: 39 43 N
LONGITUDE: 86 17 W
[TEMPERATURE DATA] [PRECIPITATION DATA] SYMBOLS USED IN COLUMN 16
AVERAGE MONTHLY: 67.8 TOTAL FOR MONTH: 0.12 1 = FOG OR MIST
DPTR FM NORMAL: 0.8 DPTR FM NORMAL: -3.00 2 = FOG REDUCING VISIBILITY
HIGHEST: 90 ON 8 GRTST 24HR 0.08 ON 28-28 TO 1/4 MILE OR LESS
LOWEST: 44 ON 29 3 = THUNDER
SNOW, ICE PELLETS, HAIL 4 = ICE PELLETS
TOTAL MONTH: 0.0 INCH 5 = HAIL
GRTST 24HR 0.0 6 = FREEZING RAIN OR DRIZZLE
GRTST DEPTH: 0 7 = DUSTSTORM OR SANDSTORM:
VSBY 1/2 MILE OR LESS
8 = SMOKE OR HAZE
[NO. OF DAYS WITH] [WEATHER - DAYS WITH] 9 = BLOWING SNOW
X = TORNADO
MAX 32 OR BELOW: 0 0.01 INCH OR MORE: 4
MAX 90 OR ABOVE: 1 0.10 INCH OR MORE: 0
MIN 32 OR BELOW: 0 0.50 INCH OR MORE: 0
MIN 0 OR BELOW: 0 1.00 INCH OR MORE: 0
[HDD (BASE 65) ]
TOTAL THIS MO. 43 CLEAR (SCALE 0-3) 8
DPTR FM NORMAL -28 PTCLDY (SCALE 4-7) 18
TOTAL FM JUL 1 43 CLOUDY (SCALE 8-10) 4
DPTR FM NORMAL -31
[CDD (BASE 65) ]
TOTAL THIS MO. 134
DPTR FM NORMAL 6 [PRESSURE DATA]
TOTAL FM JAN 1 1198 HIGHEST SLP M ON M
DPTR FM NORMAL 149 LOWEST SLP 29.69 ON 30
[REMARKS]
#FINAL-09-20#