000
CXUS53 KDLH 031959
CF6INL
PRELIMINARY LOCAL CLIMATOLOGICAL DATA (WS FORM: F-6)
STATION: INTERNATIONAL FALLS
MONTH: MARCH
YEAR: 2024
LATITUDE: 48 34 N
LONGITUDE: 93 23 W
TEMPERATURE IN F: :PCPN: SNOW: WIND :SUNSHINE: SKY :PK WND
================================================================================
1 2 3 4 5 6A 6B 7 8 9 10 11 12 13 14 15 16 17 18
12Z AVG MX 2MIN
DY MAX MIN AVG DEP HDD CDD WTR SNW DPTH SPD SPD DIR MIN PSBL S-S WX SPD DR
================================================================================
1 51 12 32 16 33 0 0.00 0.0 5 6.3 15 220 M M 0 26 190
2 35 25 30 14 35 0 0.14 3.5 3 7.9 18 70 M M 7 12 27 50
3 41 32 37 20 28 0 0.21 0.0 5 15.2 24 230 M M 10 16 45 230
4 32 15 24 7 41 0 T T 2 13.5 31 240 M M 3 48 230
5 29 7 18 0 47 0 0.00 0.0 1 3.0 9 30 M M 3 14 30
6 40 19 30 12 35 0 0.00 0.0 1 11.3 24 130 M M 7 33 140
7 37 17 27 8 38 0 0.01 T 1 9.0 17 290 M M 6 18 26 260
8 30 15 23 3 42 0 T T 1 5.6 12 280 M M 7 8 17 280
9 35 12 24 4 41 0 0.00 0.0 1 6.4 14 350 M M 0 19 320
10 47 8 28 8 37 0 0.00 0.0 1 3.9 12 200 M M 0 21 200
11 62 24 43 22 22 0 0.00 0.0 1 4.5 9 250 M M 0 8 15 230
12 56 30 43 21 22 0 0.00 0.0 T 6.5 16 300 M M 0 22 300
13 38 23 31 9 34 0 0.00 0.0 T 3.8 9 10 M M 6 13 20
14 48 26 37 14 28 0 0.00 0.0 T 4.6 9 330 M M 1 17 40
15 43 26 35 12 30 0 0.08 0.0 T 9.0 23 230 M M 8 41 210
16 37 19 28 4 37 0 T 0.3 T 17.7 28 320 M M 10 18 39 320
17 22 14 18 -6 47 0 T T T 15.1 26 350 M M 10 8 37 350
18 32 9 21 -4 44 0 0.00 0.0 T 7.6 16 220 M M 5 27 250
19 34 13 24 -1 41 0 T T T 15.0 25 320 M M 10 35 300
20 19 4 12 -14 53 0 0.00 0.0 T 10.9 20 320 M M 1 25 300
21 26 0 13 -13 52 0 0.00 0.0 T 3.6 13 290 M M 1 18 330
22 27 10 19 -8 46 0 0.00 0.0 T 7.6 22 310 M M 4 28 320
23 25 -1 12 -15 53 0 0.00 0.0 T 4.2 13 300 M M 0 19 300
24 31 4 18 -10 47 0 0.01 T T 7.6 14 50 M M 7 18 21 60
25 26 19 23 -5 42 0 0.15 5.8 1 13.9 21 40 M M 10 128 33 50
26 20 13 17 -12 48 0 0.16 3.3 7 13.3 21 360 M M 10 18 31 20
27 19 13 16 -13 49 0 0.24 4.7 10 10.6 21 280 M M 10 1 32 290
28 34 6 20 -10 45 0 T T 10 8.1 20 300 M M 2 18 28 300
29 36 -2 17 -13 48 0 0.16 1.8 7 4.7 14 110 M M 5 128 18 110
30 36 31 34 3 31 0 0.00 0.0 9 4.4 13 300 M M 10 1 16 290
31 38 20 29 -2 36 0 0.00 0.0 8 6.4 16 310 M M 5 25 310
================================================================================
SM 1086 463 1232 0 1.16 19.4 261.2 M 158
================================================================================
AV 35.0 14.9 8.4 FASTST M M 5 MAX(MPH)
MISC ----> 31 240 48 230
================================================================================
NOTES:
# LAST OF SEVERAL OCCURRENCES
COLUMN 17 PEAK WIND IN M.P.H.
PRELIMINARY LOCAL CLIMATOLOGICAL DATA (WS FORM: F-6) , PAGE 2
STATION: INTERNATIONAL FALLS
MONTH: MARCH
YEAR: 2024
LATITUDE: 48 34 N
LONGITUDE: 93 23 W
[TEMPERATURE DATA] [PRECIPITATION DATA] SYMBOLS USED IN COLUMN 16
AVERAGE MONTHLY: 25.0 TOTAL FOR MONTH: 1.16 1 = FOG OR MIST
DPTR FM NORMAL: 1.4 DPTR FM NORMAL: 0.14 2 = FOG REDUCING VISIBILITY
HIGHEST: 62 ON 11 GRTST 24HR 0.28 ON 26-27 TO 1/4 MILE OR LESS
LOWEST: -2 ON 29 3 = THUNDER
SNOW, ICE PELLETS, HAIL 4 = ICE PELLETS
TOTAL MONTH: 19.4 INCHES 5 = HAIL
GRTST 24HR 5.8 ON 25-25 6 = FREEZING RAIN OR DRIZZLE
GRTST DEPTH: 10 ON 28,27 7 = DUSTSTORM OR SANDSTORM:
VSBY 1/2 MILE OR LESS
8 = SMOKE OR HAZE
[NO. OF DAYS WITH] [WEATHER - DAYS WITH] 9 = BLOWING SNOW
X = TORNADO
MAX 32 OR BELOW: 13 0.01 INCH OR MORE: 9
MAX 90 OR ABOVE: 0 0.10 INCH OR MORE: 6
MIN 32 OR BELOW: 31 0.50 INCH OR MORE: 0
MIN 0 OR BELOW: 3 1.00 INCH OR MORE: 0
[HDD (BASE 65) ]
TOTAL THIS MO. 1232 CLEAR (SCALE 0-3) 12
DPTR FM NORMAL -52 PTCLDY (SCALE 4-7) 10
TOTAL FM JUL 1 6892 CLOUDY (SCALE 8-10) 9
DPTR FM NORMAL -1883
[CDD (BASE 65) ]
TOTAL THIS MO. 0
DPTR FM NORMAL 0 [PRESSURE DATA]
TOTAL FM JAN 1 0 HIGHEST SLP 30.45 ON 23
DPTR FM NORMAL 0 LOWEST SLP 29.34 ON 3
[REMARKS]
#FINAL-03-24#