000
CXUS53 KDVN 011223
CLSIOW
CLIMATE REPORT
NATIONAL WEATHER SERVICE QUAD CITIES IA IL
623 AM CST MON MAR 01 2021
...................................
...THE IOWA CITY IA CLIMATE SUMMARY FOR THE SEASON, FROM
12/1/2020 TO 2/28/2021...
CLIMATE NORMAL PERIOD 1981 TO 2010
CLIMATE RECORD PERIOD 9999 TO 9999
WEATHER OBSERVED NORMAL DEPART LAST YEAR`S
VALUE DATE(S) VALUE FROM VALUE
NORMAL
..............................................................
TEMPERATURE (F)
HIGHEST 60 12/10 40 20
LOWEST -14 02/09 14 -28
02/17
AVG. MAXIMUM 30.1 32.4 -2.3
AVG. MINIMUM 15.1 16.6 -1.5
MEAN 22.6 24.5 -1.9
DAYS MAX >= 90 0
DAYS MAX <= 32 44
DAYS MIN <= 32 88
DAYS MIN <= 0 13
PRECIPITATION (INCHES)
TOTALS 4.30 3.68 0.62
DAILY AVG. 0.05 0.04 0.01
DAYS >= .01 21
DAYS >= .10 10
DAYS >= .50 3
DAYS >= 1.00 0
GREATEST
24 HR. TOTAL MM
DEGREE DAYS
HEATING TOTAL 3767 3644 123
SINCE 7/1 5050 4951 99
COOLING TOTAL 0 0 0
SINCE 1/1 0 0 0
..............................................................
WIND (MPH)
AVERAGE WIND SPEED 7.9
HIGHEST WIND SPEED/DIRECTION 38/240 DATE 12/23
HIGHEST GUST SPEED/DIRECTION 56/240 DATE 12/23
SKY COVER
POSSIBLE SUNSHINE (PERCENT) MM
AVERAGE SKY COVER 0.52
NUMBER OF DAYS FAIR 28
NUMBER OF DAYS PC 31
NUMBER OF DAYS CLOUDY 31
AVERAGE RH (PERCENT) 77
WEATHER CONDITIONS. NUMBER OF DAYS WITH
THUNDERSTORM 1 HAIL 0
SLEET 0 FOG 47
FOG W/VIS <= 1/4 MILE 13 HAZE 21
- INDICATES NEGATIVE NUMBERS.
R INDICATES RECORD WAS SET OR TIED.
MM INDICATES DATA IS MISSING.
T INDICATES TRACE AMOUNT.
$$
NOTE: SUPPLEMENTAL CLIMATE DATA WAS USED FROM A NEARBY
CLIMATOLOGICALLY REPRESENTATIVE STATION.