000
CXUS53 KEAX 011607
CLSIRK
CLIMATE REPORT
NATIONAL WEATHER SERVICE KANSAS CITY/PLEASANT HILL MO
1103 AM CDT FRI SEP 01 2023
...................................
...THE KIRKSVILLE MO CLIMATE SUMMARY FOR THE SEASON, FROM
6/1/2023 TO 8/31/2023...
CLIMATE NORMAL PERIOD: 1991 TO 2020
CLIMATE RECORD PERIOD: 9999 TO 9999
WEATHER OBSERVED NORMAL DEPART LAST YEAR`S
VALUE DATE(S) VALUE FROM VALUE DATE(S)
NORMAL
................................................................
TEMPERATURE (F)
HIGHEST 100 07/28 95 5 97 07/05
LOWEST 43 06/12 48 -5 52 06/02
06/28
AVG. MAXIMUM 84.9 84.0 0.9 84.9
AVG. MINIMUM 61.6 63.0 -1.4 63.2
MEAN 73.3 73.5 -0.2 74.0
DAYS MAX >= 90 22 20.7 1.3 20
DAYS MAX <= 32 0 0.0 0.0 0
DAYS MIN <= 32 0 0.0 0.0 0
DAYS MIN <= 0 0 0.0 0.0 0
PRECIPITATION (INCHES)
TOTALS 14.74 13.36 1.38 10.81
DAILY AVG. 0.16 0.15 0.01 0.12
DAYS >= .01 24 30.1 -6.1 31
DAYS >= .10 15 19.2 -4.2 18
DAYS >= .50 9 8.8 0.2 7
DAYS >= 1.00 5 3.6 1.4 3
GREATEST
24 HR. TOTAL 3.68
DEGREE DAYS
HEATING TOTAL 15 24 -9 3
COOLING TOTAL 802 810 -8 858
................................................................
WIND (MPH)
AVERAGE WIND SPEED 6.0
HIGHEST WIND SPEED/DIRECTION 41/280 DATE 06/29
HIGHEST GUST SPEED/DIRECTION 64/030 DATE 06/02
SKY COVER
POSSIBLE SUNSHINE (PERCENT) MM
AVERAGE SKY COVER 0.22
NUMBER OF DAYS FAIR 70
NUMBER OF DAYS PC 17
NUMBER OF DAYS CLOUDY 5
AVERAGE RH (PERCENT) 73
WEATHER CONDITIONS. NUMBER OF DAYS WITH
THUNDERSTORM 27 MIXED PRECIP 0
HEAVY RAIN 11 RAIN 13
LIGHT RAIN 25 FREEZING RAIN 0
LT FREEZING RAIN 0 HAIL 0
HEAVY SNOW 0 SNOW 0
LIGHT SNOW 0 SLEET 0
FOG 64 FOG W/VIS <= 1/4 MILE 15
HAZE 19
- INDICATES NEGATIVE NUMBERS.
R INDICATES RECORD WAS SET OR TIED.
MM INDICATES DATA IS MISSING.
T INDICATES TRACE AMOUNT.
$$