000
CXUS53 KGRB 041306
CF6ISW
PRELIMINARY LOCAL CLIMATOLOGICAL DATA (WS FORM: F-6)
STATION: WISCONSIN RAPIDS ASOS
MONTH: AUGUST
YEAR: 2023
LATITUDE: 44 22 N
LONGITUDE: 89 50 W
TEMPERATURE IN F: :PCPN: SNOW: WIND :SUNSHINE: SKY :PK WND
================================================================================
1 2 3 4 5 6A 6B 7 8 9 10 11 12 13 14 15 16 17 18
12Z AVG MX 2MIN
DY MAX MIN AVG DEP HDD CDD WTR SNW DPTH SPD SPD DIR MIN PSBL S-S WX SPD DR
================================================================================
1 83 52 68 -2 0 3 0.00 0.0 0 2.6 12 230 M M 0 1 16 220
2 87 61 74 4 0 9 0.00 0.0 0 6.1 14 210 M M 1 20 220
3 92 67 80 10 0 15 T 0.0 0 6.2 25 360 M M 2 123 37 350
4 86 64 75 5 0 10 0.00 0.0 0 6.8 13 110 M M 2 19 100
5 84 64 74 4 0 9 0.00 0.0 0 8.8 17 70 M M 1 22 90
6 81 60 71 1 0 6 0.00 0.0 0 6.0 12 100 M M 3 17 130
7 85 57 71 1 0 6 0.00 0.0 0 5.0 14 340 M M 1 25 340
8 86 59 73 3 0 8 0.00 0.0 0 4.8 17 310 M M 1 1 22 280
9 86 55 71 1 0 6 0.08 0.0 0 6.2 20 20 M M 2 1 26 30
10 81 57 69 -1 0 4 0.00 0.0 0 5.9 17 320 M M 2 1 26 330
11 84 61 73 4 0 8 0.65 0.0 0 8.1 37 360 M M 6 13 46 360
12 82 60 71 2 0 6 0.00 0.0 0 6.7 15 340 M M 7 21 280
13 67 58 63 -6 2 0 T 0.0 0 5.9 13 100 M M 9 17 110
14 64 59 62 -7 3 0 0.91 0.0 0 8.9 21 40 M M 10 13 26 40
15 79 53 66 -3 0 1 0.00 0.0 0 7.6 15 310 M M 1 23 350
16 83 57 70 1 0 5 0.00 0.0 0 12.3 24 220 M M 1 35 220
17 73 55 64 -4 1 0 0.45 0.0 0 10.0 24 330 M M 4 138 39 350
18 76 46 61 -7 4 0 0.00 0.0 0 4.6 14 180 M M 0 12 19 220
19 87 61 74 6 0 9 0.00 0.0 0 8.3 16 230 M M 1 25 200
20 88 66 77 9 0 12 0.00 0.0 0 6.5 14 40 M M 1 12 19 20
21 74 60 67 -1 0 2 T 0.0 0 6.9 13 120 M M 7 18 120
22 89 63 76 8 0 11 0.00 0.0 0 7.3 15 220 M M 2 23 190
23 99 72 86 19 0 21 0.00 0.0 0 7.6 18 270 M M 0 1 27 270
24 89 67 78 11 0 13 0.00 0.0 0 6.9 16 360 M M 7 1 22 360
25 88 68 78 11 0 13 T 0.0 0 5.0 14 310 M M 5 18 220
26 74 56 65 -2 0 0 0.00 0.0 0 8.1 18 40 M M 6 25 40
27 76 51 64 -2 1 0 0.00 0.0 0 3.2 9 180 M M 2 12 210
28 82 52 67 1 0 2 0.00 0.0 0 4.5 14 220 M M 4 1 21 220
29 78 57 68 2 0 3 T 0.0 0 9.9 20 360 M M 3 28 360
30 76 45 61 -5 4 0 T 0.0 0 3.9 10 40 M M 0 8 13 40
31 80 42 61 -5 4 0 0.00 0.0 0 5.0 15 140 M M 0 1 21 160
================================================================================
SM 2539 1805 19 182 2.09 0.0 205.6 M 91
================================================================================
AV 81.9 58.2 6.6 FASTST M M 3 MAX(MPH)
MISC ----> 37 360 46 360
================================================================================
NOTES:
# LAST OF SEVERAL OCCURRENCES
COLUMN 17 PEAK WIND IN M.P.H.
PRELIMINARY LOCAL CLIMATOLOGICAL DATA (WS FORM: F-6) , PAGE 2
STATION: WISCONSIN RAPIDS ASOS
MONTH: AUGUST
YEAR: 2023
LATITUDE: 44 22 N
LONGITUDE: 89 50 W
[TEMPERATURE DATA] [PRECIPITATION DATA] SYMBOLS USED IN COLUMN 16
AVERAGE MONTHLY: 70.1 TOTAL FOR MONTH: 2.09 1 = FOG OR MIST
DPTR FM NORMAL: 1.7 DPTR FM NORMAL: -1.74 2 = FOG REDUCING VISIBILITY
HIGHEST: 99 ON 23 GRTST 24HR 0.91 ON 14-14 TO 1/4 MILE OR LESS
LOWEST: 42 ON 31 3 = THUNDER
SNOW, ICE PELLETS, HAIL 4 = ICE PELLETS
TOTAL MONTH: 0.0 INCH 5 = HAIL
GRTST 24HR 0.0 6 = FREEZING RAIN OR DRIZZLE
GRTST DEPTH: 0 7 = DUSTSTORM OR SANDSTORM:
VSBY 1/2 MILE OR LESS
8 = SMOKE OR HAZE
[NO. OF DAYS WITH] [WEATHER - DAYS WITH] 9 = BLOWING SNOW
X = TORNADO
MAX 32 OR BELOW: 0 0.01 INCH OR MORE: 4
MAX 90 OR ABOVE: 2 0.10 INCH OR MORE: 3
MIN 32 OR BELOW: 0 0.50 INCH OR MORE: 2
MIN 0 OR BELOW: 0 1.00 INCH OR MORE: 0
[HDD (BASE 65) ]
TOTAL THIS MO. 19 CLEAR (SCALE 0-3) 21
DPTR FM NORMAL -11 PTCLDY (SCALE 4-7) 8
TOTAL FM JUL 1 25 CLOUDY (SCALE 8-10) 2
DPTR FM NORMAL -18
[CDD (BASE 65) ]
TOTAL THIS MO. 182
DPTR FM NORMAL 46 [PRESSURE DATA]
TOTAL FM JAN 1 545 HIGHEST SLP 30.31 ON 21
DPTR FM NORMAL 91 LOWEST SLP 29.55 ON 17
[REMARKS]
#FINAL-08-23#