000
CXUS52 TJSJ 052107
CF6ISX
PRELIMINARY LOCAL CLIMATOLOGICAL DATA (WS FORM: F-6)
STATION: HENRY E. ROHLSEN AP/ST CROIX
MONTH: JUNE
YEAR: 2023
LATITUDE: 17 42 N
LONGITUDE: 64 48 W
TEMPERATURE IN F: :PCPN: SNOW: WIND :SUNSHINE: SKY :PK WND
================================================================================
1 2 3 4 5 6A 6B 7 8 9 10 11 12 13 14 15 16 17 18
12Z AVG MX 2MIN
DY MAX MIN AVG DEP HDD CDD WTR SNW DPTH SPD SPD DIR MIN PSBL S-S WX SPD DR
================================================================================
1 90 80 85 3 0 20 0.00 M M 11.2 17 130 M M 4 22 140
2 89 81 85 3 0 20 0.00 M M 9.6 15 130 M M 7 20 150
3 90 82 86 4 0 21 0.00 M M 10.9 17 170 M M 8 23 160
4 91 82 87 5 0 22 0.00 M M 10.0 16 160 M M 8 23 150
5 90 80 85 3 0 20 0.00 M M 9.6 17 130 M M 7 8 24 140
6 90 79 85 3 0 20 0.00 M M 10.1 17 120 M M 8 21 120
7 90 82 86 4 0 21 0.00 M M 12.0 18 110 M M 8 24 110
8 91 82 87 5 0 22 0.00 M M 13.1 20 110 M M 3 25 100
9 91 82 87 5 0 22 T M M 14.4 21 100 M M 5 25 100
10 92 81 87 4 0 22 0.00 M M 14.6 23 100 M M 3 28 110
11 91 80 86 3 0 21 0.00 M M 15.0 23 100 M M 2 30 110
12 92 81 87 4 0 22 0.00 M M 16.1 25 100 M M 3 32 90
13 91 81 86 3 0 21 0.01 M M 13.8 24 110 M M 3 32 100
14 91 82 87 4 0 22 0.00 M M 14.1 18 100 M M 4 24 100
15 91 82 87 4 0 22 0.00 M M 16.1 22 100 M M 7 27 100
16 91 80 86 3 0 21 T M M 14.3 23 90 M M 5 28 110
17 91 77 84 1 0 19 0.23 M M 12.2 18 90 M M 2 1 24 90
18 89 77 83 0 0 18 T M M 9.4 17 90 M M 3 20 120
19 90 79 85 2 0 20 0.04 M M 11.9 21 120 M M 3 26 120
20 90 80 85 2 0 20 T M M 13.4 18 110 M M 2 26 110
21 91 79 85 2 0 20 0.01 M M 15.5 25 90 M M 5 18 29 90
22 92 81 87 4 0 22 0.07 M M 15.2 24 100 M M 6 30 60
23 91 80 86 3 0 21 T M M 13.5 25 120 M M 3 31 120
24 91 77 84 1 0 19 0.14 M M 11.8 23 100 M M 2 18 28 110
25 89 77 83 0 0 18 0.13 M M 8.4 18 110 M M 3 22 110
26 90 76 83 0 0 18 0.00 M M 7.5 15 110 M M 3 8 19 110
27 92 77 85 2 0 20 0.00 M M 10.7 20 100 M M 3 24 100
28 90 80 85 2 0 20 0.05 M M 10.4 21 110 M M 4 13 27 110
29 87 74 81 -2 0 16 3.19 M M 9.4 20 170 M M 7 138 29 180
30 89 76 83 0 0 18 T M M 9.2 17 110 M M 4 8 22 140
================================================================================
SM 2713 2387 0 608 3.87 M 363.4 M 135
================================================================================
AV 90.4 79.6 12.1 FASTST M M 5 MAX(MPH)
MISC ----> # 25 100 # 32 90
================================================================================
NOTES:
# LAST OF SEVERAL OCCURRENCES
COLUMN 17 PEAK WIND IN M.P.H.
PRELIMINARY LOCAL CLIMATOLOGICAL DATA (WS FORM: F-6) , PAGE 2
STATION: HENRY E. ROHLSEN AP/ST CROIX
MONTH: JUNE
YEAR: 2023
LATITUDE: 17 42 N
LONGITUDE: 64 48 W
[TEMPERATURE DATA] [PRECIPITATION DATA] SYMBOLS USED IN COLUMN 16
AVERAGE MONTHLY: 85.0 TOTAL FOR MONTH: 3.87 1 = FOG OR MIST
DPTR FM NORMAL: 2.2 DPTR FM NORMAL: 1.95 2 = FOG REDUCING VISIBILITY
HIGHEST: 92 ON 27,22 GRTST 24HR 3.19 ON 29-29 TO 1/4 MILE OR LESS
LOWEST: 74 ON 29 3 = THUNDER
SNOW, ICE PELLETS, HAIL 4 = ICE PELLETS
TOTAL MONTH: M 5 = HAIL
GRTST 24HR M ON M 6 = FREEZING RAIN OR DRIZZLE
GRTST DEPTH: M ON M 7 = DUSTSTORM OR SANDSTORM:
VSBY 1/2 MILE OR LESS
8 = SMOKE OR HAZE
[NO. OF DAYS WITH] [WEATHER - DAYS WITH] 9 = BLOWING SNOW
X = TORNADO
MAX 32 OR BELOW: 0 0.01 INCH OR MORE: 9
MAX 90 OR ABOVE: 25 0.10 INCH OR MORE: 4
MIN 32 OR BELOW: 0 0.50 INCH OR MORE: 1
MIN 0 OR BELOW: 0 1.00 INCH OR MORE: 1
[HDD (BASE 65) ]
TOTAL THIS MO. 0 CLEAR (SCALE 0-3) 8
DPTR FM NORMAL 0 PTCLDY (SCALE 4-7) 19
TOTAL FM JUL 1 0 CLOUDY (SCALE 8-10) 3
DPTR FM NORMAL 0
[CDD (BASE 65) ]
TOTAL THIS MO. 608
DPTR FM NORMAL 74 [PRESSURE DATA]
TOTAL FM JAN 1 2812 HIGHEST SLP 30.10 ON 16
DPTR FM NORMAL 164 LOWEST SLP 29.84 ON 3
[REMARKS]
#FINAL-06-23#