000
CXUS53 KGLD 010800
CF6ITR
PRELIMINARY LOCAL CLIMATOLOGICAL DATA (WS FORM: F-6)
STATION: BURLINGTON CO
MONTH: JULY
YEAR: 2020
LATITUDE: 39 15 N
LONGITUDE: 102 17 W
TEMPERATURE IN F: :PCPN: SNOW: WIND :SUNSHINE: SKY :PK WND
================================================================================
1 2 3 4 5 6A 6B 7 8 9 10 11 12 13 14 15 16 17 18
12Z AVG MX 2MIN
DY MAX MIN AVG DEP HDD CDD WTR SNW DPTH SPD SPD DIR MIN PSBL S-S WX SPD DR
================================================================================
1 90 50 70 -3 0 5 0.00 M M 11.5 21 80 M M 0 28 100
2 95 53 74 1 0 9 3.38 M M 14.0 36 120 M M 4 123 46 130
3 89 62 76 3 0 11 1.19 M M 17.6 47 310 M M 2 13 61 310
4 85 60 73 0 0 8 0.00 M M 11.1 23 150 M M 0 30 150
5 88 64 76 2 0 11 0.00 M M 6.8 17 150 M M 1 21 140
6 91 60 76 2 0 11 0.00 M M 11.3 17 150 M M 0 26 140
7 95 62 79 5 0 14 0.00 M M 18.4 31 160 M M 0 40 170
8 97 64 81 7 0 16 0.00 M M 7.9 24 190 M M 0 8 29 180
9 88 62 75 1 0 10 0.00 M M 10.1 20 120 M M 3 27 110
10 92 68 80 6 0 15 0.00 M M 13.1 21 140 M M 3 1 26 140
11 91 67 79 5 0 14 0.00 M M 11.0 21 360 M M 0 28 360
12 95 66 81 6 0 16 0.00 M M 17.3 28 140 M M 2 1 36 180
13 98 64 81 6 0 16 1.23 M M 14.1 41 320 M M 1 13 52 340
14 74 65 70 -5 0 5 0.09 M M 12.5 24 150 M M 8 18 32 150
15 70 62 66 -9 0 1 0.03 M M 6.2 17 80 M M 6 12 23 80
16 93 61 77 2 0 12 T M M 12.6 31 330 M M 1 123 45 320
17 98 63 81 6 0 16 0.00 M M 9.5 22 180 M M 0 30 180
18 97 67 82 7 0 17 0.00 M M 11.7 22 60 M M 0 30 80
19 90 62 76 1 0 11 0.01 M M 10.9 28 180 M M 2 123 37 260
20 92 61 77 2 0 12 0.00 M M 9.4 25 60 M M 0 3 38 70
21 90 57 74 -1 0 9 0.00 M M 10.7 23 150 M M 0 3 29 140
22 98 62 80 5 0 15 0.00 M M 17.7 28 170 M M 0 18 36 180
23 96 66 81 6 0 16 T M M 16.4 30 160 M M 2 3 40 170
24 100 68 84 9 0 19 0.00 M M 21.0 37 180 M M 1 50 160
25 99 66 83 8 0 18 0.03 M M 9.6 31 310 M M 2 3 38 300
26 89 64 77 2 0 12 0.34 M M 6.1 22 40 M M 5 13 27 60
27 82 64 73 -2 0 8 0.07 M M 9.0 18 70 M M 5 12 25 50
28 85 60 73 -2 0 8 0.00 M M 8.7 18 330 M M 5 12 25 340
29 95 61 78 3 0 13 0.00 M M 7.6 21 20 M M 1 30 350
30 77 59 68 -7 0 3 0.07 M M 12.9 25 40 M M 6 1 39 30
31 88 56 72 -3 0 7 0.00 M M 7.8 22 60 M M 1 30 60
================================================================================
SM 2807 1926 0 358 6.44 M 364.5 M 61
================================================================================
AV 90.5 62.1 11.8 FASTST M M 2 MAX(MPH)
MISC ----> 47 310 61 310
================================================================================
NOTES:
# LAST OF SEVERAL OCCURRENCES
COLUMN 17 PEAK WIND IN M.P.H.
PRELIMINARY LOCAL CLIMATOLOGICAL DATA (WS FORM: F-6) , PAGE 2
STATION: BURLINGTON CO
MONTH: JULY
YEAR: 2020
LATITUDE: 39 15 N
LONGITUDE: 102 17 W
[TEMPERATURE DATA] [PRECIPITATION DATA] SYMBOLS USED IN COLUMN 16
AVERAGE MONTHLY: 76.3 TOTAL FOR MONTH: 6.44 1 = FOG OR MIST
DPTR FM NORMAL: 1.8 DPTR FM NORMAL: 3.31 2 = FOG REDUCING VISIBILITY
HIGHEST: 100 ON 24 GRTST 24HR 3.38 ON 2- 2 TO 1/4 MILE OR LESS
LOWEST: 50 ON 1 3 = THUNDER
SNOW, ICE PELLETS, HAIL 4 = ICE PELLETS
TOTAL MONTH: M 5 = HAIL
GRTST 24HR M ON M 6 = FREEZING RAIN OR DRIZZLE
GRTST DEPTH: M ON M 7 = DUSTSTORM OR SANDSTORM:
VSBY 1/2 MILE OR LESS
8 = SMOKE OR HAZE
[NO. OF DAYS WITH] [WEATHER - DAYS WITH] 9 = BLOWING SNOW
X = TORNADO
MAX 32 OR BELOW: 0 0.01 INCH OR MORE: 10
MAX 90 OR ABOVE: 20 0.10 INCH OR MORE: 4
MIN 32 OR BELOW: 0 0.50 INCH OR MORE: 3
MIN 0 OR BELOW: 0 1.00 INCH OR MORE: 3
[HDD (BASE 65) ]
TOTAL THIS MO. 0 CLEAR (SCALE 0-3) 23
DPTR FM NORMAL -5 PTCLDY (SCALE 4-7) 7
TOTAL FM JUL 1 0 CLOUDY (SCALE 8-10) 1
DPTR FM NORMAL 0
[CDD (BASE 65) ]
TOTAL THIS MO. 358
DPTR FM NORMAL 61 [PRESSURE DATA]
TOTAL FM JAN 1 721 HIGHEST SLP M ON M
DPTR FM NORMAL 244 LOWEST SLP 29.59 ON 13
[REMARKS]
#FINAL-07-20#