000
CXUS53 KEAX 010736
CF6IXD
PRELIMINARY LOCAL CLIMATOLOGICAL DATA (WS FORM: F-6)
STATION: NEW CENTURY AIR CENTER KS
MONTH: MARCH
YEAR: 2023
LATITUDE: 38 49 N
LONGITUDE: 94 54 W
TEMPERATURE IN F: :PCPN: SNOW: WIND :SUNSHINE: SKY :PK WND
================================================================================
1 2 3 4 5 6A 6B 7 8 9 10 11 12 13 14 15 16 17 18
12Z AVG MX 2MIN
DY MAX MIN AVG DEP HDD CDD WTR SNW DPTH SPD SPD DIR MIN PSBL S-S WX SPD DR
================================================================================
1 60 37 49 10 16 0 0.00 M M 10.2 21 330 M M 0 27 330
2 46 31 39 0 26 0 0.05 M M 12.2 20 20 M M 3 1 27 20
3 54 36 45 5 20 0 0.61 M M 10.8 21 360 M M 6 1 28 350
4 57 34 46 6 19 0 0.00 M M 5.6 14 280 M M 3 20 290
5 72 42 57 16 8 0 0.00 M M 14.0 29 190 M M 3 40 200
6 63 37 50 9 15 0 0.00 M M 14.6 24 330 M M 0 31 330
7 50 36 43 2 22 0 0.27 M M 12.4 18 100 M M 8 1 29 100
8 45 42 44 2 21 0 0.01 M M 6.7 12 100 M M 10 1 17 110
9 45 37 41 -1 24 0 0.19 M M 9.9 20 320 M M 10 1 28 350
10 40 33 37 -6 28 0 0.00 M M 8.1 20 330 M M 7 8 28 330
11 42 34 38 -5 27 0 0.15 M M 11.1 21 110 M M 7 1 29 110
12 46 27 37 -7 28 0 0.00 M M 14.0 23 330 M M 5 33 330
13 36 22 29 -15 36 0 0.00 M M 10.7 20 340 M M 6 28 330
14 49 20 35 -9 30 0 0.00 M M 6.9 16 130 M M 0 21 150
15 63 36 50 5 15 0 0.00 M M 16.1 28 190 M M 1 43 150
16 62 28 45 0 20 0 0.38 M M 18.4 31 330 M M 8 1 40 320
17 42 23 33 -12 32 0 T M M 11.5 23 320 M M 3 31 330
18 31 17 24 -22 41 0 0.00 M M 15.1 26 330 M M 5 35 330
19 44 14 29 -17 36 0 0.00 M M 9.2 18 210 M M 0 25 180
20 60 30 45 -2 20 0 0.00 M M 17.8 31 200 M M 0 39 200
21 47 40 44 -3 21 0 0.26 M M 14.2 21 160 M M 10 1 30 150
22 67 46 57 10 8 0 0.00 M M 8.1 14 40 M M 8 12 18 40
23 52 38 45 -3 20 0 0.00 M M 11.7 22 360 M M 8 12 28 350
24 51 36 44 -4 21 0 0.70 M M 10.5 21 50 M M 7 18 29 30
25 61 37 49 1 16 0 0.03 M M 8.2 17 260 M M 6 1 23 250
26 45 33 39 -10 26 0 0.00 M M 11.5 23 270 M M 7 30 260
27 53 25 39 -10 26 0 0.07 M M 7.2 18 340 M M 3 1 25 330
28 51 32 42 -7 23 0 0.03 M M 8.1 18 330 M M 5 1 22 330
29 60 28 44 -6 21 0 0.00 M M 6.5 14 130 M M 0 20 130
30 69 41 55 5 10 0 T M M 15.8 30 170 M M 6 48 150
31 80 44 62 12 3 0 0.00 M M 22.2 43 270 M M 5 61 220
================================================================================
SM 1643 1016 679 0 2.75 M 359.3 M 150
================================================================================
AV 53.0 32.8 11.6 FASTST M M 5 MAX(MPH)
MISC ----> 43 270 61 220
================================================================================
NOTES:
# LAST OF SEVERAL OCCURRENCES
COLUMN 17 PEAK WIND IN M.P.H.
PRELIMINARY LOCAL CLIMATOLOGICAL DATA (WS FORM: F-6) , PAGE 2
STATION: NEW CENTURY AIR CENTER KS
MONTH: MARCH
YEAR: 2023
LATITUDE: 38 49 N
LONGITUDE: 94 54 W
[TEMPERATURE DATA] [PRECIPITATION DATA] SYMBOLS USED IN COLUMN 16
AVERAGE MONTHLY: 42.9 TOTAL FOR MONTH: 2.75 1 = FOG OR MIST
DPTR FM NORMAL: -2.0 DPTR FM NORMAL: 0.44 2 = FOG REDUCING VISIBILITY
HIGHEST: 80 ON 31 GRTST 24HR 0.70 ON 24-24 TO 1/4 MILE OR LESS
LOWEST: 14 ON 19 3 = THUNDER
SNOW, ICE PELLETS, HAIL 4 = ICE PELLETS
TOTAL MONTH: M 5 = HAIL
GRTST 24HR M ON M 6 = FREEZING RAIN OR DRIZZLE
GRTST DEPTH: M ON M 7 = DUSTSTORM OR SANDSTORM:
VSBY 1/2 MILE OR LESS
8 = SMOKE OR HAZE
[NO. OF DAYS WITH] [WEATHER - DAYS WITH] 9 = BLOWING SNOW
X = TORNADO
MAX 32 OR BELOW: 1 0.01 INCH OR MORE: 12
MAX 90 OR ABOVE: 0 0.10 INCH OR MORE: 7
MIN 32 OR BELOW: 12 0.50 INCH OR MORE: 2
MIN 0 OR BELOW: 0 1.00 INCH OR MORE: 0
[HDD (BASE 65) ]
TOTAL THIS MO. 679 CLEAR (SCALE 0-3) 11
DPTR FM NORMAL 52 PTCLDY (SCALE 4-7) 16
TOTAL FM JUL 1 4333 CLOUDY (SCALE 8-10) 4
DPTR FM NORMAL -208
[CDD (BASE 65) ]
TOTAL THIS MO. 0
DPTR FM NORMAL -4 [PRESSURE DATA]
TOTAL FM JAN 1 0 HIGHEST SLP M ON M
DPTR FM NORMAL -4 LOWEST SLP 29.35 ON 31
[REMARKS]
#FINAL-03-23#