000
CXUS55 KRIW 011010
CF6JAC
PRELIMINARY LOCAL CLIMATOLOGICAL DATA (WS FORM: F-6)
STATION: JACKSON WY
MONTH: OCTOBER
YEAR: 2021
LATITUDE: 43 35 N
LONGITUDE: 110 44 W
TEMPERATURE IN F: :PCPN: SNOW: WIND :SUNSHINE: SKY :PK WND
================================================================================
1 2 3 4 5 6A 6B 7 8 9 10 11 12 13 14 15 16 17 18
12Z AVG MX 2MIN
DY MAX MIN AVG DEP HDD CDD WTR SNW DPTH SPD SPD DIR MIN PSBL S-S WX SPD DR
================================================================================
1 68 23 46 0 19 0 0.00 M M 5.0 9 10 M M 0 M M
2 69 24 47 2 18 0 0.00 M M 6.0 12 280 M M 0 17 220
3 70 22 46 1 19 0 0.00 M M 5.3 13 200 M M 0 M M
4 73 23 48 4 17 0 0.00 M M 5.7 15 220 M M 0 20 210
5 71 26 49 5 16 0 0.00 M M 5.0 10 30 M M 2 M M
6 67 35 51 7 14 0 T M M 7.4 17 210 M M 5 M M
7 57 33 45 2 20 0 0.28 M M 4.1 13 310 M M 7 1 M M
8 51 36 44 1 21 0 0.69 M M 6.0 13 230 M M 10 M M
9 47 36 42 0 23 0 0.01 M M 6.3 15 220 M M 10 M M
10 50 30 40 -2 25 0 T M M 6.9 17 270 M M 8 22 270
11 48 33 41 -1 24 0 0.18 M M 8.1 22 10 M M 10 1 30 360
12 40 30 35 -6 30 0 0.02 M M 13.5 25 20 M M 10 1 35 360
13 37 28 33 -8 32 0 T M M 10.6 15 220 M M 10 1 23 230
14 37 28 33 -8 32 0 0.01 M M 7.8 12 260 M M 10 1 18 260
15 43 25 34 -6 31 0 T M M 9.3 16 230 M M 3 29 230
16 56 19 38 -2 27 0 T M M 4.0 8 230 M M 0 M M
17 63 21 42 2 23 0 0.00 M M 5.5 17 230 M M 0 23 230
18 59 26 43 4 22 0 0.01 M M 7.3 23 140 M M 4 3 36 130
19 55 34 45 6 20 0 0.00 M M 10.8 18 40 M M 7 27 40
20 54 33 44 6 21 0 0.00 M M 6.4 18 190 M M 5 24 190
21 61 27 44 6 21 0 0.00 M M 5.9 18 260 M M 4 25 260
22 65 24 45 7 20 0 0.00 M M 6.7 15 270 M M 2 21 270
23 47 32 40 3 25 0 T M M 8.1 15 260 M M 9 21 260
24 47 31 39 2 26 0 0.05 M M 10.0 16 240 M M 10 22 250
25 49 38 44 8 21 0 0.16 M M 7.3 14 250 M M 10 17 230
26 42 33 38 2 27 0 T M M 7.9 16 180 M M 10 24 270
27 48 34 41 5 24 0 0.03 M M 13.4 22 180 M M 10 8 33 210
28 48 36 42 7 23 0 0.00 M M 10.0 21 180 M M 10 24 200
29 60 26 43 8 22 0 0.00 M M 7.7 18 200 M M 1 24 200
30 58 30 44 10 21 0 0.01 M M 7.8 17 190 M M 7 22 190
31 52 25 39 5 26 0 0.26 M M 5.6 15 220 M M 4 1 M M
================================================================================
SM 1692 901 710 0 1.71 M 231.4 M 178
================================================================================
AV 54.6 29.1 7.5 FASTST M M 6 MAX(MPH)
MISC ----> 25 20 36 130
================================================================================
NOTES:
# LAST OF SEVERAL OCCURRENCES
COLUMN 17 PEAK WIND IN M.P.H.
PRELIMINARY LOCAL CLIMATOLOGICAL DATA (WS FORM: F-6) , PAGE 2
STATION: JACKSON WY
MONTH: OCTOBER
YEAR: 2021
LATITUDE: 43 35 N
LONGITUDE: 110 44 W
[TEMPERATURE DATA] [PRECIPITATION DATA] SYMBOLS USED IN COLUMN 16
AVERAGE MONTHLY: 41.8 TOTAL FOR MONTH: 1.71 1 = FOG OR MIST
DPTR FM NORMAL: 2.0 DPTR FM NORMAL: 0.24 2 = FOG REDUCING VISIBILITY
HIGHEST: 73 ON 4 GRTST 24HR 0.78 ON 7- 8 TO 1/4 MILE OR LESS
LOWEST: 19 ON 16 3 = THUNDER
SNOW, ICE PELLETS, HAIL 4 = ICE PELLETS
TOTAL MONTH: M 5 = HAIL
GRTST 24HR M ON M 6 = FREEZING RAIN OR DRIZZLE
GRTST DEPTH: M ON M 7 = DUSTSTORM OR SANDSTORM:
VSBY 1/2 MILE OR LESS
8 = SMOKE OR HAZE
[NO. OF DAYS WITH] [WEATHER - DAYS WITH] 9 = BLOWING SNOW
X = TORNADO
MAX 32 OR BELOW: 0 0.01 INCH OR MORE: 12
MAX 90 OR ABOVE: 0 0.10 INCH OR MORE: 5
MIN 32 OR BELOW: 20 0.50 INCH OR MORE: 1
MIN 0 OR BELOW: 0 1.00 INCH OR MORE: 0
[HDD (BASE 65) ]
TOTAL THIS MO. 710 CLEAR (SCALE 0-3) 10
DPTR FM NORMAL -71 PTCLDY (SCALE 4-7) 8
TOTAL FM JUL 1 1276 CLOUDY (SCALE 8-10) 13
DPTR FM NORMAL -197
[CDD (BASE 65) ]
TOTAL THIS MO. 0
DPTR FM NORMAL 0 [PRESSURE DATA]
TOTAL FM JAN 1 73 HIGHEST SLP 30.64 ON 16
DPTR FM NORMAL 30 LOWEST SLP 29.55 ON 25
[REMARKS]
#FINAL-10-21#