000
CXUS54 KJAN 020352
CF6JAN
PRELIMINARY LOCAL CLIMATOLOGICAL DATA (WS FORM: F-6)
STATION: JACKSON
MONTH: JULY
YEAR: 2022
LATITUDE: 32 19 N
LONGITUDE: 90 5 W
TEMPERATURE IN F: :PCPN: SNOW: WIND :SUNSHINE: SKY :PK WND
================================================================================
1 2 3 4 5 6A 6B 7 8 9 10 11 12 13 14 15 16 17 18
12Z AVG MX 2MIN
DY MAX MIN AVG DEP HDD CDD WTR SNW DPTH SPD SPD DIR MIN PSBL S-S WX SPD DR
================================================================================
1 89 71 80 -2 0 15 0.33 0.0 0 2.7 23 160 M M 6 13 31 150
2 88 73 81 -1 0 16 0.12 0.0 0 4.5 21 200 M M 5 18 29 200
3 91 73 82 0 0 17 0.09 0.0 0 4.0 13 110 M M 5 13 17 110
4 93 74 84 2 0 19 0.86 0.0 0 3.5 18 120 M M 5 13 24 110
5 93 73 83 1 0 18 0.06 0.0 0 4.9 16 150 M M 4 13 21 150
6 92 73 83 1 0 18 0.01 0.0 0 3.5 13 190 M M 8 3 17 200
7 93 74 84 2 0 19 0.00 0.0 0 2.2 8 290 M M 3 1 13 270
8 95 75 85 3 0 20 0.00 0.0 0 3.1 9 230 M M 2 14 240
9 97 74 86 4 0 21 0.13 0.0 0 6.6 30 10 M M 4 13 40 360
10 91 73 82 0 0 17 T 0.0 0 5.8 17 360 M M 4 20 360
11 93 76 85 3 0 20 0.00 0.0 0 5.1 12 350 M M 3 17 360
12 95 73 84 2 0 19 0.00 0.0 0 3.2 13 350 M M 1 17 340
13 96 73 85 3 0 20 0.07 0.0 0 4.5 20 340 M M 3 13 25 340
14 90 72 81 -1 0 16 0.00 0.0 0 3.2 15 180 M M 5 3 20 190
15 94 72 83 1 0 18 0.00 0.0 0 4.4 12 160 M M 4 3 17 180
16 96 72 84 2 0 19 0.08 0.0 0 3.6 18 100 M M 3 3 28 110
17 94 73 84 2 0 19 T 0.0 0 5.1 16 140 M M 3 3 21 150
18 91 74 83 1 0 18 0.06 0.0 0 7.9 15 200 M M 4 13 21 80
19 93 77 85 3 0 20 0.00 0.0 0 9.1 16 180 M M 4 22 180
20 95 77 86 4 0 21 0.00 0.0 0 9.5 17 230 M M 2 25 210
21 94 77 86 4 0 21 0.00 0.0 0 9.7 21 130 M M 5 3 32 310
22 92 71 82 0 0 17 0.47 0.0 0 5.4 16 150 M M 6 13 25 130
23 89 74 82 0 0 17 0.04 0.0 0 5.2 20 190 M M 6 1 26 180
24 94 74 84 2 0 19 0.00 0.0 0 4.2 20 240 M M 4 28 250
25 95 73 84 2 0 19 0.00 0.0 0 4.3 17 160 M M 3 3 27 170
26 93 74 84 2 0 19 0.00 0.0 0 6.6 13 170 M M 4 17 190
27 94 73 84 2 0 19 0.00 0.0 0 4.9 13 190 M M 2 21 190
28 95 72 84 2 0 19 0.00 0.0 0 5.2 15 260 M M 3 20 250
29 94 73 84 2 0 19 0.11 0.0 0 4.7 21 180 M M 4 13 29 190
30 90 74 82 0 0 17 0.07 0.0 0 3.5 16 250 M M 6 13 22 260
31 93 70 82 0 0 17 0.00 0.0 0 4.9 14 160 M M 4 19 160
================================================================================
SM 2882 2277 0 573 2.50 0.0 155.0 M 125
================================================================================
AV 93.0 73.5 5.0 FASTST M M 4 MAX(MPH)
MISC ----> 30 10 40 360
================================================================================
NOTES:
# LAST OF SEVERAL OCCURRENCES
COLUMN 17 PEAK WIND IN M.P.H.
PRELIMINARY LOCAL CLIMATOLOGICAL DATA (WS FORM: F-6) , PAGE 2
STATION: JACKSON
MONTH: JULY
YEAR: 2022
LATITUDE: 32 19 N
LONGITUDE: 90 5 W
[TEMPERATURE DATA] [PRECIPITATION DATA] SYMBOLS USED IN COLUMN 16
AVERAGE MONTHLY: 83.2 TOTAL FOR MONTH: 2.50 1 = FOG OR MIST
DPTR FM NORMAL: 1.1 DPTR FM NORMAL: -2.52 2 = FOG REDUCING VISIBILITY
HIGHEST: 97 ON 9 GRTST 24HR 2.21 ON 30- 1 TO 1/4 MILE OR LESS
LOWEST: 70 ON 31 3 = THUNDER
SNOW, ICE PELLETS, HAIL 4 = ICE PELLETS
TOTAL MONTH: 0.0 INCH 5 = HAIL
GRTST 24HR 0.0 6 = FREEZING RAIN OR DRIZZLE
GRTST DEPTH: 0 7 = DUSTSTORM OR SANDSTORM:
VSBY 1/2 MILE OR LESS
8 = SMOKE OR HAZE
[NO. OF DAYS WITH] [WEATHER - DAYS WITH] 9 = BLOWING SNOW
X = TORNADO
MAX 32 OR BELOW: 0 0.01 INCH OR MORE: 14
MAX 90 OR ABOVE: 28 0.10 INCH OR MORE: 6
MIN 32 OR BELOW: 0 0.50 INCH OR MORE: 1
MIN 0 OR BELOW: 0 1.00 INCH OR MORE: 0
[HDD (BASE 65) ]
TOTAL THIS MO. 0 CLEAR (SCALE 0-3) 9
DPTR FM NORMAL 0 PTCLDY (SCALE 4-7) 22
TOTAL FM JUL 1 0 CLOUDY (SCALE 8-10) 0
DPTR FM NORMAL 0
[CDD (BASE 65) ]
TOTAL THIS MO. 573
DPTR FM NORMAL 41 [PRESSURE DATA]
TOTAL FM JAN 1 1551 HIGHEST SLP M ON M
DPTR FM NORMAL 185 LOWEST SLP 29.81 ON 11
[REMARKS]
#FINAL-07-22#