000
CXUS52 KJAX 020612
CF6JAX
PRELIMINARY LOCAL CLIMATOLOGICAL DATA (WS FORM: F-6)
STATION: JACKSONVILLE
MONTH: MARCH
YEAR: 2022
LATITUDE: 30 30 N
LONGITUDE: 81 42 W
TEMPERATURE IN F: :PCPN: SNOW: WIND :SUNSHINE: SKY :PK WND
================================================================================
1 2 3 4 5 6A 6B 7 8 9 10 11 12 13 14 15 16 17 18
12Z AVG MX 2MIN
DY MAX MIN AVG DEP HDD CDD WTR SNW DPTH SPD SPD DIR MIN PSBL S-S WX SPD DR
================================================================================
1 72 46 59 -1 6 0 0.00 0.0 0 5.3 14 20 M M 5 19 20
2 78 41 60 0 5 0 0.00 0.0 0 2.9 10 290 M M 0 1 14 330
3 81 41 61 1 4 0 0.00 0.0 0 2.7 12 250 M M 3 19 180
4 80 43 62 1 3 0 0.00 0.0 0 6.9 18 60 M M 3 1 23 60
5 80 61 71 10 0 6 0.00 0.0 0 8.2 20 110 M M 6 12 30 120
6 83 55 69 8 0 4 0.00 0.0 0 8.9 22 130 M M 2 26 120
7 87 59 73 12 0 8 0.00 0.0 0 6.9 20 170 M M 2 26 150
8 79 65 72 11 0 7 1.60 0.0 0 5.6 16 90 M M 7 13 24 120
9 85 64 75 14 0 10 0.36 0.0 0 9.2 35 260 M M 9 13 45 260
10 69 59 64 2 1 0 0.70 0.0 0 3.5 15 320 M M 8 123 19 130
11 69 58 64 2 1 0 1.49 0.0 0 5.8 20 200 M M 10 123 26 200
12 71 38 55 -7 10 0 1.23 0.0 0 16.8 35 280 M M 6 13 55 300
13 54 30 42 -20 23 0 0.00 0.0 0 7.5 16 50 M M 1 24 30
14 70 42 56 -6 9 0 0.00 0.0 0 9.0 21 70 M M 3 29 70
15 72 51 62 0 3 0 0.59 0.0 0 7.7 25 120 M M 8 1 37 120
16 80 60 70 8 0 5 0.11 0.0 0 9.3 20 220 M M 7 13 25 250
17 80 54 67 4 0 2 0.00 0.0 0 6.5 15 280 M M 1 1 30 270
18 86 50 68 5 0 3 0.02 0.0 0 5.4 31 10 M M 5 1 45 350
19 87 59 73 10 0 8 0.88 0.0 0 9.1 22 230 M M 7 13 32 230
20 73 49 61 -2 4 0 0.08 0.0 0 7.8 17 330 M M 3 1 23 290
21 74 44 59 -4 6 0 0.00 0.0 0 5.8 20 60 M M 3 25 50
22 79 52 66 3 0 1 0.00 0.0 0 9.0 23 140 M M 7 29 140
23 76 68 72 8 0 7 0.27 0.0 0 9.7 21 170 M M 9 13 29 170
24 69 57 63 -1 2 0 2.42 0.0 0 5.8 14 300 M M 10 13 19 300
25 75 53 64 0 1 0 0.03 0.0 0 8.9 25 240 M M 4 34 250
26 75 47 61 -3 4 0 0.00 0.0 0 10.5 26 270 M M 0 37 270
27 76 44 60 -4 5 0 0.00 0.0 0 8.9 22 290 M M 0 30 300
28 82 48 65 1 0 0 0.00 0.0 0 4.6 16 270 M M 2 24 270
29 77 51 64 -1 1 0 0.00 0.0 0 4.1 15 60 M M 3 1 18 60
30 84 60 72 7 0 7 0.00 0.0 0 12.5 24 140 M M 7 1 33 130
31 81 63 72 7 0 7 0.17 0.0 0 14.3 30 190 M M 8 1 44 170
================================================================================
SM 2384 1612 88 75 9.95 0.0 239.1 M 149
================================================================================
AV 76.9 52.0 7.7 FASTST M M 5 MAX(MPH)
MISC ----> # 35 260 55 300
================================================================================
NOTES:
# LAST OF SEVERAL OCCURRENCES
COLUMN 17 PEAK WIND IN M.P.H.
PRELIMINARY LOCAL CLIMATOLOGICAL DATA (WS FORM: F-6) , PAGE 2
STATION: JACKSONVILLE
MONTH: MARCH
YEAR: 2022
LATITUDE: 30 30 N
LONGITUDE: 81 42 W
[TEMPERATURE DATA] [PRECIPITATION DATA] SYMBOLS USED IN COLUMN 16
AVERAGE MONTHLY: 64.5 TOTAL FOR MONTH: 9.95 1 = FOG OR MIST
DPTR FM NORMAL: 2.1 DPTR FM NORMAL: 6.66 2 = FOG REDUCING VISIBILITY
HIGHEST: 87 ON 19, 7 GRTST 24HR 2.58 ON 23-24 TO 1/4 MILE OR LESS
LOWEST: 30 ON 13 3 = THUNDER
SNOW, ICE PELLETS, HAIL 4 = ICE PELLETS
TOTAL MONTH: 0.0 INCH 5 = HAIL
GRTST 24HR 0.0 6 = FREEZING RAIN OR DRIZZLE
GRTST DEPTH: 0 7 = DUSTSTORM OR SANDSTORM:
VSBY 1/2 MILE OR LESS
8 = SMOKE OR HAZE
[NO. OF DAYS WITH] [WEATHER - DAYS WITH] 9 = BLOWING SNOW
X = TORNADO
MAX 32 OR BELOW: 0 0.01 INCH OR MORE: 14
MAX 90 OR ABOVE: 0 0.10 INCH OR MORE: 11
MIN 32 OR BELOW: 1 0.50 INCH OR MORE: 7
MIN 0 OR BELOW: 0 1.00 INCH OR MORE: 4
[HDD (BASE 65) ]
TOTAL THIS MO. 88 CLEAR (SCALE 0-3) 12
DPTR FM NORMAL -55 PTCLDY (SCALE 4-7) 14
TOTAL FM JUL 1 1034 CLOUDY (SCALE 8-10) 5
DPTR FM NORMAL -146
[CDD (BASE 65) ]
TOTAL THIS MO. 75
DPTR FM NORMAL 11 [PRESSURE DATA]
TOTAL FM JAN 1 137 HIGHEST SLP 30.48 ON 13
DPTR FM NORMAL 34 LOWEST SLP 29.62 ON 12
[REMARKS]
#FINAL-03-22#