068
CXUS54 KSJT 011844
CF6JCT
PRELIMINARY LOCAL CLIMATOLOGICAL DATA (WS FORM: F-6)
STATION: JUNCTION
MONTH: AUGUST
YEAR: 2020
LATITUDE: 30 18 N
LONGITUDE: 99 28 W
TEMPERATURE IN F: :PCPN: SNOW: WIND :SUNSHINE: SKY :PK WND
================================================================================
1 2 3 4 5 6A 6B 7 8 9 10 11 12 13 14 15 16 17 18
12Z AVG MX 2MIN
DY MAX MIN AVG DEP HDD CDD WTR SNW DPTH SPD SPD DIR MIN PSBL S-S WX SPD DR
================================================================================
1 98 71 85 2 0 20 0.00 0.0 0 4.3 15 70 M M 2 20 40
2 102 70 86 3 0 21 0.00 0.0 0 5.0 18 40 M M 1 8 24 70
3 95 72 84 1 0 19 T 0.0 0 4.5 20 120 M M 2 3 27 100
4 100 69 85 2 0 20 0.00 0.0 0 6.9 16 170 M M 1 28 170
5 101 74 88 5 0 23 0.00 0.0 0 8.1 22 180 M M 0 28 170
6 99 77 88 5 0 23 0.00 0.0 0 8.4 22 150 M M 1 8 38 130
7 97 77 87 4 0 22 0.00 0.0 0 10.0 20 130 M M 3 27 130
8 98 76 87 4 0 22 0.00 0.0 0 9.5 18 180 M M 2 27 160
9 98 75 87 4 0 22 0.00 0.0 0 10.4 22 170 M M 1 31 160
10 99 76 88 5 0 23 0.00 0.0 0 10.8 21 170 M M 0 31 160
11 100 75 88 5 0 23 0.00 0.0 0 10.1 20 180 M M 1 29 180
12 102 76 89 6 0 24 0.00 0.0 0 8.8 17 170 M M 0 25 170
13 103 77 90 7 0 25 0.00 0.0 0 7.7 16 160 M M 0 24 190
14 107 76 92 9 0 27 0.00 0.0 0 7.0 16 190 M M 0 23 180
15 107 77 92 9 0 27 T 0.0 0 7.3 18 310 M M 1 3 27 320
16 103 70 87 5 0 22 0.00 0.0 0 5.4 37 30 M M 0 52 40
17 95 73 84 2 0 19 0.00 0.0 0 5.4 28 30 M M 1 37 30
18 99 68 84 2 0 19 0.02 0.0 0 4.0 22 10 M M 2 28 360
19 101 66 84 2 0 19 0.00 0.0 0 5.2 16 60 M M 1 23 350
20 99 65 82 0 0 17 0.00 0.0 0 4.9 21 50 M M 1 26 40
21 100 66 83 1 0 18 0.01 0.0 0 4.6 14 170 M M 3 3 20 150
22 98 73 86 4 0 21 0.05 0.0 0 6.6 17 80 M M 2 3 23 70
23 98 69 84 2 0 19 0.00 0.0 0 5.0 18 100 M M 1 25 100
24 96 66 81 -1 0 16 0.24 0.0 0 4.2 30 100 M M 2 3 46 20
25 99 67 83 2 0 18 0.00 0.0 0 4.1 15 90 M M 1 21 60
26 100 65 83 2 0 18 0.00 0.0 0 5.8 16 40 M M 1 23 80
27 101 71 86 5 0 21 0.00 0.0 0 2.6 15 170 M M 1 3 22 170
28 105 79 92 11 0 27 0.00 0.0 0 6.9 17 180 M M 1 25 180
29 104 78 91 10 0 26 0.00 0.0 0 6.9 20 140 M M 0 27 120
30 102 78 90 10 0 25 0.00 0.0 0 7.9 17 170 M M 0 25 170
31 101 79 90 10 0 25 0.00 0.0 0 10.4 21 160 M M 2 30 150
================================================================================
SM 3107 2251 0 671 0.32 0.0 208.7 M 34
================================================================================
AV100.2 72.6 6.7 FASTST M M 1 MAX(MPH)
MISC ----> # 37 30 # 52 40
================================================================================
NOTES:
# LAST OF SEVERAL OCCURRENCES
COLUMN 17 PEAK WIND IN M.P.H.
PRELIMINARY LOCAL CLIMATOLOGICAL DATA (WS FORM: F-6) , PAGE 2
STATION: JUNCTION
MONTH: AUGUST
YEAR: 2020
LATITUDE: 30 18 N
LONGITUDE: 99 28 W
[TEMPERATURE DATA] [PRECIPITATION DATA] SYMBOLS USED IN COLUMN 16
AVERAGE MONTHLY: 86.4 TOTAL FOR MONTH: 0.32 1 = FOG OR MIST
DPTR FM NORMAL: 4.2 DPTR FM NORMAL: -2.02 2 = FOG REDUCING VISIBILITY
HIGHEST: 107 ON 15,14 GRTST 24HR 0.24 ON 24-24 TO 1/4 MILE OR LESS
LOWEST: 65 ON 26,20 3 = THUNDER
SNOW, ICE PELLETS, HAIL 4 = ICE PELLETS
TOTAL MONTH: 0.0 INCH 5 = HAIL
GRTST 24HR 0.0 6 = FREEZING RAIN OR DRIZZLE
GRTST DEPTH: 0 7 = DUSTSTORM OR SANDSTORM:
VSBY 1/2 MILE OR LESS
8 = SMOKE OR HAZE
[NO. OF DAYS WITH] [WEATHER - DAYS WITH] 9 = BLOWING SNOW
X = TORNADO
MAX 32 OR BELOW: 0 0.01 INCH OR MORE: 4
MAX 90 OR ABOVE: 31 0.10 INCH OR MORE: 1
MIN 32 OR BELOW: 0 0.50 INCH OR MORE: 0
MIN 0 OR BELOW: 0 1.00 INCH OR MORE: 0
[HDD (BASE 65) ]
TOTAL THIS MO. 0 CLEAR (SCALE 0-3) 31
DPTR FM NORMAL 0 PTCLDY (SCALE 4-7) 0
TOTAL FM JUL 1 0 CLOUDY (SCALE 8-10) 0
DPTR FM NORMAL 0
[CDD (BASE 65) ]
TOTAL THIS MO. 671
DPTR FM NORMAL 138 [PRESSURE DATA]
TOTAL FM JAN 1 2369 HIGHEST SLP 30.15 ON 17
DPTR FM NORMAL 419 LOWEST SLP 29.59 ON 31
[REMARKS]
#FINAL-08-20#