000
CXUS54 KSJT 011000
CF6JCT
PRELIMINARY LOCAL CLIMATOLOGICAL DATA (WS FORM: F-6)
STATION: JUNCTION
MONTH: JULY
YEAR: 2023
LATITUDE: 30 18 N
LONGITUDE: 99 28 W
TEMPERATURE IN F: :PCPN: SNOW: WIND :SUNSHINE: SKY :PK WND
================================================================================
1 2 3 4 5 6A 6B 7 8 9 10 11 12 13 14 15 16 17 18
12Z AVG MX 2MIN
DY MAX MIN AVG DEP HDD CDD WTR SNW DPTH SPD SPD DIR MIN PSBL S-S WX SPD DR
================================================================================
1 95 71 83 1 0 18 0.05 0.0 0 9.4 40 10 M M 4 138 51 20
2 89 72 81 -1 0 16 0.00 0.0 0 4.5 12 160 M M 3 16 110
3 92 70 81 -1 0 16 2.11 0.0 0 3.6 25 80 M M 4 13 39 80
4 95 72 84 2 0 19 0.00 0.0 0 4.5 15 140 M M 1 24 130
5 97 75 86 4 0 21 T 0.0 0 5.9 23 50 M M 2 3 32 60
6 96 73 85 2 0 20 0.00 0.0 0 5.7 21 130 M M 2 3 28 110
7 91 74 83 0 0 18 0.00 0.0 0 8.8 18 160 M M 6 25 170
8 98 74 86 3 0 21 0.00 0.0 0 6.4 14 170 M M 1 22 160
9 101 77 89 6 0 24 0.00 M M 6.3 15 200 M M 0 23 170
10 105 78 92 9 0 27 0.00 0.0 0 5.7 18 180 M M 0 27 170
11 105 79 92 9 0 27 0.00 0.0 0 6.6 15 160 M M 0 8 23 150
12 105 78 92 9 0 27 0.00 0.0 0 8.4 16 160 M M 0 24 200
13 105 78 92 9 0 27 0.00 0.0 0 9.7 20 170 M M 0 28 170
14 104 77 91 8 0 26 0.00 0.0 0 8.7 20 160 M M 0 28 160
15 106 76 91 8 0 26 0.00 0.0 0 7.1 17 120 M M 0 25 130
16 103 79 91 7 0 26 0.00 0.0 0 6.3 15 230 M M 0 23 220
17 105 78 92 8 0 27 0.00 0.0 0 6.6 20 130 M M 0 26 140
18 106 76 91 7 0 26 0.00 0.0 0 6.4 17 170 M M 0 24 160
19 104 78 91 7 0 26 0.00 0.0 0 9.2 18 170 M M 0 26 160
20 104 76 90 6 0 25 0.00 0.0 0 8.3 17 120 M M 0 8 25 170
21 104 77 91 7 0 26 0.00 0.0 0 4.9 16 170 M M 0 24 170
22 104 70 87 3 0 22 0.00 0.0 0 5.4 14 70 M M 1 8 21 50
23 105 79 92 8 0 27 0.00 0.0 0 5.3 18 50 M M 1 27 80
24 104 70 87 3 0 22 0.00 0.0 0 5.4 16 80 M M 0 8 24 90
25 101 72 87 3 0 22 0.00 0.0 0 6.8 18 160 M M 1 25 140
26 101 78 90 6 0 25 0.00 0.0 0 8.1 18 170 M M 1 28 160
27 101 74 88 4 0 23 0.00 0.0 0 7.0 17 160 M M 1 29 160
28 101 75 88 4 0 23 0.00 0.0 0 5.5 16 170 M M 1 24 140
29 101 72 87 3 0 22 0.00 0.0 0 5.3 17 180 M M 1 24 160
30 101 72 87 3 0 22 0.00 0.0 0 5.4 16 130 M M 1 8 23 130
31 104 73 89 5 0 24 0.00 M 0 4.9 17 170 M M 1 29 60
================================================================================
SM 3133 2323 0 721 2.16 0.0 202.1 M 32
================================================================================
AV101.1 74.9 6.5 FASTST M M 1 MAX(MPH)
MISC ----> 40 10 51 20
================================================================================
NOTES:
# LAST OF SEVERAL OCCURRENCES
COLUMN 17 PEAK WIND IN M.P.H.
PRELIMINARY LOCAL CLIMATOLOGICAL DATA (WS FORM: F-6) , PAGE 2
STATION: JUNCTION
MONTH: JULY
YEAR: 2023
LATITUDE: 30 18 N
LONGITUDE: 99 28 W
[TEMPERATURE DATA] [PRECIPITATION DATA] SYMBOLS USED IN COLUMN 16
AVERAGE MONTHLY: 88.0 TOTAL FOR MONTH: 2.16 1 = FOG OR MIST
DPTR FM NORMAL: 4.5 DPTR FM NORMAL: 0.68 2 = FOG REDUCING VISIBILITY
HIGHEST: 106 ON 18,15 GRTST 24HR 2.11 ON 3- 3 TO 1/4 MILE OR LESS
LOWEST: 70 ON 24,22 3 = THUNDER
SNOW, ICE PELLETS, HAIL 4 = ICE PELLETS
TOTAL MONTH: 0.0 INCH 5 = HAIL
GRTST 24HR 0.0 6 = FREEZING RAIN OR DRIZZLE
GRTST DEPTH: 0 7 = DUSTSTORM OR SANDSTORM:
VSBY 1/2 MILE OR LESS
8 = SMOKE OR HAZE
[NO. OF DAYS WITH] [WEATHER - DAYS WITH] 9 = BLOWING SNOW
X = TORNADO
MAX 32 OR BELOW: 0 0.01 INCH OR MORE: 2
MAX 90 OR ABOVE: 30 0.10 INCH OR MORE: 1
MIN 32 OR BELOW: 0 0.50 INCH OR MORE: 1
MIN 0 OR BELOW: 0 1.00 INCH OR MORE: 1
[HDD (BASE 65) ]
TOTAL THIS MO. 0 CLEAR (SCALE 0-3) 28
DPTR FM NORMAL 0 PTCLDY (SCALE 4-7) 3
TOTAL FM JUL 1 0 CLOUDY (SCALE 8-10) 0
DPTR FM NORMAL 0
[CDD (BASE 65) ]
TOTAL THIS MO. 721
DPTR FM NORMAL 149 [PRESSURE DATA]
TOTAL FM JAN 1 1900 HIGHEST SLP 30.07 ON 25
DPTR FM NORMAL 355 LOWEST SLP 29.69 ON 13
[REMARKS]
#FINAL-07-23#