000
CXUS55 KGGW 010910
CF6JDN
PRELIMINARY LOCAL CLIMATOLOGICAL DATA (WS FORM: F-6)
STATION: JORDAN ASOS MT
MONTH: JANUARY
YEAR: 2024
LATITUDE: 47 19 N
LONGITUDE: 106 50 W
TEMPERATURE IN F: :PCPN: SNOW: WIND :SUNSHINE: SKY :PK WND
================================================================================
1 2 3 4 5 6A 6B 7 8 9 10 11 12 13 14 15 16 17 18
12Z AVG MX 2MIN
DY MAX MIN AVG DEP HDD CDD WTR SNW DPTH SPD SPD DIR MIN PSBL S-S WX SPD DR
================================================================================
1 46 16 31 13 34 0 0.00 M M 10.0 28 290 M M 0 40 290
2 45 12 29 11 36 0 0.00 M M 4.2 13 290 M M 0 M M
3 28 25 27 9 38 0 0.00 M M 9.4 16 130 M M 0 20 120
4 34 14 24 6 41 0 0.00 M M 2.0 12 130 M M 0 14 130
5 43 15 29 11 36 0 0.00 M M 11.1 33 310 M M 0 46 290
6 39 8 24 6 41 0 0.00 M M 3.6 12 210 M M 0 16 210
7 29 13 21 3 44 0 0.03 M M 9.9 21 310 M M 0 31 310
8 25 -6 10 -8 55 0 0.00 M M 4.5 12 310 M M 0 M M
9 M M M M M M 0.00 M M M M M M M M M M
10 32 -1 16 -1 49 0 0.03 M M 13.3 23 10 M M 0 29 350
11 0 -11 -5 -22 70 0 0.08 M M 9.2 18 350 M M 0 24 350
12 -10 -30 -20 -37 85 0 0.04 M M 14.4 18 310 M M 0 23 330
13 -17 -40 -28 -45 93 0 0.00 M M 5.8 15 320 M M 0 17 280
14 -14 -43 -28 -45 93 0 0.00 M M 4.0 9 280 M M 0 M M
15 -4 -30 -17 -34 82 0 0.00 M M 8.7 15 270 M M 0 M M
16 22 -26 -2 -20 67 0 0.05 M M 8.7 16 270 M M 0 M M
17 17 4 11 -7 54 0 0.25 M M 6.6 13 10 M M 0 16 10
18 4 -16 -6 -24 71 0 0.07 M M 12.9 24 310 M M 0 32 300
19 2 -21 -9 -27 74 0 0.00 M M 6.1 14 270 M M 0 M M
20 38 -2 18 0 47 0 0.00 M M 4.7 13 140 M M 0 16 210
21 37 10 24 6 41 0 0.02 M M 2.5 9 70 M M 0 10 70
22 28 19 24 6 41 0 0.00 M M 6.3 12 110 M M 0 16 110
23 35 10 23 5 42 0 0.00 M M 2.4 10 130 M M 0 13 130
24 44 12 28 10 37 0 0.00 M M 3.5 10 300 M M 0 M M
25 43 8 26 8 39 0 0.00 M M 3.5 10 270 M M 0 13 270
26 43 14 29 11 36 0 0.00 M M 6.5 12 260 M M 0 16 260
27 43 5 24 6 41 0 0.00 M M 3.2 9 290 M M 0 11 280
28 53 26 40 22 25 0 0.00 M M 6.2 10 280 M M 0 14 240
29 54 31 43 25 22 0 0.00 M M 5.4 14 290 M M 0 18 280
30 61 30 46 27 19 0 0.00 M M 5.2 15 270 M M 0 19 270
31 64 27 46 27 19 0 0.00 M M 2.3 10 200 M M 0 13 220
================================================================================
SM 864 73 1472 0 0.57 M 196.0 M 0
================================================================================
AV 28.8 2.4 6.5 FASTST M M 0 MAX(MPH)
MISC ----> 33 310 46 290
================================================================================
NOTES:
# LAST OF SEVERAL OCCURRENCES
COLUMN 17 PEAK WIND IN M.P.H.
PRELIMINARY LOCAL CLIMATOLOGICAL DATA (WS FORM: F-6) , PAGE 2
STATION: JORDAN ASOS MT
MONTH: JANUARY
YEAR: 2024
LATITUDE: 47 19 N
LONGITUDE: 106 50 W
[TEMPERATURE DATA] [PRECIPITATION DATA] SYMBOLS USED IN COLUMN 16
AVERAGE MONTHLY: 15.6 TOTAL FOR MONTH: 0.57 1 = FOG OR MIST
DPTR FM NORMAL: -2.2 DPTR FM NORMAL: 0.14 2 = FOG REDUCING VISIBILITY
HIGHEST: 64 ON 31 GRTST 24HR 0.31 ON 17-18 TO 1/4 MILE OR LESS
LOWEST: -43 ON 14 3 = THUNDER
SNOW, ICE PELLETS, HAIL 4 = ICE PELLETS
TOTAL MONTH: M 5 = HAIL
GRTST 24HR M ON M 6 = FREEZING RAIN OR DRIZZLE
GRTST DEPTH: M ON M 7 = DUSTSTORM OR SANDSTORM:
VSBY 1/2 MILE OR LESS
8 = SMOKE OR HAZE
[NO. OF DAYS WITH] [WEATHER - DAYS WITH] 9 = BLOWING SNOW
X = TORNADO
MAX 32 OR BELOW: 14 0.01 INCH OR MORE: 8
MAX 90 OR ABOVE: 0 0.10 INCH OR MORE: 1
MIN 32 OR BELOW: 30 0.50 INCH OR MORE: 0
MIN 0 OR BELOW: 11 1.00 INCH OR MORE: 0
[HDD (BASE 65) ]
TOTAL THIS MO. 1472 CLEAR (SCALE 0-3) 30
DPTR FM NORMAL 9 PTCLDY (SCALE 4-7) 0
TOTAL FM JUL 1 4090 CLOUDY (SCALE 8-10) 1
DPTR FM NORMAL -671
[CDD (BASE 65) ]
TOTAL THIS MO. 0
DPTR FM NORMAL 0 [PRESSURE DATA]
TOTAL FM JAN 1 0 HIGHEST SLP M ON M
DPTR FM NORMAL 0 LOWEST SLP 29.31 ON 10
[REMARKS]
#FINAL-01-24#