000
CXUS53 KLSX 011500
CF6JEF
PRELIMINARY LOCAL CLIMATOLOGICAL DATA (WS FORM: F-6)
STATION: JEFFERSON CITY
MONTH: JANUARY
YEAR: 2022
LATITUDE: 38 35 N
LONGITUDE: 92 10 W
TEMPERATURE IN F: :PCPN: SNOW: WIND :SUNSHINE: SKY :PK WND
================================================================================
1 2 3 4 5 6A 6B 7 8 9 10 11 12 13 14 15 16 17 18
12Z AVG MX 2MIN
DY MAX MIN AVG DEP HDD CDD WTR SNW DPTH SPD SPD DIR MIN PSBL S-S WX SPD DR
================================================================================
1 44 18 31 -1 34 0 0.35 0.0 0 9.3 18 330 M M 10 168 26 330
2 20 11 16 -16 49 0 T M M 9.1 17 330 M M 7 18 22 340
3 37 10 24 -8 41 0 0.00 0.0 0 5.3 10 110 M M 0 13 160
4 49 25 37 5 28 0 0.00 0.0 0 9.7 23 180 M M 0 35 190
5 46 20 33 1 32 0 0.00 0.0 0 15.5 26 300 M M 3 36 300
6 20 11 16 -16 49 0 T M M 10.3 18 280 M M 6 27 330
7 27 9 18 -14 47 0 0.00 0.0 0 6.6 15 140 M M 1 19 140
8 46 23 35 3 30 0 0.06 0.0 0 8.6 17 120 M M 9 18 23 130
9 46 18 32 0 33 0 0.00 0.0 0 7.4 20 10 M M 3 1 30 10
10 42 17 30 -2 35 0 0.00 0.0 0 4.8 13 300 M M 0 8 17 300
11 59 19 39 8 26 0 0.00 0.0 0 6.8 18 210 M M 0 8 28 220
12 59 29 44 13 21 0 0.00 0.0 0 4.6 12 260 M M 0 8 15 220
13 58 31 45 14 20 0 0.00 0.0 0 4.0 14 290 M M 3 21 290
14 50 30 40 9 25 0 0.07 0.0 0 6.9 16 90 M M 6 18 23 80
15 40 27 34 3 31 0 0.54 M M 10.1 20 30 M M 10 18 31 30
16 32 20 26 -5 39 0 0.00 0.0 M 7.1 23 290 M M 8 18 32 300
17 40 29 35 4 30 0 0.00 0.0 M 5.9 13 290 M M 8 16 290
18 60 28 44 13 21 0 0.00 0.0 0 6.0 15 190 M M 0 22 190
19 43 14 29 -3 36 0 0.00 0.0 0 12.4 23 330 M M 3 31 330
20 20 6 13 -19 52 0 0.00 0.0 0 7.8 17 350 M M 0 23 350
21 27 1 14 -18 51 0 0.00 0.0 0 2.6 10 120 M M 0 16 150
22 47 11 29 -3 36 0 0.00 0.0 0 4.7 13 280 M M 1 18 270
23 42 27 35 3 30 0 0.00 0.0 0 7.6 22 350 M M 4 30 320
24 55 24 40 8 25 0 0.00 0.0 0 7.9 20 340 M M 8 27 360
25 27 13 20 -12 45 0 0.00 0.0 0 8.0 13 350 M M 0 19 320
26 34 6 20 -12 45 0 0.00 0.0 0 3.6 9 130 M M 2 12 200
27 44 27 36 4 29 0 T M M 8.2 17 330 M M 8 8 25 310
28 31 14 23 -9 42 0 0.00 0.0 0 7.7 17 300 M M 3 26 300
29 56 11 34 2 31 0 0.00 M M 5.2 15 220 M M 0 20 220
30 43 23 33 0 32 0 0.00 M M 5.7 13 310 M M 0 19 310
31 62 26 44 11 21 0 0.00 M M 8.9 14 160 M M 0 21 150
================================================================================
SM 1306 578 1066 0 1.02 0.0 228.3 M 103
================================================================================
AV 42.1 18.6 7.4 FASTST M M 3 MAX(MPH)
MISC ----> 26 300 36 300
================================================================================
NOTES:
# LAST OF SEVERAL OCCURRENCES
COLUMN 17 PEAK WIND IN M.P.H.
PRELIMINARY LOCAL CLIMATOLOGICAL DATA (WS FORM: F-6) , PAGE 2
STATION: JEFFERSON CITY
MONTH: JANUARY
YEAR: 2022
LATITUDE: 38 35 N
LONGITUDE: 92 10 W
[TEMPERATURE DATA] [PRECIPITATION DATA] SYMBOLS USED IN COLUMN 16
AVERAGE MONTHLY: 30.4 TOTAL FOR MONTH: 1.02 1 = FOG OR MIST
DPTR FM NORMAL: -1.4 DPTR FM NORMAL: -0.99 2 = FOG REDUCING VISIBILITY
HIGHEST: 62 ON 31 GRTST 24HR 0.54 ON 15-15 TO 1/4 MILE OR LESS
LOWEST: 1 ON 21 3 = THUNDER
SNOW, ICE PELLETS, HAIL 4 = ICE PELLETS
TOTAL MONTH: 0.0 INCH 5 = HAIL
GRTST 24HR 0.0 6 = FREEZING RAIN OR DRIZZLE
GRTST DEPTH: 0 7 = DUSTSTORM OR SANDSTORM:
VSBY 1/2 MILE OR LESS
8 = SMOKE OR HAZE
[NO. OF DAYS WITH] [WEATHER - DAYS WITH] 9 = BLOWING SNOW
X = TORNADO
MAX 32 OR BELOW: 8 0.01 INCH OR MORE: 4
MAX 90 OR ABOVE: 0 0.10 INCH OR MORE: 2
MIN 32 OR BELOW: 31 0.50 INCH OR MORE: 1
MIN 0 OR BELOW: 0 1.00 INCH OR MORE: 0
[HDD (BASE 65) ]
TOTAL THIS MO. 1066 CLEAR (SCALE 0-3) 20
DPTR FM NORMAL 37 PTCLDY (SCALE 4-7) 8
TOTAL FM JUL 1 2322 CLOUDY (SCALE 8-10) 3
DPTR FM NORMAL -508
[CDD (BASE 65) ]
TOTAL THIS MO. 0
DPTR FM NORMAL 0 [PRESSURE DATA]
TOTAL FM JAN 1 0 HIGHEST SLP 30.70 ON 20
DPTR FM NORMAL 0 LOWEST SLP 29.65 ON 4
[REMARKS]
#FINAL-01-22#