000
CXUS53 KGRR 011846
CLSJXN
WRKCLSJXN 000
TTAA00 GRR 011835
CLIMATE REPORT
NATIONAL WEATHER SERVICE GRAND RAPIDS, MICHIGAN
229 PM EDT THU SEP 01 2022
...................................
...THE JACKSON CLIMATE SUMMARY FOR THE SEASON, FROM
6/1/2022 TO 8/31/2022...
CLIMATE NORMAL PERIOD: 1991 TO 2020
CLIMATE RECORD PERIOD: 1944 TO 2022
WEATHER OBSERVED NORMAL DEPART LAST YEAR`S
VALUE DATE(S) VALUE FROM VALUE DATE(S)
NORMAL
................................................................
TEMPERATURE (F)
HIGHEST 95 06/21 MM MM 92 06/11
LOWEST 40 06/04 MM MM 40 06/22
AVG. MAXIMUM 81.4 80.6 0.8 82.5
AVG. MINIMUM 58.0 59.1 -1.1 61.4
MEAN 69.7 69.8 -0.1 72.0
DAYS MAX >= 90 6 7.0 -1.0 4
DAYS MAX <= 32 0 0.0 0.0 0
DAYS MIN <= 32 0 0.0 0.0 0
DAYS MIN <= 0 0 0.0 0.0 0
PRECIPITATION (INCHES)
TOTALS 9.96R 10.74 -0.78 12.87
DAILY AVG. 0.11 0.12 -0.01 0.14
DAYS >= .01 30 29.8 0.2 38
DAYS >= .10 16 19.7 -3.7 23
DAYS >= .50 10 7.5 2.5 9
DAYS >= 1.00 2 2.7 -0.7 2
GREATEST
24 HR. TOTAL 1.72 08/03 TO 08/04
STORM TOTAL 1.43 3.04
(MM/DD(HH)) MM
DEGREE DAYS
HEATING TOTAL 54 73 -19 29
SINCE 7/1 10 23 -13 MM
COOLING TOTAL 513 519 -6 692
SINCE 1/1 600 564 36 MM
FREEZE DATES
EARLIEST MM
LATEST 04/28
................................................................
WIND (MPH)
AVERAGE WIND SPEED 5.8
RESULTANT WIND SPEED/DIRECTION 2/220
HIGHEST WIND SPEED/DIRECTION 32/270 DATE 08/29
HIGHEST GUST SPEED/DIRECTION 54/260 DATE 08/29
SKY COVER
AVERAGE SKY COVER 0.30
NUMBER OF DAYS FAIR 56
NUMBER OF DAYS PC 31
NUMBER OF DAYS CLOUDY 5
AVERAGE RH (PERCENT) 68
WEATHER CONDITIONS. NUMBER OF DAYS WITH
THUNDERSTORM 17 MIXED PRECIP 0
HEAVY RAIN 12 RAIN 15
LIGHT RAIN 31 FREEZING RAIN 0
LT FREEZING RAIN 0 HAIL 0
HEAVY SNOW 0 SNOW 0
LIGHT SNOW 0 SLEET 0
FOG 57 FOG W/VIS <= 1/4 MILE 8
HAZE 8
- INDICATES NEGATIVE NUMBERS.
R INDICATES RECORD WAS SET OR TIED.
MM INDICATES DATA IS MISSING.
T INDICATES TRACE AMOUNT.
$$