000
CXHW53 PHFO 011250
CF6KOA
PRELIMINARY LOCAL CLIMATOLOGICAL DATA (WS FORM: F-6)
STATION: KONA HI
MONTH: OCTOBER
YEAR: 2021
LATITUDE: 19 38 N
LONGITUDE: 156 0 W
TEMPERATURE IN F: :PCPN: SNOW: WIND :SUNSHINE: SKY :PK WND
================================================================================
1 2 3 4 5 6A 6B 7 8 9 10 11 12 13 14 15 16 17 18
12Z AVG MX 2MIN
DY MAX MIN AVG DEP HDD CDD WTR SNW DPTH SPD SPD DIR MIN PSBL S-S WX SPD DR
================================================================================
1 88 75 82 1 0 17 0.00 M M 7.2 16 180 M M 3 20 190
2 88 75 82 1 0 17 0.00 M M 6.5 13 210 M M 3 17 200
3 88 76 82 1 0 17 0.00 M M 9.0 15 200 M M 5 8 19 220
4 86 74 80 -1 0 15 0.01 M M 7.0 16 220 M M 3 20 200
5 87 74 81 0 0 16 T M M 8.5 20 40 M M 3 25 40
6 87 74 81 0 0 16 0.00 M M 7.4 17 50 M M 3 22 60
7 88 74 81 0 0 16 0.00 M M 7.4 16 230 M M 4 19 230
8 87 74 81 0 0 16 0.00 M M 6.8 14 200 M M 4 17 200
9 86 73 80 -1 0 15 0.00 M M 7.1 16 180 M M 3 20 180
10 88 74 81 0 0 16 0.00 M M 7.3 20 50 M M 3 25 40
11 87 73 80 -1 0 15 0.00 M M 7.9 16 180 M M 2 19 190
12 89 76 83 2 0 18 T M M 7.6 17 180 M M 4 21 170
13 87 76 82 2 0 17 0.00 M M 7.4 18 90 M M 5 23 70
14 85 75 80 0 0 15 0.00 M M 7.7 24 20 M M 5 28 30
15 86 74 80 0 0 15 0.00 M M 6.4 22 40 M M 2 28 40
16 86 73 80 0 0 15 0.00 M M 7.4 18 160 M M 3 23 190
17 86 76 81 1 0 16 0.00 M M 7.5 15 210 M M 4 19 230
18 85 73 79 -1 0 14 0.00 M M 7.1 13 230 M M 3 16 240
19 85 72 79 -1 0 14 0.00 M M 8.3 15 190 M M 3 20 210
20 86 71 79 -1 0 14 0.00 M M 9.0 18 350 M M 0 23 130
21 83 71 77 -3 0 12 T M M 7.1 14 270 M M 4 19 230
22 85 71 78 -2 0 13 0.00 M M 8.1 14 360 M M 2 18 350
23 84 72 78 -2 0 13 0.00 M M 7.4 13 240 M M 1 15 240
24 84 74 79 -1 0 14 0.00 M M 8.0 18 160 M M 5 21 150
25 85 73 79 -1 0 14 0.00 M M 6.9 12 190 M M 4 14 100
26 86 74 80 0 0 15 0.00 M M 7.0 14 200 M M 5 18 210
27 85 74 80 0 0 15 0.01 M M 8.3 16 200 M M 7 20 200
28 84 71 78 -2 0 13 0.00 M M 6.8 14 200 M M 3 20 70
29 85 72 79 -1 0 14 0.00 M M 7.5 12 240 M M 2 15 130
30 84 70 77 -3 0 12 0.00 M M 7.8 13 140 M M 1 16 130
31 83 70 77 -3 0 12 0.00 M M 5.5 12 240 M M 1 14 230
================================================================================
SM 2663 2274 0 461 0.02 M 230.9 M 100
================================================================================
AV 85.9 73.4 7.4 FASTST M M 3 MAX(MPH)
MISC ----> 24 20 # 28 30
================================================================================
NOTES:
# LAST OF SEVERAL OCCURRENCES
COLUMN 17 PEAK WIND IN M.P.H.
PRELIMINARY LOCAL CLIMATOLOGICAL DATA (WS FORM: F-6) , PAGE 2
STATION: KONA HI
MONTH: OCTOBER
YEAR: 2021
LATITUDE: 19 38 N
LONGITUDE: 156 0 W
[TEMPERATURE DATA] [PRECIPITATION DATA] SYMBOLS USED IN COLUMN 16
AVERAGE MONTHLY: 79.6 TOTAL FOR MONTH: 0.02 1 = FOG OR MIST
DPTR FM NORMAL: -0.7 DPTR FM NORMAL: -0.87 2 = FOG REDUCING VISIBILITY
HIGHEST: 89 ON 12 GRTST 24HR 0.01 ON 4- 4 TO 1/4 MILE OR LESS
LOWEST: 70 ON 31,30 3 = THUNDER
SNOW, ICE PELLETS, HAIL 4 = ICE PELLETS
TOTAL MONTH: M 5 = HAIL
GRTST 24HR M ON M 6 = FREEZING RAIN OR DRIZZLE
GRTST DEPTH: M ON M 7 = DUSTSTORM OR SANDSTORM:
VSBY 1/2 MILE OR LESS
8 = SMOKE OR HAZE
[NO. OF DAYS WITH] [WEATHER - DAYS WITH] 9 = BLOWING SNOW
X = TORNADO
MAX 32 OR BELOW: 0 0.01 INCH OR MORE: 2
MAX 90 OR ABOVE: 0 0.10 INCH OR MORE: 0
MIN 32 OR BELOW: 0 0.50 INCH OR MORE: 0
MIN 0 OR BELOW: 0 1.00 INCH OR MORE: 0
[HDD (BASE 65) ]
TOTAL THIS MO. 0 CLEAR (SCALE 0-3) 16
DPTR FM NORMAL 0 PTCLDY (SCALE 4-7) 15
TOTAL FM JUL 1 0 CLOUDY (SCALE 8-10) 0
DPTR FM NORMAL 0
[CDD (BASE 65) ]
TOTAL THIS MO. 461
DPTR FM NORMAL -15 [PRESSURE DATA]
TOTAL FM JAN 1 4241 HIGHEST SLP 30.08 ON 25
DPTR FM NORMAL 150 LOWEST SLP 29.81 ON 4
[REMARKS]
#FINAL-10-21#