000
CXUS55 KPUB 091701
CF6LAA
PRELIMINARY LOCAL CLIMATOLOGICAL DATA (WS FORM: F-6)
STATION: LAMAR CO
MONTH: JANUARY
YEAR: 2023
LATITUDE: 38 4 N
LONGITUDE: 102 41 W
TEMPERATURE IN F: :PCPN: SNOW: WIND :SUNSHINE: SKY :PK WND
================================================================================
1 2 3 4 5 6A 6B 7 8 9 10 11 12 13 14 15 16 17 18
12Z AVG MX 2MIN
DY MAX MIN AVG DEP HDD CDD WTR SNW DPTH SPD SPD DIR MIN PSBL S-S WX SPD DR
================================================================================
1 46 23 35 6 30 0 0.00 M M 6.5 13 210 M M 1 15 70
2 36 30 33 4 32 0 0.17 M M 7.1 15 290 M M 10 12 21 280
3 33 18 26 -3 39 0 T M M 8.9 18 300 M M 5 25 290
4 40 8 24 -5 41 0 0.00 M M 6.1 12 20 M M 0 15 360
5 37 4 21 -9 44 0 0.00 M M 4.8 12 260 M M 0 14 260
6 49 16 33 3 32 0 0.00 M M 7.2 18 350 M M 0 23 350
7 50 20 35 5 30 0 0.00 M M 4.8 10 270 M M 1 13 290
8 53 14 34 4 31 0 0.00 M M 5.2 13 270 M M 0 16 260
9 62 23 43 13 22 0 0.00 M M 10.5 21 180 M M 0 29 170
10 68 23 46 16 19 0 0.00 M M 7.7 20 270 M M 0 26 280
11 55 19 37 7 28 0 T M M 14.9 36 350 M M 5 47 360
12 51 17 34 4 31 0 0.00 M M 7.0 15 240 M M 1 18 280
13 55 12 34 4 31 0 0.00 M M 4.4 10 140 M M 0 15 290
14 61 21 41 11 24 0 0.00 M M 5.8 16 260 M M 0 20 260
15 59 24 42 11 23 0 0.03 M M 4.9 25 260 M M 3 32 250
16 59 18 39 8 26 0 0.00 M M 6.0 14 280 M M 0 20 270
17 45 13 29 -2 36 0 0.05 M M 9.8 23 90 M M 3 1 34 90
18 36 28 32 1 33 0 0.01 M M 13.5 25 330 M M 9 12 35 290
19 48 15 32 1 33 0 0.00 M M 5.6 17 340 M M 0 25 340
20 45 9 27 -4 38 0 0.07 M M 8.9 18 50 M M 3 1 29 50
21 32 16 24 -7 41 0 0.68 M M 14.9 25 360 M M 8 128 33 10
22 34 4 19 -12 46 0 T M M 5.3 15 270 M M 2 1 18 270
23 30 5 18 -13 47 0 0.00 M M 4.3 12 220 M M 0 1 14 220
24 35 4 20 -12 45 0 0.00 M M 7.1 21 10 M M 6 12 27 10
25 34 15 25 -7 40 0 0.00 M M 9.4 21 340 M M 6 29 330
26 37 16 27 -5 38 0 0.00 M M 11.5 22 260 M M 5 27 270
27 40 10 25 -7 40 0 0.00 M M 7.8 18 220 M M 0 23 220
28 37 12 25 -7 40 0 T M M 8.7 20 60 M M 3 25 60
29 15 3 9 -23 56 0 0.02 M M 10.1 18 70 M M 8 21 70
30 7 -6 1 -31 64 0 T M M 5.3 10 50 M M 9 14 130
31 22 -7 8 -24 57 0 0.00 M M 5.6 13 280 M M 0 16 270
================================================================================
SM 1311 427 1137 0 1.03 M 239.6 M 88
================================================================================
AV 42.3 13.8 7.7 FASTST M M 3 MAX(MPH)
MISC ----> 36 350 47 360
================================================================================
NOTES:
# LAST OF SEVERAL OCCURRENCES
COLUMN 7; SUPPLEMENTED PRECIPITATION USING BACKUP COOP SITE (05-4770) FOR 1/21
AND 1/29. FOR THE 20-21 EVENT...HEAVIEST PRECIPITATION OCCURRED ON THE 21ST...
SO LEFT THE 20TH UNCHANGED.
COLUMN 17 PEAK WIND IN M.P.H.
PRELIMINARY LOCAL CLIMATOLOGICAL DATA (WS FORM: F-6) , PAGE 2
STATION: LAMAR CO
MONTH: JANUARY
YEAR: 2023
LATITUDE: 38 4 N
LONGITUDE: 102 41 W
[TEMPERATURE DATA] [PRECIPITATION DATA] SYMBOLS USED IN COLUMN 16
AVERAGE MONTHLY: 28.0 TOTAL FOR MONTH: 1.03 1 = FOG OR MIST
DPTR FM NORMAL: -2.7 DPTR FM NORMAL: 0.84 2 = FOG REDUCING VISIBILITY
HIGHEST: 68 ON 10 GRTST 24HR 0.75 ON 20-21 TO 1/4 MILE OR LESS
LOWEST: -7 ON 31 3 = THUNDER
SNOW, ICE PELLETS, HAIL 4 = ICE PELLETS
TOTAL MONTH: M 5 = HAIL
GRTST 24HR M ON M 6 = FREEZING RAIN OR DRIZZLE
GRTST DEPTH: M ON M 7 = DUSTSTORM OR SANDSTORM:
VSBY 1/2 MILE OR LESS
8 = SMOKE OR HAZE
[NO. OF DAYS WITH] [WEATHER - DAYS WITH] 9 = BLOWING SNOW
X = TORNADO
MAX 32 OR BELOW: 5 0.01 INCH OR MORE: 6
MAX 90 OR ABOVE: 0 0.10 INCH OR MORE: 2
MIN 32 OR BELOW: 31 0.50 INCH OR MORE: 0
MIN 0 OR BELOW: 2 1.00 INCH OR MORE: 0
[HDD (BASE 65) ]
TOTAL THIS MO. 1137 CLEAR (SCALE 0-3) 19
DPTR FM NORMAL 72 PTCLDY (SCALE 4-7) 9
TOTAL FM JUL 1 3464 CLOUDY (SCALE 8-10) 3
DPTR FM NORMAL 197
[CDD (BASE 65) ]
TOTAL THIS MO. 0
DPTR FM NORMAL 0 [PRESSURE DATA]
TOTAL FM JAN 1 0 HIGHEST SLP 30.51 ON 30
DPTR FM NORMAL 0 LOWEST SLP 29.28 ON 15
[REMARKS]
#FINAL-01-23#