000
CXUS53 KIND 010600
CF6LAF
PRELIMINARY LOCAL CLIMATOLOGICAL DATA (WS FORM: F-6)
STATION: LAFAYETTE IN
MONTH: APRIL
YEAR: 2023
LATITUDE: 40 25 N
LONGITUDE: 86 56 W
TEMPERATURE IN F: :PCPN: SNOW: WIND :SUNSHINE: SKY :PK WND
================================================================================
1 2 3 4 5 6A 6B 7 8 9 10 11 12 13 14 15 16 17 18
12Z AVG MX 2MIN
DY MAX MIN AVG DEP HDD CDD WTR SNW DPTH SPD SPD DIR MIN PSBL S-S WX SPD DR
================================================================================
1 59 36 48 2 17 0 T M M 14.7 38 270 M M 7 1 53 240
2 57 28 43 -3 22 0 0.00 M M 5.1 16 160 M M 1 24 140
3 71 42 57 10 8 0 0.00 M M 5.7 15 340 M M 4 21 200
4 79 51 65 18 0 0 T M M 9.1 20 180 M M 6 1 32 200
5 77 40 59 12 6 0 0.30 M M 12.6 31 280 M M 4 138 45 270
6 49 34 42 -6 23 0 0.00 M M 4.9 14 280 M M 0 26 270
7 56 28 42 -6 23 0 0.00 M M 6.5 16 60 M M 0 25 50
8 61 36 49 1 16 0 0.00 M M 8.8 16 90 M M 0 24 90
9 65 36 51 2 14 0 0.00 M M 6.9 15 90 M M 0 27 110
10 69 40 55 6 10 0 0.00 M M 2.9 8 260 M M 0 8 14 240
11 77 37 57 7 8 0 0.00 M M 5.8 17 260 M M 0 28 260
12 80 52 66 16 0 1 0.00 M M 8.1 20 230 M M 0 30 230
13 81 47 64 14 1 0 0.00 M M 3.0 12 170 M M 0 17 180
14 79 47 63 12 2 0 T M M 2.8 14 150 M M 4 8 22 140
15 81 57 69 18 0 4 T M M 5.9 20 240 M M 1 33 250
16 63 37 50 -1 15 0 0.02 M M 12.9 26 260 M M 9 1 46 280
17 43 32 38 -14 27 0 T M M 13.3 28 280 M M 8 46 260
18 60 27 44 -8 21 0 0.00 M M 5.4 17 280 M M 0 1 25 270
19 81 41 61 9 4 0 0.00 M M 10.5 21 200 M M 0 35 180
20 83 59 71 18 0 6 0.78 M M 11.0 26 210 M M 7 13 46 170
21 61 47 54 1 11 0 0.03 M M 4.5 21 300 M M 5 33 310
22 50 36 43 -11 22 0 0.03 M M 10.5 24 260 M M 7 34 280
23 44 32 38 -16 27 0 0.00 M M 10.0 16 320 M M 8 23 290
24 56 27 42 -12 23 0 0.00 M M 5.4 18 290 M M 5 28 280
25 60 39 50 -4 15 0 T M M 7.1 16 10 M M 7 23 200
26 57 29 43 -12 22 0 0.00 M M 7.0 15 20 M M 1 24 350
27 65 36 51 -4 14 0 0.00 M M 8.1 15 100 M M 0 21 110
28 61 43 52 -4 13 0 M M M 9.6 22 360 M M 9 1 31 10
29 71 38 55 -1 10 0 0.04 M M 7.2 28 290 M M 3 40 290
30 52 40 46 -10 19 0 M M M 12.5 29 280 M M 7 1 41 290
================================================================================
SM 1948 1174 393 11 1.20 M 237.8 M 103
================================================================================
AV 64.9 39.1 7.9 FASTST M M 3 MAX(MPH)
MISC ----> 38 270 53 240
================================================================================
NOTES:
# LAST OF SEVERAL OCCURRENCES
COLUMN 17 PEAK WIND IN M.P.H.
PRELIMINARY LOCAL CLIMATOLOGICAL DATA (WS FORM: F-6) , PAGE 2
STATION: LAFAYETTE IN
MONTH: APRIL
YEAR: 2023
LATITUDE: 40 25 N
LONGITUDE: 86 56 W
[TEMPERATURE DATA] [PRECIPITATION DATA] SYMBOLS USED IN COLUMN 16
AVERAGE MONTHLY: 52.0 TOTAL FOR MONTH: 1.20 1 = FOG OR MIST
DPTR FM NORMAL: 0.9 DPTR FM NORMAL: -2.64 2 = FOG REDUCING VISIBILITY
HIGHEST: 83 ON 20 GRTST 24HR 0.78 ON 20-20 TO 1/4 MILE OR LESS
LOWEST: 27 ON 24,18 3 = THUNDER
SNOW, ICE PELLETS, HAIL 4 = ICE PELLETS
TOTAL MONTH: M 5 = HAIL
GRTST 24HR M ON M 6 = FREEZING RAIN OR DRIZZLE
GRTST DEPTH: M ON M 7 = DUSTSTORM OR SANDSTORM:
VSBY 1/2 MILE OR LESS
8 = SMOKE OR HAZE
[NO. OF DAYS WITH] [WEATHER - DAYS WITH] 9 = BLOWING SNOW
X = TORNADO
MAX 32 OR BELOW: 0 0.01 INCH OR MORE: 6
MAX 90 OR ABOVE: 0 0.10 INCH OR MORE: 2
MIN 32 OR BELOW: 7 0.50 INCH OR MORE: 1
MIN 0 OR BELOW: 0 1.00 INCH OR MORE: 0
[HDD (BASE 65) ]
TOTAL THIS MO. 393 CLEAR (SCALE 0-3) 15
DPTR FM NORMAL -32 PTCLDY (SCALE 4-7) 11
TOTAL FM JUL 1 5003 CLOUDY (SCALE 8-10) 4
DPTR FM NORMAL -628
[CDD (BASE 65) ]
TOTAL THIS MO. 11
DPTR FM NORMAL 3 [PRESSURE DATA]
TOTAL FM JAN 1 11 HIGHEST SLP M ON M
DPTR FM NORMAL 1 LOWEST SLP 29.33 ON 1
[REMARKS]
#FINAL-04-23#