000
CXUS52 KTBW 031523
CF6LAL
PRELIMINARY LOCAL CLIMATOLOGICAL DATA (WS FORM: F-6)
STATION: LAKELAND LINDER
MONTH: AUGUST
YEAR: 2023
LATITUDE: 28 0 N
LONGITUDE: 82 3 W
TEMPERATURE IN F: :PCPN: SNOW: WIND :SUNSHINE: SKY :PK WND
================================================================================
1 2 3 4 5 6A 6B 7 8 9 10 11 12 13 14 15 16 17 18
12Z AVG MX 2MIN
DY MAX MIN AVG DEP HDD CDD WTR SNW DPTH SPD SPD DIR MIN PSBL S-S WX SPD DR
================================================================================
1 91 74 83 -1 0 18 0.05 0.0 0 2.1 18 320 M M 2 3 28 320
2 94 77 86 2 0 21 0.38 0.0 0 4.7 24 170 M M 3 3 29 170
3 94 76 85 1 0 20 0.58 0.0 0 5.5 13 60 M M 3 3 16 60
4 96 77 87 3 0 22 0.00 0.0 0 3.3 9 20 M M 3 M M
5 94 78 86 2 0 21 0.00 0.0 0 2.2 12 360 M M 1 3 M M
6 95 79 87 3 0 22 0.00 0.0 0 3.1 13 330 M M 1 18 330
7 99 80 90 6 0 25 0.00 0.0 0 4.1 14 300 M M 2 18 300
8 99 81 90 6 0 25 0.00 0.0 0 4.2 10 290 M M 1 16 310
9 98 80 89 5 0 24 0.00 0.0 0 3.1 9 290 M M 2 16 360
10 98 81 90 6 0 25 0.00 0.0 0 4.1 15 280 M M 2 16 280
11 98 80 89 5 0 24 0.00 0.0 0 2.7 10 320 M M 2 M M
12 99 81 90 6 0 25 0.00 0.0 0 3.7 17 50 M M 3 22 50
13 97 77 87 3 0 22 0.05 0.0 0 4.7 16 180 M M 2 3 23 180
14 96 79 88 4 0 23 0.17 0.0 0 5.3 12 220 M M 2 3 16 220
15 98 79 89 5 0 24 0.00 0.0 0 4.3 9 250 M M 2 18 250
16 96 78 87 3 0 22 0.00 0.0 0 4.3 14 190 M M 2 23 220
17 91 76 84 0 0 19 0.89 0.0 0 4.8 18 220 M M 3 3 24 220
18 92 75 84 0 0 19 1.34 0.0 0 3.0 9 290 M M 3 3 M M
19 95 75 85 1 0 20 0.07 0.0 0 5.0 13 110 M M 1 3 16 110
20 93 73 83 -1 0 18 0.90 0.0 0 7.1 38 120 M M 3 13 46 120
21 93 73 83 -1 0 18 0.00 0.0 0 10.4 17 70 M M 2 22 70
22 94 76 85 1 0 20 0.00 0.0 0 6.8 10 70 M M 1 18 60
23 94 76 85 1 0 20 0.00 0.0 0 3.8 12 40 M M 2 17 40
24 93 78 86 2 0 21 0.13 0.0 0 8.0 16 60 M M 3 3 20 60
25 94 74 84 0 0 19 0.00 0.0 0 5.6 12 50 M M 2 17 50
26 94 77 86 2 0 21 0.00 0.0 0 4.8 10 90 M M 2 16 90
27 94 76 85 1 0 20 0.00 0.0 0 4.7 12 50 M M 3 M M
28 95 78 87 3 0 22 0.01 0.0 0 5.5 16 210 M M 3 23 210
29 94 80 87 3 0 22 0.01 0.0 0 7.9 20 130 M M 3 3 25 130
30 84 77 81 -2 0 16 1.55 0.0 0 13.7 23 190 M M 7 3 35 170
31 90 77 84 1 0 19 0.40 0.0 0 2.0 17 170 M M 4 3 21 170
================================================================================
SM 2932 2398 0 657 6.53 0.0 154.5 M 75
================================================================================
AV 94.6 77.4 5.0 FASTST M M 2 MAX(MPH)
MISC ----> 38 120 46 120
================================================================================
NOTES:
# LAST OF SEVERAL OCCURRENCES
COLUMN 17 PEAK WIND IN M.P.H.
PRELIMINARY LOCAL CLIMATOLOGICAL DATA (WS FORM: F-6) , PAGE 2
STATION: LAKELAND LINDER
MONTH: AUGUST
YEAR: 2023
LATITUDE: 28 0 N
LONGITUDE: 82 3 W
[TEMPERATURE DATA] [PRECIPITATION DATA] SYMBOLS USED IN COLUMN 16
AVERAGE MONTHLY: 86.0 TOTAL FOR MONTH: 6.53 1 = FOG OR MIST
DPTR FM NORMAL: 2.7 DPTR FM NORMAL: -2.55 2 = FOG REDUCING VISIBILITY
HIGHEST: 99 ON 12, 8 GRTST 24HR 1.55 ON 30-30 TO 1/4 MILE OR LESS
LOWEST: 73 ON 21,20 3 = THUNDER
SNOW, ICE PELLETS, HAIL 4 = ICE PELLETS
TOTAL MONTH: 0.0 INCH 5 = HAIL
GRTST 24HR 0.0 6 = FREEZING RAIN OR DRIZZLE
GRTST DEPTH: 0 7 = DUSTSTORM OR SANDSTORM:
VSBY 1/2 MILE OR LESS
8 = SMOKE OR HAZE
[NO. OF DAYS WITH] [WEATHER - DAYS WITH] 9 = BLOWING SNOW
X = TORNADO
MAX 32 OR BELOW: 0 0.01 INCH OR MORE: 14
MAX 90 OR ABOVE: 30 0.10 INCH OR MORE: 9
MIN 32 OR BELOW: 0 0.50 INCH OR MORE: 5
MIN 0 OR BELOW: 0 1.00 INCH OR MORE: 2
[HDD (BASE 65) ]
TOTAL THIS MO. 0 CLEAR (SCALE 0-3) 26
DPTR FM NORMAL 0 PTCLDY (SCALE 4-7) 5
TOTAL FM JUL 1 0 CLOUDY (SCALE 8-10) 0
DPTR FM NORMAL 0
[CDD (BASE 65) ]
TOTAL THIS MO. 657
DPTR FM NORMAL 79 [PRESSURE DATA]
TOTAL FM JAN 1 3171 HIGHEST SLP M ON M
DPTR FM NORMAL 557 LOWEST SLP M ON M
[REMARKS]
#FINAL-08-23#