000
CXUS53 KGRR 061908
CLSLAN
WRKCLSLAN 000
TTAA00 GRR 061906
CLIMATE REPORT
NATIONAL WEATHER SERVICE GRAND RAPIDS, MICHIGAN
159 PM EST TUE DEC 06 2022
...................................
...THE LANSING CLIMATE SUMMARY FOR THE SEASON, FROM
9/1/2022 TO 11/30/2022...
CLIMATE NORMAL PERIOD: 1991 TO 2020
CLIMATE RECORD PERIOD: 1864 TO 2022
WEATHER OBSERVED NORMAL DEPART LAST YEAR`S
VALUE DATE(S) VALUE FROM VALUE DATE(S)
NORMAL
................................................................
TEMPERATURE (F)
RECORD
HIGH 99 09/02/1894
LOW -5 11/26/1949
HIGHEST 87 09/03 88 -1 88 09/14
LOWEST 15 11/20 14 1 19 11/23
AVG. MAXIMUM 62.4 60.4 2.0 62.9
AVG. MINIMUM 42.9 41.5 1.4 45.4
MEAN 52.7 50.9 1.8 54.2
DAYS MAX >= 90 0 0.6 -0.6 0
DAYS MAX <= 32 3 2.6 0.4 2
DAYS MIN <= 32 15 24.5 -9.5 20
DAYS MIN <= 0 0 0.0 0.0 0
PRECIPITATION (INCHES)
RECORD
MAXIMUM 14.98 1990
MINIMUM 2.05 1956
TOTALS 5.08 8.43 -3.35 10.13
DAILY AVG. 0.06 0.09 -0.03 0.11
DAYS >= .01 32 34.0 -2.0 36
DAYS >= .10 15 17.2 -2.2 20
DAYS >= .50 2 5.2 -3.2 8
DAYS >= 1.00 0 1.7 -1.7 2
GREATEST
24 HR. TOTAL 1.05 09/20 TO 09/21
SNOWFALL (INCHES)
RECORDS
TOTAL 24.0 1869
SNOW DEPTH 14 11/23/1869
11/22/1869
TOTALS 10.1 4.1 6.0 5.7
SINCE 7/1 10.1 4.1 6.0 MM
SNOWDEPTH AVG. 0 0
DAYS >= TRACE 10 4.1 5.9 8
DAYS >= 1.0 4 1.1 2.9 2
GREATEST
SNOW DEPTH 5 11/18 4 11/30
11/19
11/20
DEGREE DAYS
HEATING TOTAL 1195 1352 -157 1072
SINCE 7/1 1199 1383 -184 MM
COOLING TOTAL 95 74 21 110
SINCE 1/1 918 657 261 MM
FREEZE DATES
RECORD
EARLIEST 08/03/1894
LATEST 07/15/1863
EARLIEST 10/27
LATEST 04/28
................................................................
WIND (MPH)
AVERAGE WIND SPEED 8.2
RESULTANT WIND SPEED/DIRECTION 4/230
HIGHEST WIND SPEED/DIRECTION 43/220 DATE 11/05
HIGHEST GUST SPEED/DIRECTION 59/210 DATE 11/05
SKY COVER
POSSIBLE SUNSHINE (PERCENT) MM
AVERAGE SKY COVER 0.44
NUMBER OF DAYS FAIR 43
NUMBER OF DAYS PC 17
NUMBER OF DAYS CLOUDY 31
AVERAGE RH (PERCENT) 69
WEATHER CONDITIONS. NUMBER OF DAYS WITH
THUNDERSTORM 4 MIXED PRECIP 0
HEAVY RAIN 10 RAIN 17
LIGHT RAIN 29 FREEZING RAIN 0
LT FREEZING RAIN 0 HAIL 0
HEAVY SNOW 3 SNOW 4
LIGHT SNOW 8 SLEET 0
FOG 47 FOG W/VIS <= 1/4 MILE 8
HAZE 18
- INDICATES NEGATIVE NUMBERS.
R INDICATES RECORD WAS SET OR TIED.
MM INDICATES DATA IS MISSING.
T INDICATES TRACE AMOUNT.
$$