000
CXUS55 KVEF 010910
CF6LAS
PRELIMINARY LOCAL CLIMATOLOGICAL DATA (WS FORM: F-6)
STATION: LAS VEGAS NV
MONTH: APRIL
YEAR: 2021
LATITUDE: 36 4 N
LONGITUDE: 115 10 W
TEMPERATURE IN F: :PCPN: SNOW: WIND :SUNSHINE: SKY :PK WND
================================================================================
1 2 3 4 5 6A 6B 7 8 9 10 11 12 13 14 15 16 17 18
12Z AVG MX 2MIN
DY MAX MIN AVG DEP HDD CDD WTR SNW DPTH SPD SPD DIR MIN PSBL S-S WX SPD DR
================================================================================
1 77 50 64 1 1 0 0.00 0.0 0 3.6 13 50 M M 6 18 40
2 87 56 72 9 0 7 0.00 0.0 0 2.9 9 90 M M 1 15 60
3 91 60 76 12 0 11 0.00 0.0 0 5.7 15 220 M M 2 22 220
4 91 62 77 13 0 12 0.00 0.0 0 4.9 16 220 M M 5 27 230
5 91 65 78 14 0 13 0.00 0.0 0 12.0 29 270 M M 3 42 240
6 77 60 69 5 0 4 0.00 0.0 0 8.9 24 60 M M 2 32 320
7 87 56 72 7 0 7 0.00 0.0 0 6.1 18 200 M M 5 26 230
8 87 65 76 11 0 11 0.00 0.0 0 8.2 28 340 M M 4 37 350
9 82 64 73 8 0 8 0.00 0.0 0 7.1 21 70 M M 3 26 60
10 87 58 73 8 0 8 0.00 0.0 0 3.2 13 260 M M 1 19 250
11 87 61 74 8 0 9 0.00 0.0 0 3.6 12 280 M M 6 15 270
12 86 64 75 9 0 10 0.00 0.0 0 6.7 15 70 M M 4 20 90
13 84 65 75 9 0 10 0.00 0.0 0 12.3 26 200 M M 3 41 200
14 76 57 67 1 0 2 0.00 0.0 0 13.2 26 180 M M 2 43 180
15 74 55 65 -2 0 0 0.00 0.0 0 8.1 21 330 M M 2 33 310
16 76 57 67 0 0 2 0.00 0.0 0 8.7 26 40 M M 3 33 40
17 73 57 65 -3 0 0 0.00 0.0 0 13.7 25 40 M M 4 33 50
18 78 57 68 0 0 3 0.00 0.0 0 9.5 23 360 M M 1 36 10
19 87 56 72 4 0 7 0.00 0.0 0 7.1 20 270 M M 1 33 240
20 85 64 75 7 0 10 0.00 0.0 M 8.0 16 60 M M 6 23 200
21 78 66 72 3 0 7 0.00 0.0 M 14.2 21 210 M M 3 47 220
22 80 59 70 1 0 5 0.00 0.0 M 5.2 14 240 M M 2 20 230
23 85 60 73 3 0 8 0.00 0.0 0 6.5 17 260 M M 1 26 260
24 87 67 77 7 0 12 0.00 0.0 0 16.2 32 240 M M 6 46 240
25 78 63 71 1 0 6 0.00 0.0 0 16.0 29 230 M M 7 47 220
26 70 56 63 -7 2 0 0.00 0.0 0 12.7 30 230 M M 9 43 220
27 67 52 60 -11 5 0 T 0.0 0 10.8 23 360 M M 6 29 10
28 83 60 72 1 0 7 0.00 0.0 0 12.5 25 350 M M 2 35 340
29 89 62 76 4 0 11 0.00 0.0 0 4.9 12 50 M M 2 18 10
30 97 66 82 10 0 17 0.00 0.0 0 4.0 9 80 M M 5 13 80
================================================================================
SM 2477 1800 8 207 T 0.0 256.5 M 107
================================================================================
AV 82.6 60.0 8.6 FASTST M M 4 MAX(MPH)
MISC ----> 32 240 47 220
================================================================================
NOTES:
# LAST OF SEVERAL OCCURRENCES
COLUMN 17 PEAK WIND IN M.P.H.
PRELIMINARY LOCAL CLIMATOLOGICAL DATA (WS FORM: F-6) , PAGE 2
STATION: LAS VEGAS NV
MONTH: APRIL
YEAR: 2021
LATITUDE: 36 4 N
LONGITUDE: 115 10 W
[TEMPERATURE DATA] [PRECIPITATION DATA] SYMBOLS USED IN COLUMN 16
AVERAGE MONTHLY: 71.3 TOTAL FOR MONTH: T 1 = FOG OR MIST
DPTR FM NORMAL: 4.1 DPTR FM NORMAL: -0.15 2 = FOG REDUCING VISIBILITY
HIGHEST: 97 ON 30 GRTST 24HR T ON 27-27 TO 1/4 MILE OR LESS
LOWEST: 50 ON 1 3 = THUNDER
SNOW, ICE PELLETS, HAIL 4 = ICE PELLETS
TOTAL MONTH: 0.0 INCH 5 = HAIL
GRTST 24HR 0.0 6 = FREEZING RAIN OR DRIZZLE
GRTST DEPTH: 0 7 = DUSTSTORM OR SANDSTORM:
VSBY 1/2 MILE OR LESS
8 = SMOKE OR HAZE
[NO. OF DAYS WITH] [WEATHER - DAYS WITH] 9 = BLOWING SNOW
X = TORNADO
MAX 32 OR BELOW: 0 0.01 INCH OR MORE: 0
MAX 90 OR ABOVE: 4 0.10 INCH OR MORE: 0
MIN 32 OR BELOW: 0 0.50 INCH OR MORE: 0
MIN 0 OR BELOW: 0 1.00 INCH OR MORE: 0
[HDD (BASE 65) ]
TOTAL THIS MO. 8 CLEAR (SCALE 0-3) 16
DPTR FM NORMAL -55 PTCLDY (SCALE 4-7) 13
TOTAL FM JUL 1 1771 CLOUDY (SCALE 8-10) 1
DPTR FM NORMAL -173
[CDD (BASE 65) ]
TOTAL THIS MO. 207
DPTR FM NORMAL 78 [PRESSURE DATA]
TOTAL FM JAN 1 213 HIGHEST SLP M ON M
DPTR FM NORMAL 53 LOWEST SLP 29.44 ON 13
[REMARKS]
#FINAL-04-21#