000
CXUS56 KLOX 011655
CF6LAX
PRELIMINARY LOCAL CLIMATOLOGICAL DATA (WS FORM: F-6)
STATION: LOS ANGELES INTL AIRPORT CA
MONTH: AUGUST
YEAR: 2020
LATITUDE: 33 55 N
LONGITUDE: 118 24 W
TEMPERATURE IN F: :PCPN: SNOW: WIND :SUNSHINE: SKY :PK WND
================================================================================
1 2 3 4 5 6A 6B 7 8 9 10 11 12 13 14 15 16 17 18
12Z AVG MX 2MIN
DY MAX MIN AVG DEP HDD CDD WTR SNW DPTH SPD SPD DIR MIN PSBL S-S WX SPD DR
================================================================================
1 81 61 71 2 0 6 0.00 0.0 0 5.9 14 200 M M 0 1 20 200
2 75 63 69 0 0 4 0.00 0.0 0 5.7 14 270 M M 4 128 19 270
3 73 65 69 0 0 4 0.00 0.0 0 6.7 14 270 M M 5 18 22 260
4 74 64 69 0 0 4 0.00 0.0 0 6.6 16 270 M M 7 18 20 250
5 73 63 68 -1 0 3 0.00 0.0 0 8.2 17 260 M M 7 22 270
6 74 63 69 0 0 4 0.00 0.0 0 7.8 18 270 M M 5 22 220
7 73 61 67 -2 0 2 0.00 0.0 0 7.5 17 280 M M 1 22 270
8 72 62 67 -2 0 2 0.00 0.0 0 8.1 17 260 M M 1 8 22 260
9 71 61 66 -4 0 1 0.00 0.0 0 9.2 18 260 M M 3 22 250
10 71 62 67 -3 0 2 0.00 0.0 0 9.3 21 260 M M 5 24 260
11 69 60 65 -5 0 0 0.00 0.0 0 9.4 18 270 M M 5 22 260
12 73 60 67 -3 0 2 0.00 0.0 0 7.2 16 270 M M 3 1 19 260
13 83 66 75 5 0 10 0.00 0.0 0 6.5 20 260 M M 7 23 260
14 81 68 75 5 0 10 0.00 0.0 0 7.3 16 270 M M 3 22 270
15 87 69 78 8 0 13 0.00 0.0 0 5.7 15 260 M M 3 19 260
16 93 68 81 11 0 16 0.00 0.0 0 7.4 12 270 M M 4 12 21 150
17 78 67 73 3 0 8 0.00 0.0 0 7.0 18 280 M M 5 1 21 270
18 85 69 77 7 0 12 0.00 0.0 0 6.9 16 240 M M 4 18 21 240
19 85 73 79 9 0 14 0.00 0.0 0 6.6 16 250 M M 3 19 230
20 85 72 79 9 0 14 0.00 0.0 0 5.5 16 270 M M 2 19 260
21 81 70 76 6 0 11 0.00 0.0 0 7.0 16 260 M M 5 18 19 260
22 90 70 80 10 0 15 0.00 0.0 0 6.6 15 270 M M 4 18 19 270
23 83 71 77 7 0 12 0.00 0.0 0 8.6 20 260 M M 4 8 23 260
24 74 69 72 2 0 7 0.00 0.0 0 10.4 18 270 M M 8 1 23 270
25 76 67 72 2 0 7 0.00 0.0 0 8.7 21 250 M M 4 1 24 260
26 76 66 71 1 0 6 0.00 0.0 0 8.3 20 270 M M 4 12 22 260
27 79 67 73 3 0 8 0.00 0.0 0 7.0 21 260 M M 1 25 250
28 75 62 69 -1 0 4 0.00 0.0 0 9.1 18 260 M M 2 23 260
29 72 62 67 -3 0 2 0.00 0.0 0 8.4 17 270 M M 5 21 260
30 73 62 68 -2 0 3 0.00 0.0 0 8.3 17 260 M M 5 22 260
31 72 64 68 -2 0 3 0.00 0.0 0 7.9 16 260 M M 6 22 240
================================================================================
SM 2407 2027 0 209 0.00 0.0 234.8 M 125
================================================================================
AV 77.7 65.4 7.6 FASTST M M 4 MAX(MPH)
MISC ----> # 21 260 # 25 250
================================================================================
NOTES:
# LAST OF SEVERAL OCCURRENCES
COLUMN 17 PEAK WIND IN M.P.H.
PRELIMINARY LOCAL CLIMATOLOGICAL DATA (WS FORM: F-6) , PAGE 2
STATION: LOS ANGELES INTL AIRPORT CA
MONTH: AUGUST
YEAR: 2020
LATITUDE: 33 55 N
LONGITUDE: 118 24 W
[TEMPERATURE DATA] [PRECIPITATION DATA] SYMBOLS USED IN COLUMN 16
AVERAGE MONTHLY: 71.5 TOTAL FOR MONTH: 0.00 1 = FOG OR MIST
DPTR FM NORMAL: 1.9 DPTR FM NORMAL: -0.05 2 = FOG REDUCING VISIBILITY
HIGHEST: 93 ON 16 GRTST 24HR 0.00 ON 31-31 TO 1/4 MILE OR LESS
LOWEST: 60 ON 12,11 3 = THUNDER
SNOW, ICE PELLETS, HAIL 4 = ICE PELLETS
TOTAL MONTH: 0.0 INCH 5 = HAIL
GRTST 24HR 0.0 6 = FREEZING RAIN OR DRIZZLE
GRTST DEPTH: 0 7 = DUSTSTORM OR SANDSTORM:
VSBY 1/2 MILE OR LESS
8 = SMOKE OR HAZE
[NO. OF DAYS WITH] [WEATHER - DAYS WITH] 9 = BLOWING SNOW
X = TORNADO
MAX 32 OR BELOW: 0 0.01 INCH OR MORE: 0
MAX 90 OR ABOVE: 2 0.10 INCH OR MORE: 0
MIN 32 OR BELOW: 0 0.50 INCH OR MORE: 0
MIN 0 OR BELOW: 0 1.00 INCH OR MORE: 0
[HDD (BASE 65) ]
TOTAL THIS MO. 0 CLEAR (SCALE 0-3) 10
DPTR FM NORMAL -2 PTCLDY (SCALE 4-7) 21
TOTAL FM JUL 1 2 CLOUDY (SCALE 8-10) 0
DPTR FM NORMAL -2
[CDD (BASE 65) ]
TOTAL THIS MO. 209
DPTR FM NORMAL 64 [PRESSURE DATA]
TOTAL FM JAN 1 524 HIGHEST SLP M ON M
DPTR FM NORMAL 178 LOWEST SLP 29.64 ON 20
[REMARKS]
#FINAL-08-20#