000
CXUS54 KLUB 010730
CF6LBB
PRELIMINARY LOCAL CLIMATOLOGICAL DATA (WS FORM: F-6)
STATION: LUBBOCK
MONTH: APRIL
YEAR: 2021
LATITUDE: 33 39 N
LONGITUDE: 101 49 W
TEMPERATURE IN F: :PCPN: SNOW: WIND :SUNSHINE: SKY :PK WND
================================================================================
1 2 3 4 5 6A 6B 7 8 9 10 11 12 13 14 15 16 17 18
12Z AVG MX 2MIN
DY MAX MIN AVG DEP HDD CDD WTR SNW DPTH SPD SPD DIR MIN PSBL S-S WX SPD DR
================================================================================
1 66 35 51 -5 14 0 0.00 0.0 0 11.1 24 190 M M 3 32 190
2 71 42 57 1 8 0 0.00 0.0 0 15.1 26 180 M M 5 33 180
3 74 43 59 2 6 0 0.00 0.0 0 10.0 18 130 M M 3 23 140
4 74 54 64 7 1 0 0.00 0.0 0 13.4 23 200 M M 5 29 190
5 82 57 70 13 0 5 0.00 0.0 0 19.9 32 180 M M 7 41 170
6 89 58 74 16 0 9 0.00 0.0 0 17.9 29 180 M M 3 35 180
7 75 42 59 1 6 0 0.00 0.0 0 11.0 28 360 M M 0 8 33 350
8 82 41 62 4 3 0 0.00 0.0 0 8.6 18 140 M M 3 22 150
9 84 47 66 8 0 1 0.00 0.0 0 17.5 36 20 M M 3 45 350
10 72 35 54 -5 11 0 0.00 0.0 0 8.4 18 220 M M 1 21 250
11 87 47 67 8 0 2 0.00 0.0 0 11.4 23 330 M M 3 30 320
12 68 48 58 -1 7 0 0.00 0.0 0 16.8 32 50 M M 6 41 50
13 67 40 54 -6 11 0 T 0.0 0 14.9 23 120 M M 6 3 27 60
14 51 46 49 -11 16 0 0.01 0.0 0 12.7 18 70 M M 10 18 23 70
15 50 45 48 -12 17 0 0.10 0.0 0 12.9 18 110 M M 10 1 23 70
16 61 42 52 -9 13 0 0.03 0.0 0 14.4 26 30 M M 9 1 33 30
17 57 38 48 -13 17 0 0.00 0.0 0 11.8 20 20 M M 8 24 20
18 66 34 50 -11 15 0 0.00 0.0 0 5.5 15 20 M M 5 20 360
19 73 36 55 -7 10 0 0.00 0.0 0 11.1 23 190 M M 3 34 210
20 58 33 46 -16 19 0 0.00 0.0 0 16.1 31 20 M M 3 38 20
21 57 28 43 -19 22 0 0.00 0.0 0 13.2 23 130 M M 5 28 130
22 66 44 55 -8 10 0 0.00 0.0 0 17.6 25 140 M M 9 29 130
23 82 53 68 5 0 3 0.00 0.0 0 16.6 40 280 M M 6 48 280
24 77 45 61 -2 4 0 0.00 0.0 0 11.2 21 140 M M 1 26 140
25 92 51 72 8 0 7 0.00 0.0 0 19.4 31 200 M M 3 40 190
26 90 63 77 13 0 12 0.00 0.0 0 18.2 33 240 M M 9 41 240
27 89 64 77 13 0 12 T 0.0 0 10.7 21 200 M M 7 8 26 200
28 74 55 65 1 0 0 T 0.0 0 15.4 29 30 M M 7 12 36 20
29 72 52 62 -3 3 0 0.04 0.0 0 14.6 25 30 M M 9 33 30
30 75 53 64 -1 1 0 0.01 0.0 M 9.5 22 70 M M 8 28 70
================================================================================
SM 2181 1371 214 51 0.19 0.0 406.9 M 160
================================================================================
AV 72.7 45.7 13.6 FASTST M M 5 MAX(MPH)
MISC ----> 40 280 48 280
================================================================================
NOTES:
# LAST OF SEVERAL OCCURRENCES
COLUMN 17 PEAK WIND IN M.P.H.
PRELIMINARY LOCAL CLIMATOLOGICAL DATA (WS FORM: F-6) , PAGE 2
STATION: LUBBOCK
MONTH: APRIL
YEAR: 2021
LATITUDE: 33 39 N
LONGITUDE: 101 49 W
[TEMPERATURE DATA] [PRECIPITATION DATA] SYMBOLS USED IN COLUMN 16
AVERAGE MONTHLY: 59.2 TOTAL FOR MONTH: 0.19 1 = FOG OR MIST
DPTR FM NORMAL: -1.3 DPTR FM NORMAL: -1.22 2 = FOG REDUCING VISIBILITY
HIGHEST: 92 ON 25 GRTST 24HR 0.12 ON 15-16 TO 1/4 MILE OR LESS
LOWEST: 28 ON 21 3 = THUNDER
SNOW, ICE PELLETS, HAIL 4 = ICE PELLETS
TOTAL MONTH: 0.0 INCH 5 = HAIL
GRTST 24HR 0.0 6 = FREEZING RAIN OR DRIZZLE
GRTST DEPTH: 0 7 = DUSTSTORM OR SANDSTORM:
VSBY 1/2 MILE OR LESS
8 = SMOKE OR HAZE
[NO. OF DAYS WITH] [WEATHER - DAYS WITH] 9 = BLOWING SNOW
X = TORNADO
MAX 32 OR BELOW: 0 0.01 INCH OR MORE: 5
MAX 90 OR ABOVE: 2 0.10 INCH OR MORE: 1
MIN 32 OR BELOW: 1 0.50 INCH OR MORE: 0
MIN 0 OR BELOW: 0 1.00 INCH OR MORE: 0
[HDD (BASE 65) ]
TOTAL THIS MO. 214 CLEAR (SCALE 0-3) 8
DPTR FM NORMAL 31 PTCLDY (SCALE 4-7) 15
TOTAL FM JUL 1 3376 CLOUDY (SCALE 8-10) 7
DPTR FM NORMAL 40
[CDD (BASE 65) ]
TOTAL THIS MO. 51
DPTR FM NORMAL 2 [PRESSURE DATA]
TOTAL FM JAN 1 56 HIGHEST SLP M ON M
DPTR FM NORMAL 0 LOWEST SLP 29.44 ON 6
[REMARKS]
#FINAL-04-21#