000
CXUS52 KILM 021234
CF6LBT
PRELIMINARY LOCAL CLIMATOLOGICAL DATA (WS FORM: F-6)
STATION: LUMBERTON NORTH CAROLINA
MONTH: JANUARY
YEAR: 2023
LATITUDE: 34 35 N
LONGITUDE: 79 4 W
TEMPERATURE IN F: :PCPN: SNOW: WIND :SUNSHINE: SKY :PK WND
================================================================================
1 2 3 4 5 6A 6B 7 8 9 10 11 12 13 14 15 16 17 18
12Z AVG MX 2MIN
DY MAX MIN AVG DEP HDD CDD WTR SNW DPTH SPD SPD DIR MIN PSBL S-S WX SPD DR
================================================================================
1 69 46 58 13 7 0 0.00 M M 5.0 14 280 M M 4 12 19 280
2 68 44 56 11 9 0 0.00 M M 1.4 8 230 M M 6 12 10 210
3 75 49 62 17 3 0 0.00 M M 4.9 15 230 M M 3 12 20 240
4 76 61 69 24 0 4 0.61 M M 8.3 33 270 M M 5 1 45 260
5 67 50 59 14 6 0 0.00 M M 8.0 18 240 M M 1 1 23 250
6 59 36 48 3 17 0 0.00 M M 4.9 16 330 M M 0 19 320
7 58 35 47 2 18 0 0.00 M M 2.3 13 20 M M 0 14 20
8 55 36 46 1 19 0 0.00 M M 3.5 9 60 M M 4 11 140
9 56 32 44 -1 21 0 0.08 M M 5.6 16 340 M M 4 12 21 350
10 59 31 45 0 20 0 0.00 M M 2.0 14 250 M M M 1 17 240
11 64 32 48 3 17 0 0.00 M M 3.3 12 140 M M 4 1 16 150
12 72 46 59 14 6 0 0.03 M M 7.8 20 260 M M 6 25 250
13 60 43 52 7 13 0 0.05 M M 12.9 21 320 M M 8 25 330
14 46 34 40 -5 25 0 0.00 M M 12.9 21 320 M M 7 28 310
15 52 27 40 -5 25 0 0.00 M M 5.8 14 320 M M M 19 320
16 57 25 41 -4 24 0 0.00 M M 1.2 7 240 M M M 10 210
17 59 45 52 7 13 0 0.04 M M 6.9 17 230 M M 6 1 22 210
18 68 51 60 15 5 0 0.00 M M 5.2 13 270 M M 6 17 260
19 74 50 62 17 3 0 0.00 M M 10.3 25 240 M M 4 1 34 240
20 66 41 54 9 11 0 0.00 M M 9.4 22 250 M M 0 30 250
21 50 37 44 -1 21 0 0.00 M M 4.7 14 10 M M 0 17 10
22 52 41 47 2 18 0 1.83 M M 5.6 17 40 M M 9 1 19 40
23 57 38 48 3 17 0 0.03 M M 11.5 21 310 M M 7 1 28 320
24 55 27 41 -4 24 0 0.00 M M 1.8 8 200 M M 0 13 210
25 69 34 52 7 13 0 1.29 M M 9.9 25 240 M M 8 1 34 240
26 62 41 52 7 13 0 0.00 M M 11.5 29 280 M M 2 37 270
27 51 30 41 -4 24 0 0.00 M M 3.2 14 260 M M 0 16 300
28 59 28 44 -1 21 0 0.00 M M 2.1 10 190 M M 0 14 190
29 63 30 47 1 18 0 0.11 M M 1.5 8 120 M M 5 1 12 190
30 61 49 55 9 10 0 0.12 M M 1.9 8 330 M M 9 12 12 10
31 63 47 55 9 10 0 T M M 1.3 7 210 M M 10 12 10 240
================================================================================
SM 1902 1216 451 4 4.19 M 176.6 M 118
================================================================================
AV 61.4 39.2 5.7 FASTST M M 4 MAX(MPH)
MISC ----> 33 270 45 260
================================================================================
NOTES:
# LAST OF SEVERAL OCCURRENCES
COLUMN 17 PEAK WIND IN M.P.H.
PRELIMINARY LOCAL CLIMATOLOGICAL DATA (WS FORM: F-6) , PAGE 2
STATION: LUMBERTON NORTH CAROLINA
MONTH: JANUARY
YEAR: 2023
LATITUDE: 34 35 N
LONGITUDE: 79 4 W
[TEMPERATURE DATA] [PRECIPITATION DATA] SYMBOLS USED IN COLUMN 16
AVERAGE MONTHLY: 50.3 TOTAL FOR MONTH: 4.19 1 = FOG OR MIST
DPTR FM NORMAL: 5.4 DPTR FM NORMAL: 1.64 2 = FOG REDUCING VISIBILITY
HIGHEST: 76 ON 4 GRTST 24HR 1.83 ON 22-22 TO 1/4 MILE OR LESS
LOWEST: 25 ON 16 3 = THUNDER
SNOW, ICE PELLETS, HAIL 4 = ICE PELLETS
TOTAL MONTH: M 5 = HAIL
GRTST 24HR M ON M 6 = FREEZING RAIN OR DRIZZLE
GRTST DEPTH: M ON M 7 = DUSTSTORM OR SANDSTORM:
VSBY 1/2 MILE OR LESS
8 = SMOKE OR HAZE
[NO. OF DAYS WITH] [WEATHER - DAYS WITH] 9 = BLOWING SNOW
X = TORNADO
MAX 32 OR BELOW: 0 0.01 INCH OR MORE: 10
MAX 90 OR ABOVE: 0 0.10 INCH OR MORE: 5
MIN 32 OR BELOW: 9 0.50 INCH OR MORE: 3
MIN 0 OR BELOW: 0 1.00 INCH OR MORE: 2
[HDD (BASE 65) ]
TOTAL THIS MO. 451 CLEAR (SCALE 0-3) 9
DPTR FM NORMAL -172 PTCLDY (SCALE 4-7) 16
TOTAL FM JUL 1 1391 CLOUDY (SCALE 8-10) 6
DPTR FM NORMAL -230
[CDD (BASE 65) ]
TOTAL THIS MO. 4
DPTR FM NORMAL 2 [PRESSURE DATA]
TOTAL FM JAN 1 4 HIGHEST SLP 30.46 ON 28
DPTR FM NORMAL 2 LOWEST SLP 29.67 ON 13
[REMARKS]
#FINAL-01-23#
CORRECTED/FILLED IN MISSING WIND/SUPPLEMENTARY CLIMATE INFORMATION ON MULTIPLE DATES THROUGHOUT THE MONTH