252
CXUS52 KILM 030131
CF6LBT
PRELIMINARY LOCAL CLIMATOLOGICAL DATA (WS FORM: F-6)
STATION: LUMBERTON NORTH CAROLINA
MONTH: JANUARY
YEAR: 2021
LATITUDE: 34 35 N
LONGITUDE: 79 4 W
TEMPERATURE IN F: :PCPN: SNOW: WIND :SUNSHINE: SKY :PK WND
================================================================================
1 2 3 4 5 6A 6B 7 8 9 10 11 12 13 14 15 16 17 18
12Z AVG MX 2MIN
DY MAX MIN AVG DEP HDD CDD WTR SNW DPTH SPD SPD DIR MIN PSBL S-S WX SPD DR
================================================================================
1 58 50 54 10 11 0 0.60 M M M M M M M M M M
2 62 52 57 13 8 0 0.69 M M M M M M M M M M
3 67 52 60 17 5 0 0.28 M M M M M M M M M M
4 55 38 47 4 18 0 0.00 M M M M M M M M M M
5 53 36 45 2 20 0 0.04 M M M M M M M M M M
6 52 33 43 0 22 0 0.00 M M M M M M M M M M
7 52 30 41 -2 24 0 0.05 M M M M M M M M M M
8 45 36 41 -2 24 0 1.19 M M M M M M M M M M
9 51 34 43 0 22 0 0.00 M M M M M M M M M M
10 55 29 42 -1 23 0 0.00 M M M M M M M M M M
11 47 30 39 -4 26 0 0.10 M M M M M M M M M M
12 55 38 47 4 18 0 0.37 M M M M M M M M M M
13 52 36 44 1 21 0 0.00 M M M M M M M M M M
14 56 37 47 4 18 0 0.00 M M M M M M M M M M
15 56 36 46 3 19 0 0.61 M M M M M M M M M M
16 48 37 43 0 22 0 0.01 M M M M M M M M M M
17 49 30 40 -3 25 0 0.00 M M M M M M M M M M
18 54 35 45 2 20 0 0.00 M M M M M M M M M M
19 60 29 45 2 20 0 0.00 M M M M M M M M M M
20 61 33 47 4 18 0 0.00 M M M M M M M M M M
21 54 36 45 2 20 0 0.00 M M M M M M M M M M
22 59 37 48 4 17 0 0.00 M M M M M M M M M M
23 53 28 41 -3 24 0 0.00 M M M M M M M M M M
24 56 27 42 -2 23 0 0.00 M M M M M M M M M M
25 49 43 46 2 19 0 0.46 M M M M M M M M M M
26 57 49 53 9 12 0 0.16 M M M M M M M M M M
27 56 50 53 9 12 0 0.33 M M M M M M M M M M
28 50 33 42 -2 23 0 0.39 M M M M M M M M M M
29 45 28 37 -7 28 0 0.00 M M M M M M M M M M
30 50 26 38 -6 27 0 0.00 M M M M M M M M M M
31 54 40 47 3 18 0 0.79 M M M M M M M M M M
================================================================================
SM 1671 1128 607 0 6.07 M M M M
================================================================================
AV 53.9 36.4 M FASTST M M M MAX(MPH)
MISC ----> M M M M
================================================================================
NOTES:
# LAST OF SEVERAL OCCURRENCES
COLUMN 17 PEAK WIND IN M.P.H.
PRELIMINARY LOCAL CLIMATOLOGICAL DATA (WS FORM: F-6) , PAGE 2
STATION: LUMBERTON NORTH CAROLINA
MONTH: JANUARY
YEAR: 2021
LATITUDE: 34 35 N
LONGITUDE: 79 4 W
[TEMPERATURE DATA] [PRECIPITATION DATA] SYMBOLS USED IN COLUMN 16
AVERAGE MONTHLY: 45.1 TOTAL FOR MONTH: 6.07 1 = FOG OR MIST
DPTR FM NORMAL: 1.7 DPTR FM NORMAL: 3.10 2 = FOG REDUCING VISIBILITY
HIGHEST: 67 ON 3 GRTST 24HR 1.19 ON 8- 8 TO 1/4 MILE OR LESS
LOWEST: 26 ON 30 3 = THUNDER
SNOW, ICE PELLETS, HAIL 4 = ICE PELLETS
TOTAL MONTH: M 5 = HAIL
GRTST 24HR M ON M 6 = FREEZING RAIN OR DRIZZLE
GRTST DEPTH: M ON M 7 = DUSTSTORM OR SANDSTORM:
VSBY 1/2 MILE OR LESS
8 = SMOKE OR HAZE
[NO. OF DAYS WITH] [WEATHER - DAYS WITH] 9 = BLOWING SNOW
X = TORNADO
MAX 32 OR BELOW: 0 0.01 INCH OR MORE: 15
MAX 90 OR ABOVE: 0 0.10 INCH OR MORE: 12
MIN 32 OR BELOW: 9 0.50 INCH OR MORE: 5
MIN 0 OR BELOW: 0 1.00 INCH OR MORE: 1
[HDD (BASE 65) ]
TOTAL THIS MO. 607 CLEAR (SCALE 0-3) 0
DPTR FM NORMAL -62 PTCLDY (SCALE 4-7) 0
TOTAL FM JUL 1 1435 CLOUDY (SCALE 8-10) 31
DPTR FM NORMAL -287
[CDD (BASE 65) ]
TOTAL THIS MO. 0
DPTR FM NORMAL -1 [PRESSURE DATA]
TOTAL FM JAN 1 0 HIGHEST SLP M ON M
DPTR FM NORMAL -1 LOWEST SLP M ON M
[REMARKS]
#FINAL-01-21#
CORRECTED LOW TEMP ON JAN 22 AND HIGH TEMP ON JAN 28