000
CXUS52 KILM 021024
CLMLBT
CLIMATE REPORT
NATIONAL WEATHER SERVICE WILMINGTON NC
524 AM EST SAT DEC 02 2023
...................................
...THE LUMBERTON NORTH CAROLINA CLIMATE SUMMARY FOR THE MONTH OF NOVEMBER 2023...
CLIMATE NORMAL PERIOD 1991 TO 2020
CLIMATE RECORD PERIOD 1903 TO 2023
WEATHER OBSERVED NORMAL DEPART LAST YEAR`S
VALUE DATE(S) VALUE FROM VALUE DATE(S)
NORMAL
................................................................
TEMPERATURE (F)
RECORD
HIGH 87 11/03/1974
LOW 12 11/26/1950
HIGHEST 83 11/09 MM MM 86
LOWEST 26 11/03 MM MM 25
11/29
AVG. MAXIMUM 66.5 65.9 0.6 69.4
AVG. MINIMUM 41.4 42.4 -1.0 46.8
MEAN 54.0 54.1 -0.1 58.1
DAYS MAX >= 90 0 0.0 0.0 0
DAYS MAX <= 32 0 0.0 0.0 0
DAYS MIN <= 32 6 6.2 -0.2 4
DAYS MIN <= 0 0 0.0 0.0 0
PRECIPITATION (INCHES)
RECORD
MAXIMUM 8.53 1947
MINIMUM 0.11 2007
TOTALS 2.65 2.95 -0.30
DAILY AVG. 0.09 0.10 -0.01
DAYS >= .01 5 7.9 -2.9
DAYS >= .10 5 4.3 0.7
DAYS >= .50 1 2.0 -1.0
DAYS >= 1.00 1 0.9 0.1
GREATEST
24 HR. TOTAL 1.97 11/21 TO 11/22 0.63 11/10 TO 11/11
STORM TOTAL 1.72
(MM/DD(HH))
DEGREE DAYS
HEATING TOTAL 331 339 -8 251
SINCE 7/1 427 456 -29
COOLING TOTAL 9 14 -5 53
SINCE 1/1 1984 2084 -100
FREEZE DATES
RECORD
EARLIEST 10/03/1981
LATEST 05/10/1980
EARLIEST 11/01 MM
LATEST 03/21
................................................................
WIND (MPH)
AVERAGE WIND SPEED 5.2
RESULTANT WIND SPEED/DIRECTION 2/020
HIGHEST WIND SPEED/DIRECTION 24/020 DATE 11/10
HIGHEST GUST SPEED/DIRECTION 32/360 DATE 11/01
SKY COVER
AVERAGE SKY COVER 0.23
AVERAGE RH (PERCENT) 69
WEATHER CONDITIONS. NUMBER OF DAYS WITH
THUNDERSTORM 1 MIXED PRECIP MM
HEAVY RAIN 1 RAIN 5
LIGHT RAIN 8 FREEZING RAIN 0
LT FREEZING RAIN 0 HAIL MM
HEAVY SNOW 0 SNOW 0
LIGHT SNOW 0 SLEET MM
FOG 4 FOG W/VIS <= 1/4 MILE 0
HAZE 4
- INDICATES NEGATIVE NUMBERS.
R INDICATES RECORD WAS SET OR TIED.
MM INDICATES DATA IS MISSING.
T INDICATES TRACE AMOUNT.
$$