000
CXUS54 KLCH 010930
CF6LCH
PRELIMINARY LOCAL CLIMATOLOGICAL DATA (WS FORM: F-6)
STATION: LAKE CHARLES
MONTH: NOVEMBER
YEAR: 2021
LATITUDE: 30 7 N
LONGITUDE: 93 13 W
TEMPERATURE IN F: :PCPN: SNOW: WIND :SUNSHINE: SKY :PK WND
================================================================================
1 2 3 4 5 6A 6B 7 8 9 10 11 12 13 14 15 16 17 18
12Z AVG MX 2MIN
DY MAX MIN AVG DEP HDD CDD WTR SNW DPTH SPD SPD DIR MIN PSBL S-S WX SPD DR
================================================================================
1 78 50 64 -2 1 0 0.00 0.0 M 2.6 10 150 M M 0 1 15 80
2 79 53 66 1 0 1 M 0.0 M 5.1 13 60 M M 0 1 16 50
3 71 52 62 -3 3 0 0.11 0.0 M 8.7 18 10 M M 4 1 23 10
4 58 50 54 -11 11 0 0.00 0.0 M 11.7 16 20 M M 7 18 22 10
5 66 43 55 -9 10 0 0.00 0.0 M 8.2 14 30 M M 2 28 360
6 63 43 53 -11 12 0 0.00 0.0 M 5.7 15 70 M M 2 18 18 70
7 70 40 55 -9 10 0 0.00 0.0 M 1.7 8 80 M M 0 1 12 80
8 73 42 58 -5 7 0 0.00 0.0 M 2.5 8 210 M M 0 18 12 240
9 74 45 60 -3 5 0 0.00 0.0 M 2.4 9 130 M M 3 1 11 140
10 80 52 66 3 0 1 0.00 0.0 M 7.5 20 160 M M 4 1 27 150
11 74 51 63 1 2 0 0.29 0.0 M 5.7 29 330 M M 4 128 40 330
12 73 47 60 -2 5 0 0.00 0.0 M 5.5 22 340 M M 4 12 30 20
13 63 42 53 -9 12 0 0.00 0.0 M 7.8 18 350 M M 0 26 340
14 70 40 55 -7 10 0 0.00 0.0 M 2.6 10 210 M M 0 1 16 200
15 77 49 63 2 2 0 0.00 0.0 M 4.9 13 200 M M 2 12 19 200
16 78 55 67 6 0 2 0.00 0.0 M 8.1 17 210 M M 3 12 26 190
17 81 58 70 9 0 5 0.00 0.0 M 7.0 17 180 M M 2 12 25 200
18 71 50 61 0 4 0 0.00 0.0 M 11.4 24 10 M M 7 128 34 10
19 66 44 55 -5 10 0 0.00 0.0 M 9.4 20 50 M M 0 8 26 70
20 74 43 59 -1 6 0 0.00 0.0 M 5.4 10 150 M M 0 1 13 140
21 78 57 68 8 0 3 0.00 0.0 0 6.1 10 150 M M 6 12 15 130
22 71 49 60 0 5 0 0.00 0.0 M 11.4 22 20 M M 3 18 28 30
23 67 42 55 -4 10 0 0.00 0.0 M 8.0 15 130 M M 0 8 20 120
24 76 50 63 4 2 0 0.00 0.0 M 11.7 22 150 M M 1 36 170
25 73 54 64 5 1 0 0.21 0.0 M 9.2 23 350 M M 6 1 33 340
26 60 44 52 -7 13 0 0.00 0.0 M 10.3 18 40 M M 0 27 20
27 57 41 49 -9 16 0 0.37 M M 2.8 10 60 M M 5 1 12 60
28 60 44 52 -6 13 0 0.29 M M 7.3 13 340 M M 9 12 17 340
29 68 42 55 -3 10 0 0.00 0.0 M 2.9 7 310 M M 1 12 9 110
30 71 41 56 -2 9 0 0.00 0.0 M 3.1 10 220 M M 2 12 16 250
================================================================================
SM 2120 1413 189 12 1.27 0.0 196.7 M 77
================================================================================
AV 70.7 47.1 6.6 FASTST M M 3 MAX(MPH)
MISC ----> 29 330 40 330
================================================================================
NOTES:
# LAST OF SEVERAL OCCURRENCES
COLUMN 17 PEAK WIND IN M.P.H.
PRELIMINARY LOCAL CLIMATOLOGICAL DATA (WS FORM: F-6) , PAGE 2
STATION: LAKE CHARLES
MONTH: NOVEMBER
YEAR: 2021
LATITUDE: 30 7 N
LONGITUDE: 93 13 W
[TEMPERATURE DATA] [PRECIPITATION DATA] SYMBOLS USED IN COLUMN 16
AVERAGE MONTHLY: 58.9 TOTAL FOR MONTH: 1.27 1 = FOG OR MIST
DPTR FM NORMAL: -2.5 DPTR FM NORMAL: -2.86 2 = FOG REDUCING VISIBILITY
HIGHEST: 81 ON 17 GRTST 24HR 0.66 ON 27-28 TO 1/4 MILE OR LESS
LOWEST: 40 ON 14, 7 3 = THUNDER
SNOW, ICE PELLETS, HAIL 4 = ICE PELLETS
TOTAL MONTH: 0.0 INCH 5 = HAIL
GRTST 24HR 0.0 6 = FREEZING RAIN OR DRIZZLE
GRTST DEPTH: 0 7 = DUSTSTORM OR SANDSTORM:
VSBY 1/2 MILE OR LESS
8 = SMOKE OR HAZE
[NO. OF DAYS WITH] [WEATHER - DAYS WITH] 9 = BLOWING SNOW
X = TORNADO
MAX 32 OR BELOW: 0 0.01 INCH OR MORE: 5
MAX 90 OR ABOVE: 0 0.10 INCH OR MORE: 5
MIN 32 OR BELOW: 0 0.50 INCH OR MORE: 0
MIN 0 OR BELOW: 0 1.00 INCH OR MORE: 0
[HDD (BASE 65) ]
TOTAL THIS MO. 189 CLEAR (SCALE 0-3) 18
DPTR FM NORMAL 23 PTCLDY (SCALE 4-7) 11
TOTAL FM JUL 1 202 CLOUDY (SCALE 8-10) 1
DPTR FM NORMAL 8
[CDD (BASE 65) ]
TOTAL THIS MO. 12
DPTR FM NORMAL -46 [PRESSURE DATA]
TOTAL FM JAN 1 3033 HIGHEST SLP 30.43 ON 19
DPTR FM NORMAL -7 LOWEST SLP 29.92 ON 11
[REMARKS]
#FINAL-11-21#